208.109.240.82 - - [05/Jun/2026:06:36:33 +0200] "POST /xmlrpc.php HTTP/1.1" 200 258 "-" "Mozilla/5.0 (Windows NT 10.0; Win64; x64) AppleWebKit/537.36 (KHTML, like Gecko) Chrome/133.0.0.0 Safari/537.36 Edg/133.0.0.0"
194.26.192.149 - - [05/Jun/2026:06:36:34 +0200] "GET /gxqhooso.php?Fox=d3wL7 HTTP/1.1" 301 - "www.google.com" "Mozilla/5.0 (Linux; Android 7.0; SM-G892A Bulid/NRD90M; wv) AppleWebKit/537.36 (KHTML, like Gecko) Version/4.0 Chrome/60.0.3112.107 Moblie Safari/537.36"
194.26.192.149 - - [05/Jun/2026:06:36:34 +0200] "GET /wp-content/themes/seotheme/db.php?u HTTP/1.1" 301 - "www.google.com" "Mozlila/5.0 (Linux; Android 7.0; SM-G892A Bulid/NRD90M; wv) AppleWebKit/537.36 (KHTML, like Gecko) Version/4.0 Chrome/60.0.3112.107 Moblie Safari/537.36"
165.22.214.22 - - [05/Jun/2026:06:36:39 +0200] "POST /xmlrpc.php HTTP/1.1" 200 258 "-" "Mozilla/5.0 (Macintosh; Intel Mac OS X 14_7_4) AppleWebKit/537.36 (KHTML, like Gecko) Chrome/133.0.0.0 Safari/537.36"
157.48.195.163 - - [05/Jun/2026:06:36:42 +0200] "POST /xmlrpc.php HTTP/1.1" 405 436 "-" "Jetpack by WordPress.com (Jetpack 13.0; WordPress 6.4)"
50.6.169.131 - - [05/Jun/2026:06:36:42 +0200] "POST /xmlrpc.php HTTP/1.1" 200 258 "-" "Mozilla/5.0 (X11; CrOS x86_64 14541.0.0) AppleWebKit/537.36 (KHTML, like Gecko) Chrome/133.0.0.0 Safari/537.36"
196.130.143.2 - - [05/Jun/2026:06:36:42 +0200] "POST /xmlrpc.php HTTP/1.1" 405 436 "-" "Jetpack by WordPress.com"
157.48.195.163 - - [05/Jun/2026:06:36:53 +0200] "POST /xmlrpc.php HTTP/1.1" 405 436 "-" "Jetpack by WordPress.com (Jetpack 12.1; WordPress 6.3)"
196.130.143.2 - - [05/Jun/2026:06:36:55 +0200] "POST /xmlrpc.php HTTP/1.1" 405 436 "-" "WordPress.com; https://wordpress.com"
157.48.195.163 - - [05/Jun/2026:06:37:03 +0200] "POST /xmlrpc.php HTTP/1.1" 405 436 "-" "WordPress.com; https://wordpress.com"
196.130.143.2 - - [05/Jun/2026:06:37:09 +0200] "POST /xmlrpc.php HTTP/1.1" 405 436 "-" "Jetpack/12.5; WordPress/6.3; http://site30606377.com"
157.48.195.163 - - [05/Jun/2026:06:37:14 +0200] "POST /xmlrpc.php HTTP/1.1" 405 436 "-" "Jetpack by WordPress.com (Jetpack 12.1; WordPress 6.2)"
143.244.182.226 - - [05/Jun/2026:06:37:15 +0200] "POST /xmlrpc.php HTTP/1.1" 200 258 "-" "Mozilla/5.0 (Windows NT 10.0; Win64; x64) AppleWebKit/537.36 (KHTML, like Gecko) Chrome/133.0.0.0 Safari/537.36 Edg/133.0.0.0"
196.130.143.2 - - [05/Jun/2026:06:37:21 +0200] "POST /xmlrpc.php HTTP/1.1" 405 436 "-" "Jetpack by WordPress.com"
157.48.195.163 - - [05/Jun/2026:06:37:25 +0200] "POST /xmlrpc.php HTTP/1.1" 405 436 "-" "Jetpack/13.0; WordPress/6.4; http://site77343655.com"
31.46.241.189 - - [05/Jun/2026:06:37:31 +0200] "-" 408 - "-" "-"
103.142.24.75 - - [05/Jun/2026:06:37:32 +0200] "GET /wp-login.php HTTP/1.1" 200 7533 "-" "Mozilla/5.0 (X11; Linux x86_64) AppleWebKit/537.36 (KHTML, like Gecko) Chrome/133.0.0.0 Safari/537.36"
196.130.143.2 - - [05/Jun/2026:06:37:34 +0200] "POST /xmlrpc.php HTTP/1.1" 405 436 "-" "Jetpack/12.5; WordPress/6.2; http://site85851090.com"
157.48.195.163 - - [05/Jun/2026:06:37:35 +0200] "POST /xmlrpc.php HTTP/1.1" 405 436 "-" "Jetpack by WordPress.com"
157.48.195.163 - - [05/Jun/2026:06:37:46 +0200] "POST /xmlrpc.php HTTP/1.1" 405 436 "-" "Jetpack by WordPress.com"
196.130.143.2 - - [05/Jun/2026:06:37:49 +0200] "POST /xmlrpc.php HTTP/1.1" 405 436 "-" "Jetpack by WordPress.com (Jetpack 13.0; WordPress 6.2)"
157.48.195.163 - - [05/Jun/2026:06:37:57 +0200] "POST /xmlrpc.php HTTP/1.1" 405 436 "-" "Jetpack by WordPress.com (Jetpack 12.1; WordPress 6.1)"
78.142.18.172 - - [05/Jun/2026:06:37:57 +0200] "POST /xmlrpc.php HTTP/1.1" 200 258 "-" "Mozilla/5.0 (X11; Linux i686) AppleWebKit/537.36 (KHTML, like Gecko) Chrome/133.0.0.0 Safari/537.36"
196.130.143.2 - - [05/Jun/2026:06:38:01 +0200] "POST /xmlrpc.php HTTP/1.1" 405 436 "-" "WordPress.com; https://wordpress.com"
157.48.195.163 - - [05/Jun/2026:06:38:08 +0200] "POST /xmlrpc.php HTTP/1.1" 405 436 "-" "Jetpack/12.0; WordPress/6.4; http://site25474032.com"
209.235.136.138 - - [05/Jun/2026:06:38:10 +0200] "GET /wp-login.php HTTP/1.1" 200 7579 "-" "Mozilla/5.0 (Windows NT 10.0) AppleWebKit/537.36 (KHTML, like Gecko) Chrome/133.0.0.0 Safari/537.36"
196.130.143.2 - - [05/Jun/2026:06:38:13 +0200] "POST /xmlrpc.php HTTP/1.1" 405 436 "-" "WordPress.com; https://wordpress.com"
157.48.195.163 - - [05/Jun/2026:06:38:19 +0200] "POST /xmlrpc.php HTTP/1.1" 405 436 "-" "Jetpack by WordPress.com (Jetpack 12.1; WordPress 6.2)"
213.171.208.62 - - [05/Jun/2026:06:38:24 +0200] "GET /wp-login.php HTTP/1.1" 200 7571 "-" "Mozilla/5.0 (Windows NT 10.0; Win64; x64; rv:133.0) Gecko/20100101 Firefox/133.0"
93.185.169.11 - - [05/Jun/2026:06:38:26 +0200] "-" 408 - "-" "-"
196.130.143.2 - - [05/Jun/2026:06:38:26 +0200] "POST /xmlrpc.php HTTP/1.1" 405 436 "-" "Jetpack/13.0; WordPress/6.3; http://site16398274.com"
157.48.195.163 - - [05/Jun/2026:06:38:28 +0200] "POST /xmlrpc.php HTTP/1.1" 405 436 "-" "Jetpack/12.5; WordPress/6.1; http://site64875024.com"
37.76.51.56 - - [05/Jun/2026:06:38:34 +0200] "-" 408 - "-" "-"
37.76.51.56 - - [05/Jun/2026:06:38:35 +0200] "-" 408 - "-" "-"
37.76.51.56 - - [05/Jun/2026:06:38:35 +0200] "-" 408 - "-" "-"
185.167.90.252 - - [05/Jun/2026:06:38:38 +0200] "GET /wp-login.php HTTP/1.1" 200 7488 "-" "Mozilla/5.0 (Windows NT 10.0; Win64; x64) AppleWebKit/537.36 (KHTML, like Gecko) Chrome/120.0.0.0 Safari/537.36"
157.48.195.163 - - [05/Jun/2026:06:38:39 +0200] "POST /xmlrpc.php HTTP/1.1" 405 436 "-" "Jetpack by WordPress.com (Jetpack 12.1; WordPress 6.4)"
178.105.87.245 - - [05/Jun/2026:06:38:40 +0200] "POST /xmlrpc.php HTTP/1.1" 200 258 "-" "Mozilla/5.0 (X11; Linux i686) AppleWebKit/537.36 (KHTML, like Gecko) Chrome/133.0.0.0 Safari/537.36"
196.130.143.2 - - [05/Jun/2026:06:38:40 +0200] "POST /xmlrpc.php HTTP/1.1" 405 436 "-" "Jetpack by WordPress.com"
157.48.195.163 - - [05/Jun/2026:06:38:50 +0200] "POST /xmlrpc.php HTTP/1.1" 405 436 "-" "Jetpack by WordPress.com"
196.130.143.2 - - [05/Jun/2026:06:38:52 +0200] "POST /xmlrpc.php HTTP/1.1" 405 436 "-" "Jetpack by WordPress.com"
157.48.195.163 - - [05/Jun/2026:06:39:01 +0200] "POST /xmlrpc.php HTTP/1.1" 405 436 "-" "WordPress.com; https://wordpress.com"
194.163.139.224 - - [05/Jun/2026:06:39:04 +0200] "GET /wp-login.php HTTP/1.1" 200 7596 "-" "Mozilla/5.0 (Macintosh; Intel Mac OS X 10_15_7) AppleWebKit/537.36 (KHTML, like Gecko) Chrome/133.0.0.0 Safari/537.36"
196.130.143.2 - - [05/Jun/2026:06:39:04 +0200] "POST /xmlrpc.php HTTP/1.1" 405 436 "-" "Jetpack by WordPress.com"
157.48.195.163 - - [05/Jun/2026:06:39:12 +0200] "POST /xmlrpc.php HTTP/1.1" 405 436 "-" "Jetpack by WordPress.com (Jetpack 13.0; WordPress 6.4)"
142.93.215.41 - - [05/Jun/2026:06:39:13 +0200] "POST /xmlrpc.php HTTP/1.1" 200 258 "-" "Mozilla/5.0 (X11; Ubuntu; Linux x86_64) AppleWebKit/537.36 (KHTML, like Gecko) Chrome/133.0.0.0 Safari/537.36"
66.29.156.133 - - [05/Jun/2026:06:39:17 +0200] "POST /xmlrpc.php HTTP/1.1" 200 258 "-" "Mozilla/5.0 (Macintosh; Intel Mac OS X 14_7_4) AppleWebKit/537.36 (KHTML, like Gecko) Chrome/133.0.0.0 Safari/537.36"
196.130.143.2 - - [05/Jun/2026:06:39:17 +0200] "POST /xmlrpc.php HTTP/1.1" 405 436 "-" "Jetpack/12.1; WordPress/6.1; http://site45730191.com"
157.48.195.163 - - [05/Jun/2026:06:39:23 +0200] "POST /xmlrpc.php HTTP/1.1" 405 436 "-" "Jetpack by WordPress.com (Jetpack 12.1; WordPress 6.2)"
78.142.18.172 - - [05/Jun/2026:06:39:28 +0200] "POST /xmlrpc.php HTTP/1.1" 200 258 "-" "Mozilla/5.0 (X11; Linux i686) AppleWebKit/537.36 (KHTML, like Gecko) Chrome/133.0.0.0 Safari/537.36"
196.130.143.2 - - [05/Jun/2026:06:39:30 +0200] "POST /xmlrpc.php HTTP/1.1" 405 436 "-" "Jetpack/13.0; WordPress/6.1; http://site44034985.com"
157.48.195.163 - - [05/Jun/2026:06:39:33 +0200] "POST /xmlrpc.php HTTP/1.1" 405 436 "-" "WordPress.com; https://wordpress.com"
194.26.192.149 - - [05/Jun/2026:06:39:43 +0200] "GET / HTTP/1.1" 301 - "-" "Mozlila/5.0 (Linux; Android 7.0; SM-G892A Bulid/NRD90M; wv) AppleWebKit/537.36 (KHTML, like Gecko) Version/4.0 Chrome/60.0.3112.107 Moblie Safari/537.36"
194.26.192.149 - - [05/Jun/2026:06:39:43 +0200] "POST /wp-plain.php HTTP/1.1" 301 - "www.google.com" "Mozilla/5.0 (Linux; Android 7.0; SM-G892A Bulid/NRD90M; wv) AppleWebKit/537.36 (KHTML, like Gecko) Version/4.0 Chrome/60.0.3112.107 Moblie Safari/537.36"
194.26.192.149 - - [05/Jun/2026:06:39:43 +0200] "GET /wp-content/plugins/fix/up.php HTTP/1.1" 301 - "-" "Mozilla/5.0 (Windows NT 10.0; Win64; x64) AppleWebKit/537.36 (KHTML, like Gecko) Chrome/85.0.4183.102 Safari/537.36"
194.26.192.149 - - [05/Jun/2026:06:39:43 +0200] "GET /wp-content/themes/seotheme/db.php?u HTTP/1.1" 301 - "www.google.com" "Mozlila/5.0 (Linux; Android 7.0; SM-G892A Bulid/NRD90M; wv) AppleWebKit/537.36 (KHTML, like Gecko) Version/4.0 Chrome/60.0.3112.107 Moblie Safari/537.36"
196.130.143.2 - - [05/Jun/2026:06:39:44 +0200] "POST /xmlrpc.php HTTP/1.1" 405 436 "-" "WordPress.com; https://wordpress.com"
157.48.195.163 - - [05/Jun/2026:06:39:44 +0200] "POST /xmlrpc.php HTTP/1.1" 405 436 "-" "Jetpack/12.1; WordPress/6.4; http://site96680884.com"
194.26.192.149 - - [05/Jun/2026:06:39:46 +0200] "GET /hzwkryvv.php?Fox=d3wL7 HTTP/1.1" 301 - "www.google.com" "Mozilla/5.0 (Linux; Android 7.0; SM-G892A Bulid/NRD90M; wv) AppleWebKit/537.36 (KHTML, like Gecko) Version/4.0 Chrome/60.0.3112.107 Moblie Safari/537.36"
194.26.192.149 - - [05/Jun/2026:06:39:47 +0200] "GET /wp-content/themes/seotheme/db.php?u HTTP/1.1" 301 - "www.google.com" "Mozlila/5.0 (Linux; Android 7.0; SM-G892A Bulid/NRD90M; wv) AppleWebKit/537.36 (KHTML, like Gecko) Version/4.0 Chrome/60.0.3112.107 Moblie Safari/537.36"
157.48.195.163 - - [05/Jun/2026:06:39:56 +0200] "POST /xmlrpc.php HTTP/1.1" 405 436 "-" "Jetpack/12.5; WordPress/6.2; http://site67799133.com"
196.130.143.2 - - [05/Jun/2026:06:39:56 +0200] "POST /xmlrpc.php HTTP/1.1" 405 436 "-" "Jetpack by WordPress.com"
157.48.195.163 - - [05/Jun/2026:06:40:05 +0200] "POST /xmlrpc.php HTTP/1.1" 405 436 "-" "Jetpack/12.1; WordPress/6.1; http://site36511743.com"
104.210.140.140 - - [05/Jun/2026:06:40:07 +0200] "GET /robots.txt HTTP/1.1" 200 175 "-" "Mozilla/5.0 (Macintosh; Intel Mac OS X 10_15_7) AppleWebKit/537.36 (KHTML, like Gecko) Chrome/131.0.0.0 Safari/537.36; compatible; OAI-SearchBot/1.0; +https://openai.com/searchbot"
196.130.143.2 - - [05/Jun/2026:06:40:09 +0200] "POST /xmlrpc.php HTTP/1.1" 405 436 "-" "Jetpack by WordPress.com (Jetpack 13.0; WordPress 6.4)"
157.48.195.163 - - [05/Jun/2026:06:40:14 +0200] "POST /xmlrpc.php HTTP/1.1" 405 436 "-" "WordPress.com; https://wordpress.com"
196.130.143.2 - - [05/Jun/2026:06:40:21 +0200] "POST /xmlrpc.php HTTP/1.1" 405 436 "-" "Jetpack/12.0; WordPress/6.3; http://site23759198.com"
157.48.195.163 - - [05/Jun/2026:06:40:25 +0200] "POST /xmlrpc.php HTTP/1.1" 405 436 "-" "Jetpack by WordPress.com"
43.230.201.87 - - [05/Jun/2026:06:40:31 +0200] "GET /wp-login.php HTTP/1.1" 200 7666 "-" "Mozilla/5.0 (Macintosh; Intel Mac OS X 10_15_7) AppleWebKit/605.1.15 (KHTML, like Gecko) Version/18.3 Safari/605.1.15"
196.130.143.2 - - [05/Jun/2026:06:40:34 +0200] "POST /xmlrpc.php HTTP/1.1" 405 436 "-" "Jetpack/13.0; WordPress/6.3; http://site44772617.com"
157.48.195.163 - - [05/Jun/2026:06:40:35 +0200] "POST /xmlrpc.php HTTP/1.1" 405 436 "-" "Jetpack/12.1; WordPress/6.4; http://site85205314.com"
196.130.143.2 - - [05/Jun/2026:06:40:46 +0200] "POST /xmlrpc.php HTTP/1.1" 405 436 "-" "Jetpack by WordPress.com (Jetpack 12.0; WordPress 6.1)"
157.48.195.163 - - [05/Jun/2026:06:40:47 +0200] "POST /xmlrpc.php HTTP/1.1" 405 436 "-" "WordPress.com; https://wordpress.com"
103.42.5.132 - - [05/Jun/2026:06:40:56 +0200] "GET /wp-login.php HTTP/1.1" 200 7352 "-" "Mozilla/5.0 (Macintosh; Intel Mac OS X 14_7_4) AppleWebKit/537.36 (KHTML, like Gecko) Chrome/133.0.0.0 Safari/537.36"
157.48.195.163 - - [05/Jun/2026:06:40:57 +0200] "POST /xmlrpc.php HTTP/1.1" 405 436 "-" "Jetpack by WordPress.com"
196.130.143.2 - - [05/Jun/2026:06:40:58 +0200] "POST /xmlrpc.php HTTP/1.1" 405 436 "-" "Jetpack by WordPress.com"
119.18.52.246 - - [05/Jun/2026:06:40:59 +0200] "GET /wp-login.php HTTP/1.1" 200 7154 "-" "Mozilla/5.0 (Macintosh; Intel Mac OS X 10_15_7) AppleWebKit/537.36 (KHTML, like Gecko) Chrome/133.0.0.0 Safari/537.36"
157.48.195.163 - - [05/Jun/2026:06:41:10 +0200] "POST /xmlrpc.php HTTP/1.1" 405 436 "-" "Jetpack by WordPress.com (Jetpack 12.5; WordPress 6.4)"
196.130.143.2 - - [05/Jun/2026:06:41:11 +0200] "POST /xmlrpc.php HTTP/1.1" 405 436 "-" "Jetpack/12.5; WordPress/6.2; http://site86724460.com"
103.91.67.202 - - [05/Jun/2026:06:41:11 +0200] "POST /xmlrpc.php HTTP/1.1" 200 258 "-" "Mozilla/5.0 (Windows NT 10.0; WOW64) AppleWebKit/537.36 (KHTML, like Gecko) Chrome/133.0.0.0 Safari/537.36"
50.6.231.19 - - [05/Jun/2026:06:41:13 +0200] "GET /wp-login.php HTTP/1.1" 200 7374 "-" "Mozilla/5.0 (X11; CrOS x86_64 14541.0.0) AppleWebKit/537.36 (KHTML, like Gecko) Chrome/133.0.0.0 Safari/537.36"
157.48.195.163 - - [05/Jun/2026:06:41:18 +0200] "POST /xmlrpc.php HTTP/1.1" 405 436 "-" "Jetpack by WordPress.com (Jetpack 12.5; WordPress 6.3)"
196.130.143.2 - - [05/Jun/2026:06:41:23 +0200] "POST /xmlrpc.php HTTP/1.1" 405 436 "-" "Jetpack/12.1; WordPress/6.4; http://site82531864.com"
163.223.13.54 - - [05/Jun/2026:06:41:25 +0200] "GET /wp-login.php HTTP/1.1" 200 7479 "-" "Mozilla/5.0 (Windows NT 10.0; WOW64) AppleWebKit/537.36 (KHTML, like Gecko) Chrome/133.0.0.0 Safari/537.36"
157.48.195.163 - - [05/Jun/2026:06:41:30 +0200] "POST /xmlrpc.php HTTP/1.1" 405 436 "-" "Jetpack by WordPress.com (Jetpack 13.0; WordPress 6.3)"
196.130.143.2 - - [05/Jun/2026:06:41:35 +0200] "POST /xmlrpc.php HTTP/1.1" 405 436 "-" "WordPress.com; https://wordpress.com"
157.48.195.163 - - [05/Jun/2026:06:41:38 +0200] "POST /xmlrpc.php HTTP/1.1" 405 436 "-" "Jetpack/12.5; WordPress/6.4; http://site29936743.com"
196.130.143.2 - - [05/Jun/2026:06:41:48 +0200] "POST /xmlrpc.php HTTP/1.1" 405 436 "-" "WordPress.com; https://wordpress.com"
157.48.195.163 - - [05/Jun/2026:06:41:49 +0200] "POST /xmlrpc.php HTTP/1.1" 405 436 "-" "Jetpack by WordPress.com (Jetpack 13.0; WordPress 6.3)"
157.48.195.163 - - [05/Jun/2026:06:41:59 +0200] "POST /xmlrpc.php HTTP/1.1" 405 436 "-" "WordPress.com; https://wordpress.com"
196.130.143.2 - - [05/Jun/2026:06:42:01 +0200] "POST /xmlrpc.php HTTP/1.1" 405 436 "-" "Jetpack by WordPress.com"
69.163.176.25 - - [05/Jun/2026:06:42:03 +0200] "GET /wp-login.php HTTP/1.1" 200 7621 "-" "Mozilla/5.0 (X11; Linux x86_64; rv:133.0) Gecko/20100101 Firefox/133.0"
157.48.195.163 - - [05/Jun/2026:06:42:10 +0200] "POST /xmlrpc.php HTTP/1.1" 405 436 "-" "Jetpack by WordPress.com"
196.130.143.2 - - [05/Jun/2026:06:42:14 +0200] "POST /xmlrpc.php HTTP/1.1" 405 436 "-" "Jetpack by WordPress.com"
160.250.186.220 - - [05/Jun/2026:06:42:15 +0200] "POST /xmlrpc.php HTTP/1.1" 200 258 "-" "Mozilla/5.0 (Macintosh; Intel Mac OS X 10_15_7) AppleWebKit/605.1.15 (KHTML, like Gecko) Version/18.3 Safari/605.1.15"
157.48.195.163 - - [05/Jun/2026:06:42:21 +0200] "POST /xmlrpc.php HTTP/1.1" 405 436 "-" "Jetpack by WordPress.com"
196.130.143.2 - - [05/Jun/2026:06:42:26 +0200] "POST /xmlrpc.php HTTP/1.1" 405 436 "-" "Jetpack by WordPress.com (Jetpack 12.1; WordPress 6.3)"
157.48.195.163 - - [05/Jun/2026:06:42:31 +0200] "POST /xmlrpc.php HTTP/1.1" 405 436 "-" "Jetpack by WordPress.com"
37.76.54.165 - - [05/Jun/2026:06:42:32 +0200] "-" 408 - "-" "-"
37.76.54.165 - - [05/Jun/2026:06:42:32 +0200] "-" 408 - "-" "-"
196.130.143.2 - - [05/Jun/2026:06:42:38 +0200] "POST /xmlrpc.php HTTP/1.1" 405 436 "-" "Jetpack by WordPress.com (Jetpack 12.1; WordPress 6.4)"
178.238.208.153 - - [05/Jun/2026:06:42:42 +0200] "POST /xmlrpc.php HTTP/1.1" 200 258 "-" "Mozilla/5.0 (Windows NT 10.0; Win64; x64) AppleWebKit/537.36 (KHTML, like Gecko) Chrome/133.0.0.0 Safari/537.36"
157.48.195.163 - - [05/Jun/2026:06:42:43 +0200] "POST /xmlrpc.php HTTP/1.1" 405 436 "-" "Jetpack by WordPress.com"
196.130.143.2 - - [05/Jun/2026:06:42:51 +0200] "POST /xmlrpc.php HTTP/1.1" 405 436 "-" "Jetpack by WordPress.com (Jetpack 12.1; WordPress 6.1)"
157.48.195.163 - - [05/Jun/2026:06:42:52 +0200] "POST /xmlrpc.php HTTP/1.1" 405 436 "-" "Jetpack/13.0; WordPress/6.3; http://site43331469.com"
104.28.196.55 - - [05/Jun/2026:06:43:00 +0200] "GET /ms-themes.php HTTP/1.1" 301 - "http://cpcalendars.valtogomb.eu/ms-themes.php" "Go-http-client/1.1"
157.48.195.163 - - [05/Jun/2026:06:43:02 +0200] "POST /xmlrpc.php HTTP/1.1" 405 436 "-" "Jetpack by WordPress.com"
104.28.196.55 - - [05/Jun/2026:06:43:03 +0200] "GET /chosen.php?p= HTTP/1.1" 301 - "http://cpcalendars.valtogomb.eu/chosen.php?p=" "Go-http-client/1.1"
196.130.143.2 - - [05/Jun/2026:06:43:05 +0200] "POST /xmlrpc.php HTTP/1.1" 405 436 "-" "Jetpack by WordPress.com (Jetpack 12.5; WordPress 6.4)"
104.28.196.55 - - [05/Jun/2026:06:43:05 +0200] "GET /file.php HTTP/1.1" 301 - "http://cpcalendars.valtogomb.eu/file.php" "Go-http-client/1.1"
104.28.196.55 - - [05/Jun/2026:06:43:07 +0200] "GET /flower.php HTTP/1.1" 301 - "http://cpcalendars.valtogomb.eu/flower.php" "Go-http-client/1.1"
104.28.196.55 - - [05/Jun/2026:06:43:11 +0200] "GET /gifclass.php HTTP/1.1" 301 - "http://cpcalendars.valtogomb.eu/gifclass.php#888xyz999" "Go-http-client/1.1"
104.28.196.55 - - [05/Jun/2026:06:43:12 +0200] "GET /bless.php HTTP/1.1" 301 - "http://cpcalendars.valtogomb.eu/bless.php#888xyz999" "Go-http-client/1.1"
104.28.196.55 - - [05/Jun/2026:06:43:14 +0200] "GET /class-t.api.php HTTP/1.1" 301 - "http://cpcalendars.valtogomb.eu/class-t.api.php#888xyz999" "Go-http-client/1.1"
157.48.195.163 - - [05/Jun/2026:06:43:15 +0200] "POST /xmlrpc.php HTTP/1.1" 405 436 "-" "Jetpack by WordPress.com (Jetpack 12.0; WordPress 6.4)"
104.28.196.55 - - [05/Jun/2026:06:43:16 +0200] "GET /blurbs.php HTTP/1.1" 301 - "http://cpcalendars.valtogomb.eu/blurbs.php#888xyz999" "Go-http-client/1.1"
196.130.143.2 - - [05/Jun/2026:06:43:17 +0200] "POST /xmlrpc.php HTTP/1.1" 405 436 "-" "Jetpack by WordPress.com"
104.28.196.55 - - [05/Jun/2026:06:43:18 +0200] "GET /akcc.php HTTP/1.1" 301 - "http://cpcalendars.valtogomb.eu/akcc.php" "Go-http-client/1.1"
104.28.196.55 - - [05/Jun/2026:06:43:20 +0200] "GET /abcd.php HTTP/1.1" 301 - "http://cpcalendars.valtogomb.eu/abcd.php" "Go-http-client/1.1"
104.28.196.55 - - [05/Jun/2026:06:43:22 +0200] "GET /shelp.php HTTP/1.1" 301 - "http://cpcalendars.valtogomb.eu/shelp.php" "Go-http-client/1.1"
104.28.196.55 - - [05/Jun/2026:06:43:24 +0200] "GET /cord.php HTTP/1.1" 301 - "http://cpcalendars.valtogomb.eu/cord.php" "Go-http-client/1.1"
157.48.195.163 - - [05/Jun/2026:06:43:24 +0200] "POST /xmlrpc.php HTTP/1.1" 405 436 "-" "WordPress.com; https://wordpress.com"
104.28.196.55 - - [05/Jun/2026:06:43:26 +0200] "GET /dex.php HTTP/1.1" 301 - "http://cpcalendars.valtogomb.eu/dex.php" "Go-http-client/1.1"
104.28.196.55 - - [05/Jun/2026:06:43:27 +0200] "GET /wp-admin/admin-ajax.php HTTP/1.1" 400 21 "http://cpcalendars.valtogomb.eu/wp-admin/admin-ajax.php" "Go-http-client/1.1"
104.28.196.57 - - [05/Jun/2026:06:43:28 +0200] "GET /zwso.php HTTP/1.1" 301 - "http://cpcalendars.valtogomb.eu//zwso.php" "Go-http-client/1.1"
196.130.143.2 - - [05/Jun/2026:06:43:29 +0200] "POST /xmlrpc.php HTTP/1.1" 405 436 "-" "WordPress.com; https://wordpress.com"
104.28.196.57 - - [05/Jun/2026:06:43:30 +0200] "GET /wp-content/plugins/hellopress/wp_mna.php HTTP/1.1" 301 - "http://cpcalendars.valtogomb.eu/wp-content/plugins/hellopress/wp_mna.php" "Go-http-client/1.1"
104.28.196.57 - - [05/Jun/2026:06:43:32 +0200] "GET /bolt.php HTTP/1.1" 301 - "http://cpcalendars.valtogomb.eu/bolt.php" "Go-http-client/1.1"
104.28.196.57 - - [05/Jun/2026:06:43:33 +0200] "GET /cjfuns.php HTTP/1.1" 301 - "http://cpcalendars.valtogomb.eu/cjfuns.php" "Go-http-client/1.1"
157.48.195.163 - - [05/Jun/2026:06:43:34 +0200] "POST /xmlrpc.php HTTP/1.1" 405 436 "-" "Jetpack by WordPress.com (Jetpack 12.5; WordPress 6.4)"
104.28.196.57 - - [05/Jun/2026:06:43:35 +0200] "GET /wp-admin/css/index.php HTTP/1.1" 301 - "http://cpcalendars.valtogomb.eu/wp-admin/css/index.php" "Go-http-client/1.1"
104.28.196.57 - - [05/Jun/2026:06:43:36 +0200] "GET /wp-admin/css/ HTTP/1.1" 404 58287 "https://cpcalendars.valtogomb.eu/wp-admin/css/index.php" "Go-http-client/1.1"
104.28.196.57 - - [05/Jun/2026:06:43:37 +0200] "GET /wp-content/plugins/index.php HTTP/1.1" 200 - "http://cpcalendars.valtogomb.eu/wp-content/plugins/index.php" "Go-http-client/1.1"
104.28.196.57 - - [05/Jun/2026:06:43:37 +0200] "GET /wp-content/index.php HTTP/1.1" 200 - "http://cpcalendars.valtogomb.eu/wp-content/index.php" "Go-http-client/1.1"
104.28.196.57 - - [05/Jun/2026:06:43:37 +0200] "GET /ioxi-o.php HTTP/1.1" 301 - "http://cpcalendars.valtogomb.eu/ioxi-o.php" "Go-http-client/1.1"
104.28.196.57 - - [05/Jun/2026:06:43:39 +0200] "GET /insc.php HTTP/1.1" 301 - "http://cpcalendars.valtogomb.eu/insc.php" "Go-http-client/1.1"
104.28.196.57 - - [05/Jun/2026:06:43:40 +0200] "GET /classwithtostring.php HTTP/1.1" 301 - "http://cpcalendars.valtogomb.eu/classwithtostring.php" "Go-http-client/1.1"
104.28.196.57 - - [05/Jun/2026:06:43:42 +0200] "GET /txets.php HTTP/1.1" 301 - "http://cpcalendars.valtogomb.eu/txets.php" "Go-http-client/1.1"
78.142.18.172 - - [05/Jun/2026:06:43:44 +0200] "POST /xmlrpc.php HTTP/1.1" 200 258 "-" "Mozilla/5.0 (Windows NT 10.0) AppleWebKit/537.36 (KHTML, like Gecko) Chrome/133.0.0.0 Safari/537.36"
196.130.143.2 - - [05/Jun/2026:06:43:44 +0200] "POST /xmlrpc.php HTTP/1.1" 405 436 "-" "Jetpack/13.0; WordPress/6.1; http://site41786730.com"
104.28.196.57 - - [05/Jun/2026:06:43:44 +0200] "GET /wp-content/themes/txets.php HTTP/1.1" 301 - "http://cpcalendars.valtogomb.eu/wp-content/themes/txets.php" "Go-http-client/1.1"
157.48.195.163 - - [05/Jun/2026:06:43:46 +0200] "POST /xmlrpc.php HTTP/1.1" 405 436 "-" "Jetpack by WordPress.com (Jetpack 12.0; WordPress 6.3)"
104.28.196.57 - - [05/Jun/2026:06:43:46 +0200] "GET /wp-admin/txets.php HTTP/1.1" 404 58299 "http://cpcalendars.valtogomb.eu/wp-admin/txets.php" "Go-http-client/1.1"
104.28.196.57 - - [05/Jun/2026:06:43:47 +0200] "GET /wp-includes/txets.php HTTP/1.1" 301 - "http://cpcalendars.valtogomb.eu/wp-includes/txets.php" "Go-http-client/1.1"
104.28.196.57 - - [05/Jun/2026:06:43:49 +0200] "GET /goods.php HTTP/1.1" 301 - "http://cpcalendars.valtogomb.eu/goods.php" "Go-http-client/1.1"
104.28.196.57 - - [05/Jun/2026:06:43:51 +0200] "GET /wp-editor.php HTTP/1.1" 301 - "http://cpcalendars.valtogomb.eu/wp-editor.php#lufix" "Go-http-client/1.1"
104.28.196.57 - - [05/Jun/2026:06:43:53 +0200] "GET /lufix.php HTTP/1.1" 301 - "http://cpcalendars.valtogomb.eu/lufix.php#lufix" "Go-http-client/1.1"
157.48.195.163 - - [05/Jun/2026:06:43:54 +0200] "POST /xmlrpc.php HTTP/1.1" 405 436 "-" "WordPress.com; https://wordpress.com"
104.28.196.57 - - [05/Jun/2026:06:43:55 +0200] "GET /style.php HTTP/1.1" 301 - "http://cpcalendars.valtogomb.eu/style.php" "Go-http-client/1.1"
196.130.143.2 - - [05/Jun/2026:06:43:56 +0200] "POST /xmlrpc.php HTTP/1.1" 405 436 "-" "Jetpack by WordPress.com (Jetpack 12.0; WordPress 6.2)"
157.48.195.163 - - [05/Jun/2026:06:44:06 +0200] "POST /xmlrpc.php HTTP/1.1" 405 436 "-" "Jetpack by WordPress.com (Jetpack 12.5; WordPress 6.3)"
196.130.143.2 - - [05/Jun/2026:06:44:08 +0200] "POST /xmlrpc.php HTTP/1.1" 405 436 "-" "Jetpack/12.0; WordPress/6.4; http://site99962816.com"
157.48.195.163 - - [05/Jun/2026:06:44:15 +0200] "POST /xmlrpc.php HTTP/1.1" 405 436 "-" "Jetpack by WordPress.com"
196.130.143.2 - - [05/Jun/2026:06:44:20 +0200] "POST /xmlrpc.php HTTP/1.1" 405 436 "-" "Jetpack/12.1; WordPress/6.2; http://site66979302.com"
13.50.125.54 - - [05/Jun/2026:06:44:23 +0200] "GET /wp-login.php HTTP/1.1" 200 7466 "-" "Mozilla/5.0 (Windows NT 10.0; Win64; x64) AppleWebKit/537.36 (KHTML, like Gecko) Chrome/120.0.0.0 Safari/537.36"
157.48.195.163 - - [05/Jun/2026:06:44:26 +0200] "POST /xmlrpc.php HTTP/1.1" 405 436 "-" "Jetpack by WordPress.com"
196.130.143.2 - - [05/Jun/2026:06:44:33 +0200] "POST /xmlrpc.php HTTP/1.1" 405 436 "-" "Jetpack by WordPress.com (Jetpack 12.5; WordPress 6.3)"
157.48.195.163 - - [05/Jun/2026:06:44:36 +0200] "POST /xmlrpc.php HTTP/1.1" 405 436 "-" "Jetpack by WordPress.com (Jetpack 12.5; WordPress 6.4)"
196.130.143.2 - - [05/Jun/2026:06:44:45 +0200] "POST /xmlrpc.php HTTP/1.1" 405 436 "-" "Jetpack by WordPress.com"
157.48.195.163 - - [05/Jun/2026:06:44:48 +0200] "POST /xmlrpc.php HTTP/1.1" 405 436 "-" "Jetpack by WordPress.com (Jetpack 12.1; WordPress 6.2)"
178.238.208.153 - - [05/Jun/2026:06:44:55 +0200] "POST /xmlrpc.php HTTP/1.1" 200 258 "-" "Mozilla/5.0 (X11; Ubuntu; Linux x86_64; rv:133.0) Gecko/20100101 Firefox/133.0"
157.48.195.163 - - [05/Jun/2026:06:44:59 +0200] "POST /xmlrpc.php HTTP/1.1" 405 436 "-" "Jetpack by WordPress.com (Jetpack 12.5; WordPress 6.4)"
196.130.143.2 - - [05/Jun/2026:06:45:00 +0200] "POST /xmlrpc.php HTTP/1.1" 405 436 "-" "Jetpack by WordPress.com (Jetpack 12.0; WordPress 6.2)"
37.76.15.182 - - [05/Jun/2026:06:45:05 +0200] "-" 408 - "-" "-"
196.130.143.2 - - [05/Jun/2026:06:45:10 +0200] "POST /xmlrpc.php HTTP/1.1" 405 436 "-" "Jetpack by WordPress.com (Jetpack 12.0; WordPress 6.2)"
157.48.195.163 - - [05/Jun/2026:06:45:10 +0200] "POST /xmlrpc.php HTTP/1.1" 405 436 "-" "Jetpack/12.1; WordPress/6.1; http://site71225932.com"
157.48.195.163 - - [05/Jun/2026:06:45:18 +0200] "POST /xmlrpc.php HTTP/1.1" 405 436 "-" "Jetpack by WordPress.com"
91.98.140.41 - - [05/Jun/2026:06:45:19 +0200] "GET /wp-login.php HTTP/1.1" 200 7482 "-" "Mozilla/5.0 (Macintosh; Intel Mac OS X 14_7_4) AppleWebKit/537.36 (KHTML, like Gecko) Chrome/133.0.0.0 Safari/537.36"
196.130.143.2 - - [05/Jun/2026:06:45:23 +0200] "POST /xmlrpc.php HTTP/1.1" 405 436 "-" "Jetpack by WordPress.com"
157.48.195.163 - - [05/Jun/2026:06:45:29 +0200] "POST /xmlrpc.php HTTP/1.1" 405 436 "-" "Jetpack/12.5; WordPress/6.2; http://site66632208.com"
176.77.135.148 - - [05/Jun/2026:06:45:32 +0200] "-" 408 - "-" "-"
196.130.143.2 - - [05/Jun/2026:06:45:36 +0200] "POST /xmlrpc.php HTTP/1.1" 405 436 "-" "Jetpack/13.0; WordPress/6.2; http://site78006333.com"
157.48.195.163 - - [05/Jun/2026:06:45:39 +0200] "POST /xmlrpc.php HTTP/1.1" 405 436 "-" "WordPress.com; https://wordpress.com"
196.130.143.2 - - [05/Jun/2026:06:45:48 +0200] "POST /xmlrpc.php HTTP/1.1" 405 436 "-" "Jetpack by WordPress.com (Jetpack 13.0; WordPress 6.1)"
157.48.195.163 - - [05/Jun/2026:06:45:50 +0200] "POST /xmlrpc.php HTTP/1.1" 405 436 "-" "WordPress.com; https://wordpress.com"
208.109.188.137 - - [05/Jun/2026:06:45:55 +0200] "GET /wp-login.php HTTP/1.1" 200 7575 "-" "Mozilla/5.0 (Windows NT 10.0; Win64; x64; rv:133.0) Gecko/20100101 Firefox/133.0"
157.48.195.163 - - [05/Jun/2026:06:46:00 +0200] "POST /xmlrpc.php HTTP/1.1" 405 436 "-" "WordPress.com; https://wordpress.com"
196.130.143.2 - - [05/Jun/2026:06:46:01 +0200] "POST /xmlrpc.php HTTP/1.1" 405 436 "-" "Jetpack by WordPress.com (Jetpack 12.5; WordPress 6.4)"
157.48.195.163 - - [05/Jun/2026:06:46:11 +0200] "POST /xmlrpc.php HTTP/1.1" 405 436 "-" "Jetpack by WordPress.com (Jetpack 13.0; WordPress 6.1)"
68.178.160.25 - - [05/Jun/2026:06:46:12 +0200] "POST /xmlrpc.php HTTP/1.1" 200 258 "-" "Mozilla/5.0 (Windows NT 10.0) AppleWebKit/537.36 (KHTML, like Gecko) Chrome/133.0.0.0 Safari/537.36"
196.130.143.2 - - [05/Jun/2026:06:46:13 +0200] "POST /xmlrpc.php HTTP/1.1" 405 436 "-" "WordPress.com; https://wordpress.com"
157.48.195.163 - - [05/Jun/2026:06:46:22 +0200] "POST /xmlrpc.php HTTP/1.1" 405 436 "-" "Jetpack/12.5; WordPress/6.3; http://site22676732.com"
196.130.143.2 - - [05/Jun/2026:06:46:27 +0200] "POST /xmlrpc.php HTTP/1.1" 405 436 "-" "Jetpack/12.1; WordPress/6.3; http://site23055336.com"
87.192.224.131 - - [05/Jun/2026:06:46:31 +0200] "POST /xmlrpc.php HTTP/1.1" 200 258 "-" "Mozilla/5.0 (Windows NT 10.0; Win64; x64) AppleWebKit/537.36 (KHTML, like Gecko) Chrome/133.0.0.0 Safari/537.36"
157.48.195.163 - - [05/Jun/2026:06:46:32 +0200] "POST /xmlrpc.php HTTP/1.1" 405 436 "-" "Jetpack by WordPress.com"
50.6.196.179 - - [05/Jun/2026:06:46:33 +0200] "GET /wp-login.php HTTP/1.1" 200 7485 "-" "Mozilla/5.0 (Windows NT 10.0; WOW64) AppleWebKit/537.36 (KHTML, like Gecko) Chrome/133.0.0.0 Safari/537.36"
196.130.143.2 - - [05/Jun/2026:06:46:39 +0200] "POST /xmlrpc.php HTTP/1.1" 405 436 "-" "Jetpack by WordPress.com (Jetpack 13.0; WordPress 6.4)"
157.48.195.163 - - [05/Jun/2026:06:46:46 +0200] "POST /xmlrpc.php HTTP/1.1" 405 436 "-" "Jetpack by WordPress.com (Jetpack 12.0; WordPress 6.2)"
103.42.5.132 - - [05/Jun/2026:06:46:47 +0200] "GET /wp-json/wp/v2/users/me HTTP/1.1" 401 188 "-" "Mozilla/5.0 (Macintosh; Intel Mac OS X 14_7_4) AppleWebKit/537.36 (KHTML, like Gecko) Chrome/133.0.0.0 Safari/537.36"
157.48.195.163 - - [05/Jun/2026:06:46:53 +0200] "POST /xmlrpc.php HTTP/1.1" 405 436 "-" "WordPress.com; https://wordpress.com"
196.130.143.2 - - [05/Jun/2026:06:46:53 +0200] "POST /xmlrpc.php HTTP/1.1" 405 436 "-" "Jetpack by WordPress.com"
50.6.196.179 - - [05/Jun/2026:06:46:54 +0200] "GET /wp-json/wp/v2/users/me HTTP/1.1" 401 124 "-" "Mozilla/5.0 (Windows NT 10.0; WOW64) AppleWebKit/537.36 (KHTML, like Gecko) Chrome/133.0.0.0 Safari/537.36"
157.48.195.163 - - [05/Jun/2026:06:47:04 +0200] "POST /xmlrpc.php HTTP/1.1" 405 436 "-" "Jetpack/12.5; WordPress/6.4; http://site39335849.com"
196.130.143.2 - - [05/Jun/2026:06:47:06 +0200] "POST /xmlrpc.php HTTP/1.1" 405 436 "-" "WordPress.com; https://wordpress.com"
157.48.195.163 - - [05/Jun/2026:06:47:14 +0200] "POST /xmlrpc.php HTTP/1.1" 405 436 "-" "Jetpack/13.0; WordPress/6.3; http://site76725622.com"
196.130.143.2 - - [05/Jun/2026:06:47:19 +0200] "POST /xmlrpc.php HTTP/1.1" 405 436 "-" "Jetpack by WordPress.com"
157.48.195.163 - - [05/Jun/2026:06:47:25 +0200] "POST /xmlrpc.php HTTP/1.1" 405 436 "-" "WordPress.com; https://wordpress.com"
196.130.143.2 - - [05/Jun/2026:06:47:31 +0200] "POST /xmlrpc.php HTTP/1.1" 405 436 "-" "WordPress.com; https://wordpress.com"
157.48.195.163 - - [05/Jun/2026:06:47:35 +0200] "POST /xmlrpc.php HTTP/1.1" 405 436 "-" "Jetpack/12.1; WordPress/6.1; http://site81272084.com"
196.130.143.2 - - [05/Jun/2026:06:47:43 +0200] "POST /xmlrpc.php HTTP/1.1" 405 436 "-" "Jetpack/12.0; WordPress/6.2; http://site30602985.com"
157.48.195.163 - - [05/Jun/2026:06:47:45 +0200] "POST /xmlrpc.php HTTP/1.1" 405 436 "-" "Jetpack by WordPress.com (Jetpack 12.1; WordPress 6.3)"
113.190.40.93 - - [05/Jun/2026:06:47:55 +0200] "POST /xmlrpc.php HTTP/1.1" 200 258 "-" "Mozilla/5.0 (Macintosh; Intel Mac OS X 10_15_7) AppleWebKit/537.36 (KHTML, like Gecko) Chrome/133.0.0.0 Safari/537.36 Edg/133.0.0.0"
196.130.143.2 - - [05/Jun/2026:06:47:56 +0200] "POST /xmlrpc.php HTTP/1.1" 405 436 "-" "WordPress.com; https://wordpress.com"
157.48.195.163 - - [05/Jun/2026:06:47:57 +0200] "POST /xmlrpc.php HTTP/1.1" 405 436 "-" "Jetpack/12.5; WordPress/6.3; http://site63659246.com"
77.83.39.94 - - [05/Jun/2026:06:48:03 +0200] "GET /.git/HEAD HTTP/1.1" 301 - "-" "Mozilla/5.0 (Linux; Android 9; moto x4) AppleWebKit/537.36 (KHTML, like Gecko) Chrome/76.0.3809.111 Mobile Safari/537.36"
157.48.195.163 - - [05/Jun/2026:06:48:06 +0200] "POST /xmlrpc.php HTTP/1.1" 405 436 "-" "Jetpack/13.0; WordPress/6.2; http://site33015926.com"
163.43.18.248 - - [05/Jun/2026:06:48:07 +0200] "GET /wp-login.php HTTP/1.1" 200 7505 "-" "Mozilla/5.0 (Macintosh; Intel Mac OS X 14_7_4) AppleWebKit/537.36 (KHTML, like Gecko) Chrome/133.0.0.0 Safari/537.36"
116.66.205.178 - - [05/Jun/2026:06:48:07 +0200] "GET / HTTP/1.1" 301 - "http://185.208.225.194" "Go-http-client/1.1"
196.130.143.2 - - [05/Jun/2026:06:48:09 +0200] "POST /xmlrpc.php HTTP/1.1" 405 436 "-" "Jetpack/12.0; WordPress/6.3; http://site69322600.com"
116.66.205.178 - - [05/Jun/2026:06:48:10 +0200] "GET / HTTP/1.1" 301 - "-" "Go-http-client/1.1"
123.30.233.12 - - [05/Jun/2026:06:48:12 +0200] "GET /wp-login.php HTTP/1.1" 200 7512 "-" "Mozilla/5.0 (Windows NT 10.0; Win64; x64) AppleWebKit/537.36 (KHTML, like Gecko) Chrome/133.0.0.0 Safari/537.36 Edg/133.0.0.0"
157.48.195.163 - - [05/Jun/2026:06:48:17 +0200] "POST /xmlrpc.php HTTP/1.1" 405 436 "-" "Jetpack by WordPress.com"
213.171.208.232 - - [05/Jun/2026:06:48:19 +0200] "GET /wp-login.php HTTP/1.1" 200 7552 "-" "Mozilla/5.0 (Windows NT 10.0; Win64; x64; rv:133.0) Gecko/20100101 Firefox/133.0"
196.130.143.2 - - [05/Jun/2026:06:48:22 +0200] "POST /xmlrpc.php HTTP/1.1" 405 436 "-" "Jetpack by WordPress.com"
157.48.195.163 - - [05/Jun/2026:06:48:27 +0200] "POST /xmlrpc.php HTTP/1.1" 405 436 "-" "Jetpack by WordPress.com (Jetpack 12.1; WordPress 6.1)"
196.130.143.2 - - [05/Jun/2026:06:48:35 +0200] "POST /xmlrpc.php HTTP/1.1" 405 436 "-" "Jetpack by WordPress.com (Jetpack 12.1; WordPress 6.4)"
139.59.3.17 - - [05/Jun/2026:06:48:35 +0200] "GET /wp-login.php HTTP/1.1" 200 7282 "-" "Mozilla/5.0 (Windows NT 10.0; WOW64) AppleWebKit/537.36 (KHTML, like Gecko) Chrome/133.0.0.0 Safari/537.36"
157.48.195.163 - - [05/Jun/2026:06:48:38 +0200] "POST /xmlrpc.php HTTP/1.1" 405 436 "-" "Jetpack by WordPress.com"
162.240.171.12 - - [05/Jun/2026:06:48:39 +0200] "GET /wp-login.php HTTP/1.1" 200 7487 "-" "Mozilla/5.0 (X11; Fedora; Linux x86_64) AppleWebKit/537.36 (KHTML, like Gecko) Chrome/133.0.0.0 Safari/537.36"
66.116.233.244 - - [05/Jun/2026:06:48:43 +0200] "POST /xmlrpc.php HTTP/1.1" 200 258 "-" "Mozilla/5.0 (Windows NT 10.0; Win64; x64) AppleWebKit/537.36 (KHTML, like Gecko) Chrome/133.0.0.0 Safari/537.36 Edg/133.0.0.0"
196.130.143.2 - - [05/Jun/2026:06:48:48 +0200] "POST /xmlrpc.php HTTP/1.1" 405 436 "-" "Jetpack by WordPress.com (Jetpack 12.5; WordPress 6.2)"
157.48.195.163 - - [05/Jun/2026:06:48:49 +0200] "POST /xmlrpc.php HTTP/1.1" 405 436 "-" "Jetpack by WordPress.com"
157.48.195.163 - - [05/Jun/2026:06:48:59 +0200] "POST /xmlrpc.php HTTP/1.1" 405 436 "-" "Jetpack/13.0; WordPress/6.1; http://site75634032.com"
196.130.143.2 - - [05/Jun/2026:06:49:01 +0200] "POST /xmlrpc.php HTTP/1.1" 405 436 "-" "WordPress.com; https://wordpress.com"
157.48.195.163 - - [05/Jun/2026:06:49:10 +0200] "POST /xmlrpc.php HTTP/1.1" 405 436 "-" "Jetpack by WordPress.com"
196.130.143.2 - - [05/Jun/2026:06:49:14 +0200] "POST /xmlrpc.php HTTP/1.1" 405 436 "-" "Jetpack by WordPress.com (Jetpack 12.0; WordPress 6.2)"
157.48.195.163 - - [05/Jun/2026:06:49:20 +0200] "POST /xmlrpc.php HTTP/1.1" 405 436 "-" "Jetpack by WordPress.com (Jetpack 12.1; WordPress 6.1)"
50.6.169.131 - - [05/Jun/2026:06:49:21 +0200] "GET /wp-login.php HTTP/1.1" 200 7643 "-" "Mozilla/5.0 (X11; Linux i686) AppleWebKit/537.36 (KHTML, like Gecko) Chrome/133.0.0.0 Safari/537.36"
196.130.143.2 - - [05/Jun/2026:06:49:26 +0200] "POST /xmlrpc.php HTTP/1.1" 405 436 "-" "Jetpack by WordPress.com"
157.48.195.163 - - [05/Jun/2026:06:49:30 +0200] "POST /xmlrpc.php HTTP/1.1" 405 436 "-" "Jetpack/12.1; WordPress/6.3; http://site38506438.com"
208.109.188.137 - - [05/Jun/2026:06:49:33 +0200] "POST /xmlrpc.php HTTP/1.1" 200 258 "-" "Mozilla/5.0 (Macintosh; Intel Mac OS X 10_15_7) AppleWebKit/537.36 (KHTML, like Gecko) Chrome/133.0.0.0 Safari/537.36"
51.38.192.10 - - [05/Jun/2026:06:49:39 +0200] "GET /wp-login.php HTTP/1.1" 200 7524 "-" "Mozilla/5.0 (X11; Fedora; Linux x86_64) AppleWebKit/537.36 (KHTML, like Gecko) Chrome/133.0.0.0 Safari/537.36"
196.130.143.2 - - [05/Jun/2026:06:49:40 +0200] "POST /xmlrpc.php HTTP/1.1" 405 436 "-" "Jetpack by WordPress.com"
157.48.195.163 - - [05/Jun/2026:06:49:41 +0200] "POST /xmlrpc.php HTTP/1.1" 405 436 "-" "WordPress.com; https://wordpress.com"
157.48.195.163 - - [05/Jun/2026:06:49:52 +0200] "POST /xmlrpc.php HTTP/1.1" 405 436 "-" "Jetpack/12.1; WordPress/6.3; http://site45621546.com"
196.130.143.2 - - [05/Jun/2026:06:49:53 +0200] "POST /xmlrpc.php HTTP/1.1" 405 436 "-" "Jetpack by WordPress.com (Jetpack 12.5; WordPress 6.4)"
157.48.195.163 - - [05/Jun/2026:06:50:02 +0200] "POST /xmlrpc.php HTTP/1.1" 405 436 "-" "Jetpack/12.0; WordPress/6.2; http://site13931200.com"
66.132.172.191 - - [05/Jun/2026:06:50:03 +0200] "GET /robots.txt HTTP/1.1" 200 175 "-" "Mozilla/5.0 (compatible; CensysInspect/1.1; +https://about.censys.io/)"
196.130.143.2 - - [05/Jun/2026:06:50:06 +0200] "POST /xmlrpc.php HTTP/1.1" 405 436 "-" "Jetpack/12.1; WordPress/6.2; http://site14977272.com"
159.203.57.110 - - [05/Jun/2026:06:50:07 +0200] "GET /wp-login.php HTTP/1.1" 200 7416 "-" "Mozilla/5.0 (X11; Linux x86_64) AppleWebKit/537.36 (KHTML, like Gecko) Chrome/133.0.0.0 Safari/537.36 Edg/133.0.0.0"
66.132.172.191 - - [05/Jun/2026:06:50:08 +0200] "GET /favicon.ico HTTP/1.1" 302 - "-" "Mozilla/5.0 (compatible; CensysInspect/1.1; +https://about.censys.io/)"
66.132.172.191 - - [05/Jun/2026:06:50:12 +0200] "GET /z9yjgmn4n085phn8ib HTTP/1.1" 301 - "-" "Mozilla/5.0 (compatible; CensysInspect/1.1; +https://about.censys.io/)"
157.48.195.163 - - [05/Jun/2026:06:50:13 +0200] "POST /xmlrpc.php HTTP/1.1" 405 436 "-" "Jetpack by WordPress.com"
196.130.143.2 - - [05/Jun/2026:06:50:19 +0200] "POST /xmlrpc.php HTTP/1.1" 405 436 "-" "WordPress.com; https://wordpress.com"
157.48.195.163 - - [05/Jun/2026:06:50:24 +0200] "POST /xmlrpc.php HTTP/1.1" 405 436 "-" "Jetpack by WordPress.com (Jetpack 12.0; WordPress 6.2)"
209.38.251.46 - - [05/Jun/2026:06:50:31 +0200] "POST /xmlrpc.php HTTP/1.1" 200 258 "-" "Mozilla/5.0 (X11; Linux x86_64; rv:133.0) Gecko/20100101 Firefox/133.0"
196.130.143.2 - - [05/Jun/2026:06:50:32 +0200] "POST /xmlrpc.php HTTP/1.1" 405 436 "-" "WordPress.com; https://wordpress.com"
31.24.155.180 - - [05/Jun/2026:06:50:32 +0200] "GET /wp-login.php HTTP/1.1" 200 7690 "-" "Mozilla/5.0 (X11; Linux x86_64) AppleWebKit/537.36 (KHTML, like Gecko) Chrome/133.0.0.0 Safari/537.36"
157.48.195.163 - - [05/Jun/2026:06:50:35 +0200] "POST /xmlrpc.php HTTP/1.1" 405 436 "-" "Jetpack by WordPress.com"
196.130.143.2 - - [05/Jun/2026:06:50:46 +0200] "POST /xmlrpc.php HTTP/1.1" 405 436 "-" "WordPress.com; https://wordpress.com"
157.48.195.163 - - [05/Jun/2026:06:50:46 +0200] "POST /xmlrpc.php HTTP/1.1" 405 436 "-" "Jetpack by WordPress.com"
157.48.195.163 - - [05/Jun/2026:06:50:57 +0200] "POST /xmlrpc.php HTTP/1.1" 405 436 "-" "Jetpack by WordPress.com (Jetpack 12.1; WordPress 6.2)"
196.130.143.2 - - [05/Jun/2026:06:50:58 +0200] "POST /xmlrpc.php HTTP/1.1" 405 436 "-" "Jetpack by WordPress.com"
157.48.195.163 - - [05/Jun/2026:06:51:06 +0200] "POST /xmlrpc.php HTTP/1.1" 405 436 "-" "WordPress.com; https://wordpress.com"
196.130.143.2 - - [05/Jun/2026:06:51:11 +0200] "POST /xmlrpc.php HTTP/1.1" 405 436 "-" "WordPress.com; https://wordpress.com"
157.48.195.163 - - [05/Jun/2026:06:51:17 +0200] "POST /xmlrpc.php HTTP/1.1" 405 436 "-" "Jetpack by WordPress.com"
196.130.143.2 - - [05/Jun/2026:06:51:23 +0200] "POST /xmlrpc.php HTTP/1.1" 405 436 "-" "Jetpack by WordPress.com"
157.48.195.163 - - [05/Jun/2026:06:51:27 +0200] "POST /xmlrpc.php HTTP/1.1" 405 436 "-" "Jetpack by WordPress.com (Jetpack 12.1; WordPress 6.4)"
157.48.195.163 - - [05/Jun/2026:06:51:38 +0200] "POST /xmlrpc.php HTTP/1.1" 405 436 "-" "WordPress.com; https://wordpress.com"
196.130.143.2 - - [05/Jun/2026:06:51:39 +0200] "POST /xmlrpc.php HTTP/1.1" 405 436 "-" "Jetpack by WordPress.com (Jetpack 13.0; WordPress 6.2)"
157.48.195.163 - - [05/Jun/2026:06:51:49 +0200] "POST /xmlrpc.php HTTP/1.1" 405 436 "-" "WordPress.com; https://wordpress.com"
196.130.143.2 - - [05/Jun/2026:06:51:49 +0200] "POST /xmlrpc.php HTTP/1.1" 405 436 "-" "Jetpack by WordPress.com"
91.98.140.41 - - [05/Jun/2026:06:51:59 +0200] "GET /wp-json/wp/v2/users/me HTTP/1.1" 401 188 "-" "Mozilla/5.0 (X11; Ubuntu; Linux x86_64) AppleWebKit/537.36 (KHTML, like Gecko) Chrome/133.0.0.0 Safari/537.36"
157.48.195.163 - - [05/Jun/2026:06:52:01 +0200] "POST /xmlrpc.php HTTP/1.1" 405 436 "-" "Jetpack by WordPress.com (Jetpack 12.5; WordPress 6.2)"
196.130.143.2 - - [05/Jun/2026:06:52:02 +0200] "POST /xmlrpc.php HTTP/1.1" 405 436 "-" "Jetpack by WordPress.com"
196.130.143.2 - - [05/Jun/2026:06:52:15 +0200] "POST /xmlrpc.php HTTP/1.1" 405 436 "-" "Jetpack by WordPress.com (Jetpack 12.1; WordPress 6.1)"
194.163.139.224 - - [05/Jun/2026:06:52:22 +0200] "GET /wp-json/wp/v2/users/me HTTP/1.1" 401 188 "-" "Mozilla/5.0 (X11; CrOS x86_64 14541.0.0) AppleWebKit/537.36 (KHTML, like Gecko) Chrome/133.0.0.0 Safari/537.36"
196.130.143.2 - - [05/Jun/2026:06:52:29 +0200] "POST /xmlrpc.php HTTP/1.1" 405 436 "-" "Jetpack by WordPress.com"
196.130.143.2 - - [05/Jun/2026:06:52:41 +0200] "POST /xmlrpc.php HTTP/1.1" 405 436 "-" "WordPress.com; https://wordpress.com"
103.142.24.75 - - [05/Jun/2026:06:52:41 +0200] "GET /wp-login.php HTTP/1.1" 200 7325 "-" "Mozilla/5.0 (Windows NT 10.0; Win64; x64) AppleWebKit/537.36 (KHTML, like Gecko) Chrome/120.0.0.0 Safari/537.36"
194.163.139.224 - - [05/Jun/2026:06:52:43 +0200] "GET /wp-login.php HTTP/1.1" 200 7829 "-" "Mozilla/5.0 (Windows NT 10.0; Win64; x64) AppleWebKit/537.36 (KHTML, like Gecko) Chrome/133.0.0.0 Safari/537.36 Edg/133.0.0.0"
196.130.143.2 - - [05/Jun/2026:06:52:53 +0200] "POST /xmlrpc.php HTTP/1.1" 405 436 "-" "Jetpack/12.0; WordPress/6.2; http://site23662805.com"
196.130.143.2 - - [05/Jun/2026:06:53:07 +0200] "POST /xmlrpc.php HTTP/1.1" 405 436 "-" "Jetpack by WordPress.com"
51.38.192.10 - - [05/Jun/2026:06:53:09 +0200] "GET /wp-login.php HTTP/1.1" 200 7500 "-" "Mozilla/5.0 (Macintosh; Intel Mac OS X 11_7_10) AppleWebKit/537.36 (KHTML, like Gecko) Chrome/133.0.0.0 Safari/537.36"
50.6.169.131 - - [05/Jun/2026:06:53:19 +0200] "POST /xmlrpc.php HTTP/1.1" 200 258 "-" "Mozilla/5.0 (Windows NT 10.0; WOW64) AppleWebKit/537.36 (KHTML, like Gecko) Chrome/133.0.0.0 Safari/537.36"
196.130.143.2 - - [05/Jun/2026:06:53:19 +0200] "POST /xmlrpc.php HTTP/1.1" 405 436 "-" "Jetpack by WordPress.com"
50.6.196.179 - - [05/Jun/2026:06:53:20 +0200] "GET /wp-json/wp/v2/users/me HTTP/1.1" 401 124 "-" "Mozilla/5.0 (Macintosh; Intel Mac OS X 10_15_7) AppleWebKit/537.36 (KHTML, like Gecko) Chrome/133.0.0.0 Safari/537.36"
196.130.143.2 - - [05/Jun/2026:06:53:32 +0200] "POST /xmlrpc.php HTTP/1.1" 405 436 "-" "Jetpack by WordPress.com"
196.130.143.2 - - [05/Jun/2026:06:53:44 +0200] "POST /xmlrpc.php HTTP/1.1" 405 436 "-" "Jetpack by WordPress.com (Jetpack 12.1; WordPress 6.4)"
194.26.192.149 - - [05/Jun/2026:06:53:55 +0200] "GET / HTTP/1.1" 301 - "-" "Mozlila/5.0 (Linux; Android 7.0; SM-G892A Bulid/NRD90M; wv) AppleWebKit/537.36 (KHTML, like Gecko) Version/4.0 Chrome/60.0.3112.107 Moblie Safari/537.36"
194.26.192.149 - - [05/Jun/2026:06:53:55 +0200] "GET /wp-content/plugins/fix/up.php HTTP/1.1" 301 - "-" "Mozilla/5.0 (Windows NT 10.0; Win64; x64) AppleWebKit/537.36 (KHTML, like Gecko) Chrome/85.0.4183.102 Safari/537.36"
194.26.192.149 - - [05/Jun/2026:06:53:55 +0200] "POST /wp-plain.php HTTP/1.1" 301 - "www.google.com" "Mozilla/5.0 (Linux; Android 7.0; SM-G892A Bulid/NRD90M; wv) AppleWebKit/537.36 (KHTML, like Gecko) Version/4.0 Chrome/60.0.3112.107 Moblie Safari/537.36"
194.26.192.149 - - [05/Jun/2026:06:53:55 +0200] "GET /wp-content/themes/seotheme/db.php?u HTTP/1.1" 301 - "www.google.com" "Mozlila/5.0 (Linux; Android 7.0; SM-G892A Bulid/NRD90M; wv) AppleWebKit/537.36 (KHTML, like Gecko) Version/4.0 Chrome/60.0.3112.107 Moblie Safari/537.36"
196.130.143.2 - - [05/Jun/2026:06:53:57 +0200] "POST /xmlrpc.php HTTP/1.1" 405 436 "-" "Jetpack by WordPress.com"
194.26.192.149 - - [05/Jun/2026:06:53:58 +0200] "GET /jmezsflq.php?Fox=d3wL7 HTTP/1.1" 301 - "www.google.com" "Mozilla/5.0 (Linux; Android 7.0; SM-G892A Bulid/NRD90M; wv) AppleWebKit/537.36 (KHTML, like Gecko) Version/4.0 Chrome/60.0.3112.107 Moblie Safari/537.36"
194.26.192.149 - - [05/Jun/2026:06:53:58 +0200] "GET /wp-content/themes/seotheme/db.php?u HTTP/1.1" 301 - "www.google.com" "Mozlila/5.0 (Linux; Android 7.0; SM-G892A Bulid/NRD90M; wv) AppleWebKit/537.36 (KHTML, like Gecko) Version/4.0 Chrome/60.0.3112.107 Moblie Safari/537.36"
196.130.143.2 - - [05/Jun/2026:06:54:10 +0200] "POST /xmlrpc.php HTTP/1.1" 405 436 "-" "Jetpack/13.0; WordPress/6.1; http://site70763151.com"
196.130.143.2 - - [05/Jun/2026:06:54:23 +0200] "POST /xmlrpc.php HTTP/1.1" 405 436 "-" "Jetpack by WordPress.com (Jetpack 13.0; WordPress 6.3)"
50.6.169.131 - - [05/Jun/2026:06:54:24 +0200] "POST /xmlrpc.php HTTP/1.1" 200 258 "-" "Mozilla/5.0 (Windows NT 10.0; Win64; x64) AppleWebKit/537.36 (KHTML, like Gecko) Chrome/133.0.0.0 Safari/537.36"
194.26.192.149 - - [05/Jun/2026:06:54:30 +0200] "GET / HTTP/1.1" 301 - "-" "Mozlila/5.0 (Linux; Android 7.0; SM-G892A Bulid/NRD90M; wv) AppleWebKit/537.36 (KHTML, like Gecko) Version/4.0 Chrome/60.0.3112.107 Moblie Safari/537.36"
194.26.192.149 - - [05/Jun/2026:06:54:30 +0200] "POST /wp-plain.php HTTP/1.1" 301 - "www.google.com" "Mozilla/5.0 (Linux; Android 7.0; SM-G892A Bulid/NRD90M; wv) AppleWebKit/537.36 (KHTML, like Gecko) Version/4.0 Chrome/60.0.3112.107 Moblie Safari/537.36"
194.26.192.149 - - [05/Jun/2026:06:54:30 +0200] "GET /wp-content/plugins/fix/up.php HTTP/1.1" 301 - "-" "Mozilla/5.0 (Windows NT 10.0; Win64; x64) AppleWebKit/537.36 (KHTML, like Gecko) Chrome/85.0.4183.102 Safari/537.36"
194.26.192.149 - - [05/Jun/2026:06:54:30 +0200] "GET /wp-content/themes/seotheme/db.php?u HTTP/1.1" 301 - "www.google.com" "Mozlila/5.0 (Linux; Android 7.0; SM-G892A Bulid/NRD90M; wv) AppleWebKit/537.36 (KHTML, like Gecko) Version/4.0 Chrome/60.0.3112.107 Moblie Safari/537.36"
194.26.192.149 - - [05/Jun/2026:06:54:33 +0200] "GET /bnemqfva.php?Fox=d3wL7 HTTP/1.1" 301 - "www.google.com" "Mozilla/5.0 (Linux; Android 7.0; SM-G892A Bulid/NRD90M; wv) AppleWebKit/537.36 (KHTML, like Gecko) Version/4.0 Chrome/60.0.3112.107 Moblie Safari/537.36"
194.26.192.149 - - [05/Jun/2026:06:54:34 +0200] "GET /wp-content/themes/seotheme/db.php?u HTTP/1.1" 301 - "www.google.com" "Mozlila/5.0 (Linux; Android 7.0; SM-G892A Bulid/NRD90M; wv) AppleWebKit/537.36 (KHTML, like Gecko) Version/4.0 Chrome/60.0.3112.107 Moblie Safari/537.36"
196.130.143.2 - - [05/Jun/2026:06:54:35 +0200] "POST /xmlrpc.php HTTP/1.1" 405 436 "-" "WordPress.com; https://wordpress.com"
196.130.143.2 - - [05/Jun/2026:06:54:48 +0200] "POST /xmlrpc.php HTTP/1.1" 405 436 "-" "Jetpack/12.1; WordPress/6.2; http://site45389421.com"
194.26.192.149 - - [05/Jun/2026:06:54:48 +0200] "GET / HTTP/1.1" 301 - "-" "Mozlila/5.0 (Linux; Android 7.0; SM-G892A Bulid/NRD90M; wv) AppleWebKit/537.36 (KHTML, like Gecko) Version/4.0 Chrome/60.0.3112.107 Moblie Safari/537.36"
194.26.192.149 - - [05/Jun/2026:06:54:48 +0200] "POST /wp-plain.php HTTP/1.1" 301 - "www.google.com" "Mozilla/5.0 (Linux; Android 7.0; SM-G892A Bulid/NRD90M; wv) AppleWebKit/537.36 (KHTML, like Gecko) Version/4.0 Chrome/60.0.3112.107 Moblie Safari/537.36"
194.26.192.149 - - [05/Jun/2026:06:54:48 +0200] "GET /wp-content/plugins/fix/up.php HTTP/1.1" 301 - "-" "Mozilla/5.0 (Windows NT 10.0; Win64; x64) AppleWebKit/537.36 (KHTML, like Gecko) Chrome/85.0.4183.102 Safari/537.36"
194.26.192.149 - - [05/Jun/2026:06:54:48 +0200] "GET /wp-content/themes/seotheme/db.php?u HTTP/1.1" 301 - "www.google.com" "Mozlila/5.0 (Linux; Android 7.0; SM-G892A Bulid/NRD90M; wv) AppleWebKit/537.36 (KHTML, like Gecko) Version/4.0 Chrome/60.0.3112.107 Moblie Safari/537.36"
194.26.192.149 - - [05/Jun/2026:06:54:50 +0200] "GET /cilpfdgx.php?Fox=d3wL7 HTTP/1.1" 301 - "www.google.com" "Mozilla/5.0 (Linux; Android 7.0; SM-G892A Bulid/NRD90M; wv) AppleWebKit/537.36 (KHTML, like Gecko) Version/4.0 Chrome/60.0.3112.107 Moblie Safari/537.36"
194.26.192.149 - - [05/Jun/2026:06:54:50 +0200] "GET /wp-content/themes/seotheme/db.php?u HTTP/1.1" 301 - "www.google.com" "Mozlila/5.0 (Linux; Android 7.0; SM-G892A Bulid/NRD90M; wv) AppleWebKit/537.36 (KHTML, like Gecko) Version/4.0 Chrome/60.0.3112.107 Moblie Safari/537.36"
50.116.112.105 - - [05/Jun/2026:06:54:51 +0200] "POST /xmlrpc.php HTTP/1.1" 200 258 "-" "Mozilla/5.0 (Windows NT 10.0; Win64; x64) AppleWebKit/537.36 (KHTML, like Gecko) Chrome/120.0.0.0 Safari/537.36"
152.53.111.131 - - [05/Jun/2026:06:55:16 +0200] "POST /xmlrpc.php HTTP/1.1" 200 258 "-" "Mozilla/5.0 (Macintosh; Intel Mac OS X 11_7_10) AppleWebKit/537.36 (KHTML, like Gecko) Chrome/133.0.0.0 Safari/537.36"
43.158.91.71 - - [05/Jun/2026:06:55:41 +0200] "GET / HTTP/1.0" 403 - "-" "-"
162.241.152.21 - - [05/Jun/2026:06:56:07 +0200] "POST /xmlrpc.php HTTP/1.1" 200 258 "-" "Mozilla/5.0 (Windows NT 10.0; WOW64) AppleWebKit/537.36 (KHTML, like Gecko) Chrome/133.0.0.0 Safari/537.36"
201.76.149.85 - - [05/Jun/2026:06:56:19 +0200] "POST /xmlrpc.php HTTP/1.1" 200 258 "-" "Mozilla/5.0 (Macintosh; Intel Mac OS X 11_7_10) AppleWebKit/537.36 (KHTML, like Gecko) Chrome/133.0.0.0 Safari/537.36"
103.174.152.203 - - [05/Jun/2026:06:56:21 +0200] "GET /wp-login.php HTTP/1.1" 200 7422 "-" "Mozilla/5.0 (Windows NT 10.0; Win64; x64) AppleWebKit/537.36 (KHTML, like Gecko) Chrome/133.0.0.0 Safari/537.36 Edg/133.0.0.0"
213.171.208.62 - - [05/Jun/2026:06:56:33 +0200] "POST /xmlrpc.php HTTP/1.1" 200 258 "-" "Mozilla/5.0 (Windows NT 10.0; WOW64) AppleWebKit/537.36 (KHTML, like Gecko) Chrome/133.0.0.0 Safari/537.36"
51.38.192.10 - - [05/Jun/2026:06:56:33 +0200] "GET /wp-login.php HTTP/1.1" 200 7552 "-" "Mozilla/5.0 (Macintosh; Intel Mac OS X 11_7_10) AppleWebKit/537.36 (KHTML, like Gecko) Chrome/133.0.0.0 Safari/537.36"
87.192.224.131 - - [05/Jun/2026:06:57:01 +0200] "GET /wp-login.php HTTP/1.1" 200 7363 "-" "Mozilla/5.0 (X11; Ubuntu; Linux x86_64) AppleWebKit/537.36 (KHTML, like Gecko) Chrome/133.0.0.0 Safari/537.36"
103.91.67.202 - - [05/Jun/2026:06:57:05 +0200] "GET /wp-login.php HTTP/1.1" 200 7572 "-" "Mozilla/5.0 (Windows NT 10.0) AppleWebKit/537.36 (KHTML, like Gecko) Chrome/133.0.0.0 Safari/537.36"
119.18.52.246 - - [05/Jun/2026:06:57:09 +0200] "GET /wp-login.php HTTP/1.1" 200 7830 "-" "Mozilla/5.0 (X11; Linux x86_64; rv:133.0) Gecko/20100101 Firefox/133.0"
103.91.67.202 - - [05/Jun/2026:06:57:17 +0200] "GET /wp-json/wp/v2/users/me HTTP/1.1" 401 188 "-" "Mozilla/5.0 (Windows NT 10.0) AppleWebKit/537.36 (KHTML, like Gecko) Chrome/133.0.0.0 Safari/537.36"
119.18.52.246 - - [05/Jun/2026:06:57:26 +0200] "GET /wp-json/wp/v2/users/me HTTP/1.1" 401 188 "-" "Mozilla/5.0 (X11; Linux x86_64; rv:133.0) Gecko/20100101 Firefox/133.0"
208.109.240.82 - - [05/Jun/2026:06:57:29 +0200] "GET /wp-login.php HTTP/1.1" 200 7499 "-" "Mozilla/5.0 (Windows NT 10.0; Win64; x64) AppleWebKit/537.36 (KHTML, like Gecko) Chrome/133.0.0.0 Safari/537.36 Edg/133.0.0.0"
