78.142.18.172 - - [05/Jun/2026:15:19:56 +0200] "POST /xmlrpc.php HTTP/1.1" 200 258 "-" "Mozilla/5.0 (X11; Linux x86_64) AppleWebKit/537.36 (KHTML, like Gecko) Chrome/133.0.0.0 Safari/537.36 Edg/133.0.0.0"
43.230.201.87 - - [05/Jun/2026:15:20:26 +0200] "POST /xmlrpc.php HTTP/1.1" 200 258 "-" "Mozilla/5.0 (X11; Linux x86_64) AppleWebKit/537.36 (KHTML, like Gecko) Chrome/133.0.0.0 Safari/537.36"
68.178.160.25 - - [05/Jun/2026:15:20:36 +0200] "GET /wp-login.php HTTP/1.1" 200 7569 "-" "Mozilla/5.0 (X11; Fedora; Linux x86_64) AppleWebKit/537.36 (KHTML, like Gecko) Chrome/133.0.0.0 Safari/537.36"
119.195.102.159 - - [05/Jun/2026:15:20:44 +0200] "POST /xmlrpc.php HTTP/1.1" 200 258 "-" "Mozilla/5.0 (X11; Linux x86_64) AppleWebKit/537.36 (KHTML, like Gecko) Chrome/133.0.0.0 Safari/537.36 Edg/133.0.0.0"
162.240.150.48 - - [05/Jun/2026:15:20:54 +0200] "POST /xmlrpc.php HTTP/1.1" 200 258 "-" "Mozilla/5.0 (X11; Ubuntu; Linux x86_64; rv:133.0) Gecko/20100101 Firefox/133.0"
208.109.188.137 - - [05/Jun/2026:15:20:55 +0200] "GET /wp-login.php HTTP/1.1" 200 7495 "-" "Mozilla/5.0 (X11; Linux x86_64) AppleWebKit/537.36 (KHTML, like Gecko) Chrome/133.0.0.0 Safari/537.36 Edg/133.0.0.0"
45.11.97.227 - - [05/Jun/2026:15:20:58 +0200] "GET /wp-login.php HTTP/1.1" 200 7744 "-" "Mozilla/5.0 (Macintosh; Intel Mac OS X 10_15_7) AppleWebKit/537.36 (KHTML, like Gecko) Chrome/133.0.0.0 Safari/537.36 Edg/133.0.0.0"
216.251.35.201 - - [05/Jun/2026:15:21:30 +0200] "POST /xmlrpc.php HTTP/1.1" 200 258 "-" "Mozilla/5.0 (X11; Ubuntu; Linux x86_64; rv:133.0) Gecko/20100101 Firefox/133.0"
45.194.67.2 - - [05/Jun/2026:15:21:35 +0200] "GET / HTTP/1.1" 200 587599 "-" "Mozilla/5.0"
43.230.201.87 - - [05/Jun/2026:15:21:38 +0200] "POST /xmlrpc.php HTTP/1.1" 200 258 "-" "Mozilla/5.0 (Windows NT 10.0; Win64; x64) AppleWebKit/537.36 (KHTML, like Gecko) Chrome/133.0.0.0 Safari/537.36"
192.169.178.74 - - [05/Jun/2026:15:21:58 +0200] "GET /wp-login.php HTTP/1.1" 200 7593 "-" "Mozilla/5.0 (X11; Linux x86_64) AppleWebKit/537.36 (KHTML, like Gecko) Chrome/133.0.0.0 Safari/537.36 Edg/133.0.0.0"
113.190.40.93 - - [05/Jun/2026:15:22:08 +0200] "GET /wp-login.php HTTP/1.1" 200 7468 "-" "Mozilla/5.0 (Macintosh; Intel Mac OS X 10_15_7) AppleWebKit/537.36 (KHTML, like Gecko) Chrome/133.0.0.0 Safari/537.36 Edg/133.0.0.0"
185.167.90.252 - - [05/Jun/2026:15:22:11 +0200] "POST /xmlrpc.php HTTP/1.1" 200 258 "-" "Mozilla/5.0 (Windows NT 10.0; Win64; x64) AppleWebKit/537.36 (KHTML, like Gecko) Chrome/120.0.0.0 Safari/537.36"
213.171.208.232 - - [05/Jun/2026:15:22:17 +0200] "GET /wp-login.php HTTP/1.1" 200 7340 "-" "Mozilla/5.0 (X11; Fedora; Linux x86_64) AppleWebKit/537.36 (KHTML, like Gecko) Chrome/133.0.0.0 Safari/537.36"
37.76.41.214 - - [05/Jun/2026:15:22:19 +0200] "-" 408 - "-" "-"
163.43.18.248 - - [05/Jun/2026:15:22:33 +0200] "POST /xmlrpc.php HTTP/1.1" 200 258 "-" "Mozilla/5.0 (Macintosh; Intel Mac OS X 10_15_7) AppleWebKit/537.36 (KHTML, like Gecko) Chrome/133.0.0.0 Safari/537.36 Edg/133.0.0.0"
190.92.141.186 - - [05/Jun/2026:15:22:33 +0200] "POST /xmlrpc.php HTTP/1.1" 200 258 "-" "Mozilla/5.0 (X11; Linux x86_64; rv:133.0) Gecko/20100101 Firefox/133.0"
51.38.192.10 - - [05/Jun/2026:15:23:31 +0200] "GET /wp-login.php HTTP/1.1" 200 7577 "-" "Mozilla/5.0 (X11; Fedora; Linux x86_64) AppleWebKit/537.36 (KHTML, like Gecko) Chrome/133.0.0.0 Safari/537.36"
45.194.67.2 - - [05/Jun/2026:15:23:53 +0200] "GET / HTTP/1.1" 200 587599 "-" "Mozilla/5.0"
54.36.102.244 - - [05/Jun/2026:15:25:02 +0200] "GET /wp-login.php HTTP/1.1" 200 7487 "-" "Mozilla/5.0 (X11; Ubuntu; Linux x86_64; rv:133.0) Gecko/20100101 Firefox/133.0"
54.36.102.244 - - [05/Jun/2026:15:26:12 +0200] "POST /xmlrpc.php HTTP/1.1" 200 258 "-" "Mozilla/5.0 (X11; Ubuntu; Linux x86_64) AppleWebKit/537.36 (KHTML, like Gecko) Chrome/133.0.0.0 Safari/537.36"
68.178.160.25 - - [05/Jun/2026:15:26:13 +0200] "GET /wp-login.php HTTP/1.1" 200 7165 "-" "Mozilla/5.0 (Macintosh; Intel Mac OS X 10_15_7) AppleWebKit/605.1.15 (KHTML, like Gecko) Version/18.3 Safari/605.1.15"
68.178.160.25 - - [05/Jun/2026:15:27:07 +0200] "POST /xmlrpc.php HTTP/1.1" 200 258 "-" "Mozilla/5.0 (X11; Ubuntu; Linux x86_64; rv:133.0) Gecko/20100101 Firefox/133.0"
64.31.25.250 - - [05/Jun/2026:15:27:10 +0200] "GET /wp-login.php HTTP/1.1" 200 7599 "-" "Mozilla/5.0 (X11; Linux x86_64) AppleWebKit/537.36 (KHTML, like Gecko) Chrome/133.0.0.0 Safari/537.36"
46.139.225.122 - - [05/Jun/2026:15:27:39 +0200] "-" 408 - "-" "-"
163.43.18.248 - - [05/Jun/2026:15:28:02 +0200] "GET /wp-json/wp/v2/users/me HTTP/1.1" 401 124 "-" "Mozilla/5.0 (Macintosh; Intel Mac OS X 10_15_7) AppleWebKit/537.36 (KHTML, like Gecko) Chrome/133.0.0.0 Safari/537.36"
50.6.192.190 - - [05/Jun/2026:15:28:02 +0200] "GET /wp-login.php HTTP/1.1" 200 7409 "-" "Mozilla/5.0 (X11; Fedora; Linux x86_64) AppleWebKit/537.36 (KHTML, like Gecko) Chrome/133.0.0.0 Safari/537.36"
167.71.132.111 - - [05/Jun/2026:15:28:02 +0200] "POST /xmlrpc.php HTTP/1.1" 200 258 "-" "Mozilla/5.0 (Macintosh; Intel Mac OS X 11_7_10) AppleWebKit/537.36 (KHTML, like Gecko) Chrome/133.0.0.0 Safari/537.36"
162.240.171.12 - - [05/Jun/2026:15:28:06 +0200] "GET /wp-json/wp/v2/users/me HTTP/1.1" 401 188 "-" "Mozilla/5.0 (Macintosh; Intel Mac OS X 10_15_7) AppleWebKit/605.1.15 (KHTML, like Gecko) Version/18.3 Safari/605.1.15"
129.121.76.191 - - [05/Jun/2026:15:28:20 +0200] "GET /wp-json/wp/v2/users/me HTTP/1.1" 401 188 "-" "Mozilla/5.0 (X11; CrOS x86_64 14541.0.0) AppleWebKit/537.36 (KHTML, like Gecko) Chrome/133.0.0.0 Safari/537.36"
209.141.36.175 - - [05/Jun/2026:15:28:33 +0200] "GET /wp-login.php HTTP/1.1" 200 16705 "-" "Mozilla/5.0 (Windows NT 6.2; WOW64; rv:31.0) Gecko/20100101 Firefox/31.0"
149.3.106.217 - - [05/Jun/2026:15:28:42 +0200] "POST /xmlrpc.php HTTP/1.1" 405 436 "-" "Jetpack by WordPress.com (Jetpack 12.1; WordPress 6.3)"
149.3.106.217 - - [05/Jun/2026:15:28:53 +0200] "POST /xmlrpc.php HTTP/1.1" 405 436 "-" "Jetpack/12.0; WordPress/6.3; http://site80986552.com"
149.3.106.217 - - [05/Jun/2026:15:29:03 +0200] "POST /xmlrpc.php HTTP/1.1" 405 436 "-" "WordPress.com; https://wordpress.com"
149.3.106.217 - - [05/Jun/2026:15:29:14 +0200] "POST /xmlrpc.php HTTP/1.1" 405 436 "-" "Jetpack by WordPress.com"
149.3.106.217 - - [05/Jun/2026:15:29:24 +0200] "POST /xmlrpc.php HTTP/1.1" 405 436 "-" "Jetpack by WordPress.com"
86.98.149.138 - - [05/Jun/2026:15:29:25 +0200] "POST /xmlrpc.php HTTP/1.1" 405 436 "-" "Jetpack by WordPress.com (Jetpack 12.1; WordPress 6.1)"
97.74.87.194 - - [05/Jun/2026:15:29:34 +0200] "GET /wp-login.php HTTP/1.1" 200 7465 "-" "Mozilla/5.0 (Macintosh; Intel Mac OS X 10_15_7) AppleWebKit/605.1.15 (KHTML, like Gecko) Version/18.3 Safari/605.1.15"
149.3.106.217 - - [05/Jun/2026:15:29:35 +0200] "POST /xmlrpc.php HTTP/1.1" 405 436 "-" "Jetpack/13.0; WordPress/6.1; http://site22598849.com"
86.98.149.138 - - [05/Jun/2026:15:29:36 +0200] "POST /xmlrpc.php HTTP/1.1" 405 436 "-" "WordPress.com; https://wordpress.com"
103.90.234.13 - - [05/Jun/2026:15:29:40 +0200] "GET /wp-login.php HTTP/1.1" 200 7378 "-" "Mozilla/5.0 (Macintosh; Intel Mac OS X 10_15_7) AppleWebKit/605.1.15 (KHTML, like Gecko) Version/18.3 Safari/605.1.15"
149.3.106.217 - - [05/Jun/2026:15:29:45 +0200] "POST /xmlrpc.php HTTP/1.1" 405 436 "-" "Jetpack by WordPress.com (Jetpack 12.1; WordPress 6.1)"
86.98.149.138 - - [05/Jun/2026:15:29:46 +0200] "POST /xmlrpc.php HTTP/1.1" 405 436 "-" "WordPress.com; https://wordpress.com"
149.3.106.217 - - [05/Jun/2026:15:29:56 +0200] "POST /xmlrpc.php HTTP/1.1" 405 436 "-" "Jetpack/12.5; WordPress/6.2; http://site61032441.com"
86.98.149.138 - - [05/Jun/2026:15:29:57 +0200] "POST /xmlrpc.php HTTP/1.1" 405 436 "-" "Jetpack by WordPress.com (Jetpack 12.5; WordPress 6.2)"
54.36.102.244 - - [05/Jun/2026:15:30:05 +0200] "GET /wp-login.php HTTP/1.1" 200 7639 "-" "Mozilla/5.0 (Macintosh; Intel Mac OS X 10_15_7) AppleWebKit/537.36 (KHTML, like Gecko) Chrome/133.0.0.0 Safari/537.36 Edg/133.0.0.0"
149.3.106.217 - - [05/Jun/2026:15:30:07 +0200] "POST /xmlrpc.php HTTP/1.1" 405 436 "-" "Jetpack/13.0; WordPress/6.3; http://site75194717.com"
86.98.149.138 - - [05/Jun/2026:15:30:07 +0200] "POST /xmlrpc.php HTTP/1.1" 405 436 "-" "Jetpack by WordPress.com (Jetpack 12.5; WordPress 6.2)"
209.141.36.175 - - [05/Jun/2026:15:30:16 +0200] "GET /wp-login.php HTTP/1.1" 200 16485 "-" "Mozilla/5.0 (Windows NT 6.2; WOW64; rv:31.0) Gecko/20100101 Firefox/31.0"
209.141.36.175 - - [05/Jun/2026:15:30:17 +0200] "GET /wp-admin/themes.php HTTP/1.1" 302 - "-" "python-requests/2.34.2"
149.3.106.217 - - [05/Jun/2026:15:30:17 +0200] "POST /xmlrpc.php HTTP/1.1" 405 436 "-" "Jetpack/12.5; WordPress/6.3; http://site96659755.com"
86.98.149.138 - - [05/Jun/2026:15:30:18 +0200] "POST /xmlrpc.php HTTP/1.1" 405 436 "-" "Jetpack/13.0; WordPress/6.3; http://site54056798.com"
209.141.36.175 - - [05/Jun/2026:15:30:19 +0200] "GET /wp-admin/plugin-install.php?tab=upload HTTP/1.1" 302 - "-" "python-requests/2.34.2"
97.74.87.194 - - [05/Jun/2026:15:30:23 +0200] "GET /wp-login.php HTTP/1.1" 200 7489 "-" "Mozilla/5.0 (X11; Linux x86_64) AppleWebKit/537.36 (KHTML, like Gecko) Chrome/133.0.0.0 Safari/537.36"
149.3.106.217 - - [05/Jun/2026:15:30:28 +0200] "POST /xmlrpc.php HTTP/1.1" 405 436 "-" "Jetpack/12.5; WordPress/6.2; http://site31283419.com"
86.98.149.138 - - [05/Jun/2026:15:30:28 +0200] "POST /xmlrpc.php HTTP/1.1" 405 436 "-" "Jetpack by WordPress.com (Jetpack 12.1; WordPress 6.2)"
149.3.106.217 - - [05/Jun/2026:15:30:39 +0200] "POST /xmlrpc.php HTTP/1.1" 405 436 "-" "Jetpack by WordPress.com"
86.98.149.138 - - [05/Jun/2026:15:30:39 +0200] "POST /xmlrpc.php HTTP/1.1" 405 436 "-" "Jetpack/12.5; WordPress/6.3; http://site15981324.com"
165.232.137.226 - - [05/Jun/2026:15:30:46 +0200] "GET /wp-login.php HTTP/1.1" 200 7389 "-" "Mozilla/5.0 (X11; Linux x86_64) AppleWebKit/537.36 (KHTML, like Gecko) Chrome/133.0.0.0 Safari/537.36 Edg/133.0.0.0"
86.98.149.138 - - [05/Jun/2026:15:30:50 +0200] "POST /xmlrpc.php HTTP/1.1" 405 436 "-" "Jetpack/12.1; WordPress/6.3; http://site56593562.com"
149.3.106.217 - - [05/Jun/2026:15:30:50 +0200] "POST /xmlrpc.php HTTP/1.1" 405 436 "-" "Jetpack by WordPress.com"
86.98.149.138 - - [05/Jun/2026:15:31:00 +0200] "POST /xmlrpc.php HTTP/1.1" 405 436 "-" "Jetpack by WordPress.com"
149.3.106.217 - - [05/Jun/2026:15:31:00 +0200] "POST /xmlrpc.php HTTP/1.1" 405 436 "-" "Jetpack by WordPress.com (Jetpack 12.5; WordPress 6.2)"
86.98.149.138 - - [05/Jun/2026:15:31:10 +0200] "POST /xmlrpc.php HTTP/1.1" 405 436 "-" "Jetpack by WordPress.com"
149.3.106.217 - - [05/Jun/2026:15:31:11 +0200] "POST /xmlrpc.php HTTP/1.1" 405 436 "-" "Jetpack by WordPress.com"
86.98.149.138 - - [05/Jun/2026:15:31:21 +0200] "POST /xmlrpc.php HTTP/1.1" 405 436 "-" "Jetpack by WordPress.com (Jetpack 12.1; WordPress 6.2)"
149.3.106.217 - - [05/Jun/2026:15:31:21 +0200] "POST /xmlrpc.php HTTP/1.1" 405 436 "-" "Jetpack by WordPress.com"
86.98.149.138 - - [05/Jun/2026:15:31:31 +0200] "POST /xmlrpc.php HTTP/1.1" 405 436 "-" "Jetpack by WordPress.com"
149.3.106.217 - - [05/Jun/2026:15:31:32 +0200] "POST /xmlrpc.php HTTP/1.1" 405 436 "-" "WordPress.com; https://wordpress.com"
86.98.149.138 - - [05/Jun/2026:15:31:42 +0200] "POST /xmlrpc.php HTTP/1.1" 405 436 "-" "Jetpack/13.0; WordPress/6.4; http://site14367579.com"
149.3.106.217 - - [05/Jun/2026:15:31:43 +0200] "POST /xmlrpc.php HTTP/1.1" 405 436 "-" "WordPress.com; https://wordpress.com"
86.98.149.138 - - [05/Jun/2026:15:31:52 +0200] "POST /xmlrpc.php HTTP/1.1" 405 436 "-" "WordPress.com; https://wordpress.com"
149.3.106.217 - - [05/Jun/2026:15:31:53 +0200] "POST /xmlrpc.php HTTP/1.1" 405 436 "-" "Jetpack by WordPress.com"
86.98.149.138 - - [05/Jun/2026:15:32:03 +0200] "POST /xmlrpc.php HTTP/1.1" 405 436 "-" "WordPress.com; https://wordpress.com"
149.3.106.217 - - [05/Jun/2026:15:32:04 +0200] "POST /xmlrpc.php HTTP/1.1" 405 436 "-" "Jetpack by WordPress.com"
86.98.149.138 - - [05/Jun/2026:15:32:13 +0200] "POST /xmlrpc.php HTTP/1.1" 405 436 "-" "Jetpack by WordPress.com"
149.3.106.217 - - [05/Jun/2026:15:32:15 +0200] "POST /xmlrpc.php HTTP/1.1" 405 436 "-" "Jetpack/12.1; WordPress/6.4; http://site76292387.com"
86.98.149.138 - - [05/Jun/2026:15:32:24 +0200] "POST /xmlrpc.php HTTP/1.1" 405 436 "-" "Jetpack by WordPress.com"
149.3.106.217 - - [05/Jun/2026:15:32:25 +0200] "POST /xmlrpc.php HTTP/1.1" 405 436 "-" "Jetpack by WordPress.com (Jetpack 13.0; WordPress 6.2)"
194.163.139.224 - - [05/Jun/2026:15:32:29 +0200] "GET /wp-login.php HTTP/1.1" 200 7635 "-" "Mozilla/5.0 (Windows NT 10.0; Win64; x64) AppleWebKit/537.36 (KHTML, like Gecko) Chrome/133.0.0.0 Safari/537.36 Edg/133.0.0.0"
64.31.25.250 - - [05/Jun/2026:15:32:33 +0200] "POST /xmlrpc.php HTTP/1.1" 200 258 "-" "Mozilla/5.0 (Macintosh; Intel Mac OS X 10_15_7) AppleWebKit/605.1.15 (KHTML, like Gecko) Version/18.3 Safari/605.1.15"
86.98.149.138 - - [05/Jun/2026:15:32:35 +0200] "POST /xmlrpc.php HTTP/1.1" 405 436 "-" "Jetpack/13.0; WordPress/6.4; http://site47313719.com"
149.3.106.217 - - [05/Jun/2026:15:32:36 +0200] "POST /xmlrpc.php HTTP/1.1" 405 436 "-" "Jetpack by WordPress.com"
86.98.149.138 - - [05/Jun/2026:15:32:45 +0200] "POST /xmlrpc.php HTTP/1.1" 405 436 "-" "Jetpack/13.0; WordPress/6.2; http://site63662843.com"
149.3.106.217 - - [05/Jun/2026:15:32:47 +0200] "POST /xmlrpc.php HTTP/1.1" 405 436 "-" "WordPress.com; https://wordpress.com"
82.223.24.195 - - [05/Jun/2026:15:32:50 +0200] "POST /xmlrpc.php HTTP/1.1" 200 258 "-" "Mozilla/5.0 (X11; Linux x86_64; rv:133.0) Gecko/20100101 Firefox/133.0"
86.98.149.138 - - [05/Jun/2026:15:32:56 +0200] "POST /xmlrpc.php HTTP/1.1" 405 436 "-" "Jetpack by WordPress.com"
149.3.106.217 - - [05/Jun/2026:15:32:57 +0200] "POST /xmlrpc.php HTTP/1.1" 405 436 "-" "Jetpack by WordPress.com (Jetpack 12.5; WordPress 6.4)"
86.98.149.138 - - [05/Jun/2026:15:33:06 +0200] "POST /xmlrpc.php HTTP/1.1" 405 436 "-" "Jetpack by WordPress.com"
149.3.106.217 - - [05/Jun/2026:15:33:08 +0200] "POST /xmlrpc.php HTTP/1.1" 405 436 "-" "WordPress.com; https://wordpress.com"
103.50.205.131 - - [05/Jun/2026:15:33:10 +0200] "GET /wp-login.php HTTP/1.1" 200 7505 "-" "Mozilla/5.0 (Macintosh; Intel Mac OS X 10_15_7) AppleWebKit/537.36 (KHTML, like Gecko) Chrome/133.0.0.0 Safari/537.36"
86.98.149.138 - - [05/Jun/2026:15:33:17 +0200] "POST /xmlrpc.php HTTP/1.1" 405 436 "-" "WordPress.com; https://wordpress.com"
149.3.106.217 - - [05/Jun/2026:15:33:19 +0200] "POST /xmlrpc.php HTTP/1.1" 405 436 "-" "Jetpack/12.5; WordPress/6.2; http://site96076776.com"
213.163.9.24 - - [05/Jun/2026:15:33:20 +0200] "-" 408 - "-" "-"
188.241.62.83 - - [05/Jun/2026:15:33:26 +0200] "POST /xmlrpc.php HTTP/1.1" 200 258 "-" "Mozilla/5.0 (X11; Linux x86_64) AppleWebKit/537.36 (KHTML, like Gecko) Chrome/133.0.0.0 Safari/537.36 Edg/133.0.0.0"
86.98.149.138 - - [05/Jun/2026:15:33:27 +0200] "POST /xmlrpc.php HTTP/1.1" 405 436 "-" "WordPress.com; https://wordpress.com"
149.3.106.217 - - [05/Jun/2026:15:33:29 +0200] "POST /xmlrpc.php HTTP/1.1" 405 436 "-" "WordPress.com; https://wordpress.com"
86.98.149.138 - - [05/Jun/2026:15:33:38 +0200] "POST /xmlrpc.php HTTP/1.1" 405 436 "-" "WordPress.com; https://wordpress.com"
118.233.90.178 - - [05/Jun/2026:15:33:39 +0200] "POST /xmlrpc.php HTTP/1.1" 200 258 "-" "Mozilla/5.0 (X11; Fedora; Linux x86_64) AppleWebKit/537.36 (KHTML, like Gecko) Chrome/133.0.0.0 Safari/537.36"
149.3.106.217 - - [05/Jun/2026:15:33:40 +0200] "POST /xmlrpc.php HTTP/1.1" 405 436 "-" "WordPress.com; https://wordpress.com"
86.98.149.138 - - [05/Jun/2026:15:33:48 +0200] "POST /xmlrpc.php HTTP/1.1" 405 436 "-" "WordPress.com; https://wordpress.com"
149.3.106.217 - - [05/Jun/2026:15:33:51 +0200] "POST /xmlrpc.php HTTP/1.1" 405 436 "-" "Jetpack by WordPress.com"
86.98.149.138 - - [05/Jun/2026:15:33:59 +0200] "POST /xmlrpc.php HTTP/1.1" 405 436 "-" "WordPress.com; https://wordpress.com"
149.3.106.217 - - [05/Jun/2026:15:34:01 +0200] "POST /xmlrpc.php HTTP/1.1" 405 436 "-" "Jetpack by WordPress.com (Jetpack 12.1; WordPress 6.3)"
52.167.144.20 - - [05/Jun/2026:15:34:07 +0200] "GET /sitemap_index.xml HTTP/1.1" 200 554 "-" "Mozilla/5.0 AppleWebKit/537.36 (KHTML, like Gecko; compatible; bingbot/2.0; +http://www.bing.com/bingbot.htm) Chrome/116.0.1938.76 Safari/537.36"
86.98.149.138 - - [05/Jun/2026:15:34:09 +0200] "POST /xmlrpc.php HTTP/1.1" 405 436 "-" "Jetpack by WordPress.com (Jetpack 12.0; WordPress 6.3)"
149.3.106.217 - - [05/Jun/2026:15:34:12 +0200] "POST /xmlrpc.php HTTP/1.1" 405 436 "-" "Jetpack by WordPress.com"
54.36.102.244 - - [05/Jun/2026:15:34:12 +0200] "POST /xmlrpc.php HTTP/1.1" 200 258 "-" "Mozilla/5.0 (Macintosh; Intel Mac OS X 10_15_7) AppleWebKit/605.1.15 (KHTML, like Gecko) Version/18.3 Safari/605.1.15"
165.232.137.226 - - [05/Jun/2026:15:34:13 +0200] "GET /wp-login.php HTTP/1.1" 200 7702 "-" "Mozilla/5.0 (X11; Linux x86_64) AppleWebKit/537.36 (KHTML, like Gecko) Chrome/133.0.0.0 Safari/537.36"
86.98.149.138 - - [05/Jun/2026:15:34:20 +0200] "POST /xmlrpc.php HTTP/1.1" 405 436 "-" "Jetpack by WordPress.com"
149.3.106.217 - - [05/Jun/2026:15:34:23 +0200] "POST /xmlrpc.php HTTP/1.1" 405 436 "-" "Jetpack by WordPress.com"
86.98.149.138 - - [05/Jun/2026:15:34:30 +0200] "POST /xmlrpc.php HTTP/1.1" 405 436 "-" "Jetpack by WordPress.com"
149.3.106.217 - - [05/Jun/2026:15:34:33 +0200] "POST /xmlrpc.php HTTP/1.1" 405 436 "-" "Jetpack by WordPress.com (Jetpack 13.0; WordPress 6.3)"
86.98.149.138 - - [05/Jun/2026:15:34:41 +0200] "POST /xmlrpc.php HTTP/1.1" 405 436 "-" "Jetpack by WordPress.com"
149.3.106.217 - - [05/Jun/2026:15:34:44 +0200] "POST /xmlrpc.php HTTP/1.1" 405 436 "-" "Jetpack by WordPress.com (Jetpack 12.0; WordPress 6.2)"
86.98.149.138 - - [05/Jun/2026:15:34:51 +0200] "POST /xmlrpc.php HTTP/1.1" 405 436 "-" "Jetpack by WordPress.com"
51.38.192.10 - - [05/Jun/2026:15:34:54 +0200] "POST /xmlrpc.php HTTP/1.1" 200 258 "-" "Mozilla/5.0 (Windows NT 10.0) AppleWebKit/537.36 (KHTML, like Gecko) Chrome/133.0.0.0 Safari/537.36"
149.3.106.217 - - [05/Jun/2026:15:34:55 +0200] "POST /xmlrpc.php HTTP/1.1" 405 436 "-" "Jetpack/12.1; WordPress/6.1; http://site24507556.com"
86.98.149.138 - - [05/Jun/2026:15:35:02 +0200] "POST /xmlrpc.php HTTP/1.1" 405 436 "-" "WordPress.com; https://wordpress.com"
213.171.208.62 - - [05/Jun/2026:15:35:04 +0200] "POST /xmlrpc.php HTTP/1.1" 200 258 "-" "Mozilla/5.0 (Macintosh; Intel Mac OS X 14_7_4) AppleWebKit/537.36 (KHTML, like Gecko) Chrome/133.0.0.0 Safari/537.36"
188.241.62.83 - - [05/Jun/2026:15:35:04 +0200] "POST /xmlrpc.php HTTP/1.1" 200 258 "-" "Mozilla/5.0 (X11; Linux x86_64) AppleWebKit/537.36 (KHTML, like Gecko) Chrome/133.0.0.0 Safari/537.36 Edg/133.0.0.0"
149.3.106.217 - - [05/Jun/2026:15:35:05 +0200] "POST /xmlrpc.php HTTP/1.1" 405 436 "-" "Jetpack by WordPress.com (Jetpack 12.5; WordPress 6.4)"
83.212.240.55 - - [05/Jun/2026:15:35:11 +0200] "POST /xmlrpc.php HTTP/1.1" 200 258 "-" "Mozilla/5.0 (Macintosh; Intel Mac OS X 10_15_7) AppleWebKit/537.36 (KHTML, like Gecko) Chrome/133.0.0.0 Safari/537.36 Edg/133.0.0.0"
86.98.149.138 - - [05/Jun/2026:15:35:12 +0200] "POST /xmlrpc.php HTTP/1.1" 405 436 "-" "Jetpack by WordPress.com"
149.3.106.217 - - [05/Jun/2026:15:35:16 +0200] "POST /xmlrpc.php HTTP/1.1" 405 436 "-" "Jetpack/12.0; WordPress/6.4; http://site27421497.com"
86.98.149.138 - - [05/Jun/2026:15:35:23 +0200] "POST /xmlrpc.php HTTP/1.1" 405 436 "-" "Jetpack by WordPress.com"
149.3.106.217 - - [05/Jun/2026:15:35:27 +0200] "POST /xmlrpc.php HTTP/1.1" 405 436 "-" "Jetpack/12.5; WordPress/6.3; http://site89659675.com"
50.6.192.190 - - [05/Jun/2026:15:35:27 +0200] "GET /wp-login.php HTTP/1.1" 200 7375 "-" "Mozilla/5.0 (Macintosh; Intel Mac OS X 10_15_7) AppleWebKit/605.1.15 (KHTML, like Gecko) Version/18.3 Safari/605.1.15"
163.223.13.54 - - [05/Jun/2026:15:35:32 +0200] "GET /wp-login.php HTTP/1.1" 200 7268 "-" "Mozilla/5.0 (X11; Linux x86_64; rv:133.0) Gecko/20100101 Firefox/133.0"
86.98.149.138 - - [05/Jun/2026:15:35:33 +0200] "POST /xmlrpc.php HTTP/1.1" 405 436 "-" "Jetpack by WordPress.com"
149.3.106.217 - - [05/Jun/2026:15:35:37 +0200] "POST /xmlrpc.php HTTP/1.1" 405 436 "-" "Jetpack by WordPress.com"
86.98.149.138 - - [05/Jun/2026:15:35:44 +0200] "POST /xmlrpc.php HTTP/1.1" 405 436 "-" "Jetpack by WordPress.com (Jetpack 12.0; WordPress 6.2)"
97.74.87.194 - - [05/Jun/2026:15:35:46 +0200] "GET /wp-login.php HTTP/1.1" 200 7440 "-" "Mozilla/5.0 (X11; Linux x86_64) AppleWebKit/537.36 (KHTML, like Gecko) Chrome/133.0.0.0 Safari/537.36 Edg/133.0.0.0"
149.3.106.217 - - [05/Jun/2026:15:35:48 +0200] "POST /xmlrpc.php HTTP/1.1" 405 436 "-" "Jetpack by WordPress.com"
86.98.149.138 - - [05/Jun/2026:15:35:54 +0200] "POST /xmlrpc.php HTTP/1.1" 405 436 "-" "Jetpack by WordPress.com (Jetpack 13.0; WordPress 6.2)"
149.3.106.217 - - [05/Jun/2026:15:35:58 +0200] "POST /xmlrpc.php HTTP/1.1" 405 436 "-" "Jetpack by WordPress.com (Jetpack 12.1; WordPress 6.3)"
86.98.149.138 - - [05/Jun/2026:15:36:05 +0200] "POST /xmlrpc.php HTTP/1.1" 405 436 "-" "Jetpack by WordPress.com"
149.3.106.217 - - [05/Jun/2026:15:36:09 +0200] "POST /xmlrpc.php HTTP/1.1" 405 436 "-" "Jetpack by WordPress.com (Jetpack 12.5; WordPress 6.4)"
86.98.149.138 - - [05/Jun/2026:15:36:15 +0200] "POST /xmlrpc.php HTTP/1.1" 405 436 "-" "WordPress.com; https://wordpress.com"
149.3.106.217 - - [05/Jun/2026:15:36:20 +0200] "POST /xmlrpc.php HTTP/1.1" 405 436 "-" "Jetpack/12.0; WordPress/6.4; http://site36169799.com"
86.98.149.138 - - [05/Jun/2026:15:36:26 +0200] "POST /xmlrpc.php HTTP/1.1" 405 436 "-" "WordPress.com; https://wordpress.com"
149.3.106.217 - - [05/Jun/2026:15:36:30 +0200] "POST /xmlrpc.php HTTP/1.1" 405 436 "-" "Jetpack by WordPress.com (Jetpack 12.0; WordPress 6.3)"
86.98.149.138 - - [05/Jun/2026:15:36:36 +0200] "POST /xmlrpc.php HTTP/1.1" 405 436 "-" "Jetpack by WordPress.com (Jetpack 12.0; WordPress 6.2)"
149.3.106.217 - - [05/Jun/2026:15:36:41 +0200] "POST /xmlrpc.php HTTP/1.1" 405 436 "-" "Jetpack/12.0; WordPress/6.1; http://site27099805.com"
50.6.169.131 - - [05/Jun/2026:15:36:45 +0200] "POST /xmlrpc.php HTTP/1.1" 200 258 "-" "Mozilla/5.0 (X11; Ubuntu; Linux x86_64) AppleWebKit/537.36 (KHTML, like Gecko) Chrome/133.0.0.0 Safari/537.36"
86.98.149.138 - - [05/Jun/2026:15:36:47 +0200] "POST /xmlrpc.php HTTP/1.1" 405 436 "-" "WordPress.com; https://wordpress.com"
43.230.201.87 - - [05/Jun/2026:15:36:51 +0200] "GET /wp-login.php HTTP/1.1" 200 7608 "-" "Mozilla/5.0 (Windows NT 10.0; Win64; x64) AppleWebKit/537.36 (KHTML, like Gecko) Chrome/133.0.0.0 Safari/537.36"
149.3.106.217 - - [05/Jun/2026:15:36:51 +0200] "POST /xmlrpc.php HTTP/1.1" 405 436 "-" "Jetpack by WordPress.com (Jetpack 12.1; WordPress 6.2)"
86.98.149.138 - - [05/Jun/2026:15:36:58 +0200] "POST /xmlrpc.php HTTP/1.1" 405 436 "-" "WordPress.com; https://wordpress.com"
149.3.106.217 - - [05/Jun/2026:15:37:02 +0200] "POST /xmlrpc.php HTTP/1.1" 405 436 "-" "WordPress.com; https://wordpress.com"
86.98.149.138 - - [05/Jun/2026:15:37:08 +0200] "POST /xmlrpc.php HTTP/1.1" 405 436 "-" "Jetpack by WordPress.com (Jetpack 12.5; WordPress 6.3)"
194.164.193.194 - - [05/Jun/2026:15:37:10 +0200] "POST /xmlrpc.php HTTP/1.1" 200 258 "-" "Mozilla/5.0 (Macintosh; Intel Mac OS X 10_15_7) AppleWebKit/537.36 (KHTML, like Gecko) Chrome/133.0.0.0 Safari/537.36 Edg/133.0.0.0"
149.3.106.217 - - [05/Jun/2026:15:37:13 +0200] "POST /xmlrpc.php HTTP/1.1" 405 436 "-" "Jetpack by WordPress.com (Jetpack 13.0; WordPress 6.3)"
86.98.149.138 - - [05/Jun/2026:15:37:19 +0200] "POST /xmlrpc.php HTTP/1.1" 405 436 "-" "WordPress.com; https://wordpress.com"
54.36.102.244 - - [05/Jun/2026:15:37:19 +0200] "GET /wp-login.php HTTP/1.1" 200 7406 "-" "Mozilla/5.0 (Macintosh; Intel Mac OS X 10_15_7) AppleWebKit/537.36 (KHTML, like Gecko) Chrome/133.0.0.0 Safari/537.36 Edg/133.0.0.0"
149.3.106.217 - - [05/Jun/2026:15:37:23 +0200] "POST /xmlrpc.php HTTP/1.1" 405 436 "-" "Jetpack by WordPress.com"
86.98.149.138 - - [05/Jun/2026:15:37:29 +0200] "POST /xmlrpc.php HTTP/1.1" 405 436 "-" "Jetpack by WordPress.com"
149.3.106.217 - - [05/Jun/2026:15:37:34 +0200] "POST /xmlrpc.php HTTP/1.1" 405 436 "-" "Jetpack by WordPress.com (Jetpack 13.0; WordPress 6.2)"
86.98.149.138 - - [05/Jun/2026:15:37:40 +0200] "POST /xmlrpc.php HTTP/1.1" 405 436 "-" "WordPress.com; https://wordpress.com"
149.3.106.217 - - [05/Jun/2026:15:37:45 +0200] "POST /xmlrpc.php HTTP/1.1" 405 436 "-" "Jetpack/12.1; WordPress/6.1; http://site63561650.com"
86.98.149.138 - - [05/Jun/2026:15:37:50 +0200] "POST /xmlrpc.php HTTP/1.1" 405 436 "-" "Jetpack by WordPress.com (Jetpack 12.5; WordPress 6.2)"
149.3.106.217 - - [05/Jun/2026:15:37:55 +0200] "POST /xmlrpc.php HTTP/1.1" 405 436 "-" "WordPress.com; https://wordpress.com"
86.98.149.138 - - [05/Jun/2026:15:38:01 +0200] "POST /xmlrpc.php HTTP/1.1" 405 436 "-" "Jetpack/13.0; WordPress/6.2; http://site16607356.com"
149.3.106.217 - - [05/Jun/2026:15:38:06 +0200] "POST /xmlrpc.php HTTP/1.1" 405 436 "-" "Jetpack by WordPress.com"
86.98.149.138 - - [05/Jun/2026:15:38:11 +0200] "POST /xmlrpc.php HTTP/1.1" 405 436 "-" "Jetpack by WordPress.com (Jetpack 12.5; WordPress 6.4)"
149.3.106.217 - - [05/Jun/2026:15:38:17 +0200] "POST /xmlrpc.php HTTP/1.1" 405 436 "-" "WordPress.com; https://wordpress.com"
86.98.149.138 - - [05/Jun/2026:15:38:22 +0200] "POST /xmlrpc.php HTTP/1.1" 405 436 "-" "WordPress.com; https://wordpress.com"
149.3.106.217 - - [05/Jun/2026:15:38:27 +0200] "POST /xmlrpc.php HTTP/1.1" 405 436 "-" "Jetpack/12.0; WordPress/6.2; http://site94016081.com"
86.98.149.138 - - [05/Jun/2026:15:38:32 +0200] "POST /xmlrpc.php HTTP/1.1" 405 436 "-" "Jetpack by WordPress.com"
103.42.5.132 - - [05/Jun/2026:15:38:33 +0200] "POST /xmlrpc.php HTTP/1.1" 200 258 "-" "Mozilla/5.0 (X11; CrOS x86_64 14541.0.0) AppleWebKit/537.36 (KHTML, like Gecko) Chrome/133.0.0.0 Safari/537.36"
149.3.106.217 - - [05/Jun/2026:15:38:38 +0200] "POST /xmlrpc.php HTTP/1.1" 405 436 "-" "WordPress.com; https://wordpress.com"
86.98.149.138 - - [05/Jun/2026:15:38:43 +0200] "POST /xmlrpc.php HTTP/1.1" 405 436 "-" "Jetpack by WordPress.com (Jetpack 12.5; WordPress 6.2)"
77.110.157.89 - - [05/Jun/2026:15:38:44 +0200] "-" 408 - "-" "-"
149.3.106.217 - - [05/Jun/2026:15:38:49 +0200] "POST /xmlrpc.php HTTP/1.1" 405 436 "-" "Jetpack by WordPress.com (Jetpack 12.1; WordPress 6.4)"
86.98.149.138 - - [05/Jun/2026:15:38:53 +0200] "POST /xmlrpc.php HTTP/1.1" 405 436 "-" "Jetpack by WordPress.com (Jetpack 13.0; WordPress 6.1)"
149.3.106.217 - - [05/Jun/2026:15:38:59 +0200] "POST /xmlrpc.php HTTP/1.1" 405 436 "-" "WordPress.com; https://wordpress.com"
86.98.149.138 - - [05/Jun/2026:15:39:04 +0200] "POST /xmlrpc.php HTTP/1.1" 405 436 "-" "Jetpack by WordPress.com"
149.3.106.217 - - [05/Jun/2026:15:39:10 +0200] "POST /xmlrpc.php HTTP/1.1" 405 436 "-" "Jetpack/12.0; WordPress/6.4; http://site41656202.com"
86.98.149.138 - - [05/Jun/2026:15:39:14 +0200] "POST /xmlrpc.php HTTP/1.1" 405 436 "-" "Jetpack by WordPress.com"
34.100.167.237 - - [05/Jun/2026:15:39:16 +0200] "GET /wp-login.php HTTP/1.1" 200 7595 "-" "Mozilla/5.0 (Macintosh; Intel Mac OS X 14_7_4) AppleWebKit/537.36 (KHTML, like Gecko) Chrome/133.0.0.0 Safari/537.36"
149.3.106.217 - - [05/Jun/2026:15:39:21 +0200] "POST /xmlrpc.php HTTP/1.1" 405 436 "-" "Jetpack by WordPress.com"
86.98.149.138 - - [05/Jun/2026:15:39:25 +0200] "POST /xmlrpc.php HTTP/1.1" 405 436 "-" "WordPress.com; https://wordpress.com"
149.3.106.217 - - [05/Jun/2026:15:39:31 +0200] "POST /xmlrpc.php HTTP/1.1" 405 436 "-" "Jetpack/12.1; WordPress/6.3; http://site22438897.com"
86.98.149.138 - - [05/Jun/2026:15:39:36 +0200] "POST /xmlrpc.php HTTP/1.1" 405 436 "-" "Jetpack by WordPress.com (Jetpack 12.0; WordPress 6.1)"
149.3.106.217 - - [05/Jun/2026:15:39:42 +0200] "POST /xmlrpc.php HTTP/1.1" 405 436 "-" "Jetpack by WordPress.com"
86.98.149.138 - - [05/Jun/2026:15:39:46 +0200] "POST /xmlrpc.php HTTP/1.1" 405 436 "-" "WordPress.com; https://wordpress.com"
50.6.169.131 - - [05/Jun/2026:15:39:47 +0200] "POST /xmlrpc.php HTTP/1.1" 200 258 "-" "Mozilla/5.0 (X11; Ubuntu; Linux x86_64) AppleWebKit/537.36 (KHTML, like Gecko) Chrome/133.0.0.0 Safari/537.36"
149.3.106.217 - - [05/Jun/2026:15:39:53 +0200] "POST /xmlrpc.php HTTP/1.1" 405 436 "-" "Jetpack/13.0; WordPress/6.1; http://site19393575.com"
141.98.11.117 - - [05/Jun/2026:15:39:54 +0200] "GET /wp-login.php HTTP/1.1" 200 7433 "-" "Mozilla/5.0 (Windows NT 10.0; Win64; x64) AppleWebKit/537.36 (KHTML, like Gecko) Chrome/133.0.0.0 Safari/537.36"
86.98.149.138 - - [05/Jun/2026:15:39:56 +0200] "POST /xmlrpc.php HTTP/1.1" 405 436 "-" "Jetpack by WordPress.com"
149.3.106.217 - - [05/Jun/2026:15:40:03 +0200] "POST /xmlrpc.php HTTP/1.1" 405 436 "-" "WordPress.com; https://wordpress.com"
86.98.149.138 - - [05/Jun/2026:15:40:07 +0200] "POST /xmlrpc.php HTTP/1.1" 405 436 "-" "Jetpack by WordPress.com (Jetpack 12.5; WordPress 6.3)"
149.3.106.217 - - [05/Jun/2026:15:40:14 +0200] "POST /xmlrpc.php HTTP/1.1" 405 436 "-" "Jetpack by WordPress.com"
86.98.149.138 - - [05/Jun/2026:15:40:18 +0200] "POST /xmlrpc.php HTTP/1.1" 405 436 "-" "Jetpack/12.0; WordPress/6.1; http://site97290868.com"
149.3.106.217 - - [05/Jun/2026:15:40:25 +0200] "POST /xmlrpc.php HTTP/1.1" 405 436 "-" "Jetpack by WordPress.com"
86.98.149.138 - - [05/Jun/2026:15:40:28 +0200] "POST /xmlrpc.php HTTP/1.1" 405 436 "-" "WordPress.com; https://wordpress.com"
83.212.240.55 - - [05/Jun/2026:15:40:30 +0200] "POST /xmlrpc.php HTTP/1.1" 200 258 "-" "Mozilla/5.0 (Windows NT 10.0; Win64; x64) AppleWebKit/537.36 (KHTML, like Gecko) Chrome/133.0.0.0 Safari/537.36"
149.3.106.217 - - [05/Jun/2026:15:40:35 +0200] "POST /xmlrpc.php HTTP/1.1" 405 436 "-" "WordPress.com; https://wordpress.com"
168.138.197.172 - - [05/Jun/2026:15:40:38 +0200] "POST /xmlrpc.php HTTP/1.1" 200 258 "-" "Mozilla/5.0 (X11; Linux x86_64) AppleWebKit/537.36 (KHTML, like Gecko) Chrome/133.0.0.0 Safari/537.36"
86.98.149.138 - - [05/Jun/2026:15:40:39 +0200] "POST /xmlrpc.php HTTP/1.1" 405 436 "-" "Jetpack/12.0; WordPress/6.2; http://site85543503.com"
149.3.106.217 - - [05/Jun/2026:15:40:46 +0200] "POST /xmlrpc.php HTTP/1.1" 405 436 "-" "WordPress.com; https://wordpress.com"
72.167.50.103 - - [05/Jun/2026:15:40:46 +0200] "POST /xmlrpc.php HTTP/1.1" 200 258 "-" "Mozilla/5.0 (Macintosh; Intel Mac OS X 11_7_10) AppleWebKit/537.36 (KHTML, like Gecko) Chrome/133.0.0.0 Safari/537.36"
86.98.149.138 - - [05/Jun/2026:15:40:49 +0200] "POST /xmlrpc.php HTTP/1.1" 405 436 "-" "Jetpack/12.1; WordPress/6.4; http://site13006454.com"
149.3.106.217 - - [05/Jun/2026:15:40:56 +0200] "POST /xmlrpc.php HTTP/1.1" 405 436 "-" "WordPress.com; https://wordpress.com"
86.98.149.138 - - [05/Jun/2026:15:41:00 +0200] "POST /xmlrpc.php HTTP/1.1" 405 436 "-" "WordPress.com; https://wordpress.com"
149.3.106.217 - - [05/Jun/2026:15:41:07 +0200] "POST /xmlrpc.php HTTP/1.1" 405 436 "-" "Jetpack/12.1; WordPress/6.1; http://site82800031.com"
86.98.149.138 - - [05/Jun/2026:15:41:10 +0200] "POST /xmlrpc.php HTTP/1.1" 405 436 "-" "Jetpack by WordPress.com (Jetpack 12.5; WordPress 6.2)"
50.6.169.131 - - [05/Jun/2026:15:41:11 +0200] "GET /wp-login.php HTTP/1.1" 200 7498 "-" "Mozilla/5.0 (Windows NT 10.0; Win64; x64) AppleWebKit/537.36 (KHTML, like Gecko) Chrome/133.0.0.0 Safari/537.36 Edg/133.0.0.0"
149.3.106.217 - - [05/Jun/2026:15:41:18 +0200] "POST /xmlrpc.php HTTP/1.1" 405 436 "-" "WordPress.com; https://wordpress.com"
86.98.149.138 - - [05/Jun/2026:15:41:21 +0200] "POST /xmlrpc.php HTTP/1.1" 405 436 "-" "Jetpack by WordPress.com"
149.3.106.217 - - [05/Jun/2026:15:41:28 +0200] "POST /xmlrpc.php HTTP/1.1" 405 436 "-" "Jetpack by WordPress.com (Jetpack 12.0; WordPress 6.3)"
46.224.234.158 - - [05/Jun/2026:15:41:31 +0200] "GET /wp-login.php HTTP/1.1" 200 7364 "-" "Mozilla/5.0 (Windows NT 10.0; Win64; x64) AppleWebKit/537.36 (KHTML, like Gecko) Chrome/133.0.0.0 Safari/537.36"
86.98.149.138 - - [05/Jun/2026:15:41:31 +0200] "POST /xmlrpc.php HTTP/1.1" 405 436 "-" "WordPress.com; https://wordpress.com"
64.31.25.250 - - [05/Jun/2026:15:41:35 +0200] "GET /wp-login.php HTTP/1.1" 200 7555 "-" "Mozilla/5.0 (Windows NT 10.0; Win64; x64; rv:133.0) Gecko/20100101 Firefox/133.0"
149.3.106.217 - - [05/Jun/2026:15:41:39 +0200] "POST /xmlrpc.php HTTP/1.1" 405 436 "-" "Jetpack/12.5; WordPress/6.3; http://site13044811.com"
86.98.149.138 - - [05/Jun/2026:15:41:42 +0200] "POST /xmlrpc.php HTTP/1.1" 405 436 "-" "Jetpack by WordPress.com (Jetpack 13.0; WordPress 6.1)"
149.3.106.217 - - [05/Jun/2026:15:41:50 +0200] "POST /xmlrpc.php HTTP/1.1" 405 436 "-" "Jetpack by WordPress.com (Jetpack 12.0; WordPress 6.3)"
86.98.149.138 - - [05/Jun/2026:15:41:52 +0200] "POST /xmlrpc.php HTTP/1.1" 405 436 "-" "Jetpack/13.0; WordPress/6.4; http://site47658820.com"
72.167.50.103 - - [05/Jun/2026:15:41:55 +0200] "GET /wp-login.php HTTP/1.1" 200 7467 "-" "Mozilla/5.0 (X11; CrOS x86_64 14541.0.0) AppleWebKit/537.36 (KHTML, like Gecko) Chrome/133.0.0.0 Safari/537.36"
78.142.18.172 - - [05/Jun/2026:15:41:58 +0200] "GET /wp-login.php HTTP/1.1" 200 7310 "-" "Mozilla/5.0 (Windows NT 10.0) AppleWebKit/537.36 (KHTML, like Gecko) Chrome/133.0.0.0 Safari/537.36"
149.3.106.217 - - [05/Jun/2026:15:42:01 +0200] "POST /xmlrpc.php HTTP/1.1" 405 436 "-" "WordPress.com; https://wordpress.com"
86.98.149.138 - - [05/Jun/2026:15:42:03 +0200] "POST /xmlrpc.php HTTP/1.1" 405 436 "-" "Jetpack by WordPress.com (Jetpack 12.1; WordPress 6.3)"
81.0.87.192 - - [05/Jun/2026:15:42:09 +0200] "-" 408 - "-" "-"
149.3.106.217 - - [05/Jun/2026:15:42:11 +0200] "POST /xmlrpc.php HTTP/1.1" 405 436 "-" "WordPress.com; https://wordpress.com"
86.98.149.138 - - [05/Jun/2026:15:42:13 +0200] "POST /xmlrpc.php HTTP/1.1" 405 436 "-" "Jetpack/12.5; WordPress/6.2; http://site63027722.com"
46.224.234.158 - - [05/Jun/2026:15:42:16 +0200] "POST /xmlrpc.php HTTP/1.1" 200 258 "-" "Mozilla/5.0 (X11; Linux x86_64) AppleWebKit/537.36 (KHTML, like Gecko) Chrome/133.0.0.0 Safari/537.36"
149.3.106.217 - - [05/Jun/2026:15:42:23 +0200] "POST /xmlrpc.php HTTP/1.1" 405 436 "-" "Jetpack by WordPress.com (Jetpack 12.1; WordPress 6.4)"
86.98.149.138 - - [05/Jun/2026:15:42:24 +0200] "POST /xmlrpc.php HTTP/1.1" 405 436 "-" "WordPress.com; https://wordpress.com"
149.3.106.217 - - [05/Jun/2026:15:42:32 +0200] "POST /xmlrpc.php HTTP/1.1" 405 436 "-" "Jetpack by WordPress.com (Jetpack 12.0; WordPress 6.3)"
103.42.5.132 - - [05/Jun/2026:15:42:32 +0200] "GET /wp-login.php HTTP/1.1" 200 7228 "-" "Mozilla/5.0 (X11; Linux x86_64; rv:133.0) Gecko/20100101 Firefox/133.0"
86.98.149.138 - - [05/Jun/2026:15:42:34 +0200] "POST /xmlrpc.php HTTP/1.1" 405 436 "-" "Jetpack by WordPress.com (Jetpack 12.0; WordPress 6.4)"
149.3.106.217 - - [05/Jun/2026:15:42:43 +0200] "POST /xmlrpc.php HTTP/1.1" 405 436 "-" "WordPress.com; https://wordpress.com"
209.38.221.42 - - [05/Jun/2026:15:42:44 +0200] "GET /wp-login.php HTTP/1.1" 200 7555 "-" "Mozilla/5.0 (Windows NT 10.0; Win64; x64) AppleWebKit/537.36 (KHTML, like Gecko) Chrome/133.0.0.0 Safari/537.36"
86.98.149.138 - - [05/Jun/2026:15:42:45 +0200] "POST /xmlrpc.php HTTP/1.1" 405 436 "-" "Jetpack by WordPress.com"
149.3.106.217 - - [05/Jun/2026:15:42:54 +0200] "POST /xmlrpc.php HTTP/1.1" 405 436 "-" "Jetpack/13.0; WordPress/6.2; http://site87822859.com"
86.98.149.138 - - [05/Jun/2026:15:42:55 +0200] "POST /xmlrpc.php HTTP/1.1" 405 436 "-" "Jetpack/13.0; WordPress/6.2; http://site38224256.com"
213.171.208.62 - - [05/Jun/2026:15:43:01 +0200] "POST /xmlrpc.php HTTP/1.1" 200 258 "-" "Mozilla/5.0 (X11; Fedora; Linux x86_64) AppleWebKit/537.36 (KHTML, like Gecko) Chrome/133.0.0.0 Safari/537.36"
149.3.106.217 - - [05/Jun/2026:15:43:04 +0200] "POST /xmlrpc.php HTTP/1.1" 405 436 "-" "Jetpack/12.0; WordPress/6.3; http://site16279218.com"
86.98.149.138 - - [05/Jun/2026:15:43:06 +0200] "POST /xmlrpc.php HTTP/1.1" 405 436 "-" "Jetpack/12.0; WordPress/6.4; http://site20689241.com"
149.3.106.217 - - [05/Jun/2026:15:43:15 +0200] "POST /xmlrpc.php HTTP/1.1" 405 436 "-" "WordPress.com; https://wordpress.com"
69.49.112.71 - - [05/Jun/2026:15:43:15 +0200] "GET /wp-login.php HTTP/1.1" 200 7386 "-" "Mozilla/5.0 (Macintosh; Intel Mac OS X 11_7_10) AppleWebKit/537.36 (KHTML, like Gecko) Chrome/133.0.0.0 Safari/537.36"
86.98.149.138 - - [05/Jun/2026:15:43:16 +0200] "POST /xmlrpc.php HTTP/1.1" 405 436 "-" "Jetpack/12.0; WordPress/6.3; http://site80441196.com"
52.63.6.60 - - [05/Jun/2026:15:43:22 +0200] "POST /xmlrpc.php HTTP/1.1" 200 258 "-" "Mozilla/5.0 (Windows NT 10.0; Win64; x64) AppleWebKit/537.36 (KHTML, like Gecko) Chrome/133.0.0.0 Safari/537.36"
149.3.106.217 - - [05/Jun/2026:15:43:26 +0200] "POST /xmlrpc.php HTTP/1.1" 405 436 "-" "Jetpack/12.1; WordPress/6.1; http://site15342717.com"
86.98.149.138 - - [05/Jun/2026:15:43:27 +0200] "POST /xmlrpc.php HTTP/1.1" 405 436 "-" "Jetpack/12.5; WordPress/6.1; http://site64611343.com"
98.88.137.2 - - [05/Jun/2026:15:43:31 +0200] "GET / HTTP/1.1" 301 - "-" "RecordedFuture Global Inventory Crawler"
149.3.106.217 - - [05/Jun/2026:15:43:37 +0200] "POST /xmlrpc.php HTTP/1.1" 405 436 "-" "WordPress.com; https://wordpress.com"
86.98.149.138 - - [05/Jun/2026:15:43:37 +0200] "POST /xmlrpc.php HTTP/1.1" 405 436 "-" "Jetpack/12.1; WordPress/6.2; http://site30609972.com"
51.38.192.10 - - [05/Jun/2026:15:43:46 +0200] "GET /wp-login.php HTTP/1.1" 200 7414 "-" "Mozilla/5.0 (X11; Ubuntu; Linux x86_64; rv:133.0) Gecko/20100101 Firefox/133.0"
149.3.106.217 - - [05/Jun/2026:15:43:47 +0200] "POST /xmlrpc.php HTTP/1.1" 405 436 "-" "Jetpack by WordPress.com"
86.98.149.138 - - [05/Jun/2026:15:43:48 +0200] "POST /xmlrpc.php HTTP/1.1" 405 436 "-" "WordPress.com; https://wordpress.com"
82.223.24.195 - - [05/Jun/2026:15:43:52 +0200] "POST /xmlrpc.php HTTP/1.1" 200 258 "-" "Mozilla/5.0 (Windows NT 10.0; Win64; x64) AppleWebKit/537.36 (KHTML, like Gecko) Chrome/133.0.0.0 Safari/537.36 Edg/133.0.0.0"
149.3.106.217 - - [05/Jun/2026:15:43:58 +0200] "POST /xmlrpc.php HTTP/1.1" 405 436 "-" "Jetpack by WordPress.com (Jetpack 12.5; WordPress 6.1)"
86.98.149.138 - - [05/Jun/2026:15:43:58 +0200] "POST /xmlrpc.php HTTP/1.1" 405 436 "-" "Jetpack by WordPress.com"
50.6.198.159 - - [05/Jun/2026:15:44:04 +0200] "POST /xmlrpc.php HTTP/1.1" 200 258 "-" "Mozilla/5.0 (X11; Linux x86_64) AppleWebKit/537.36 (KHTML, like Gecko) Chrome/133.0.0.0 Safari/537.36 Edg/133.0.0.0"
149.3.106.217 - - [05/Jun/2026:15:44:08 +0200] "POST /xmlrpc.php HTTP/1.1" 405 436 "-" "Jetpack/12.5; WordPress/6.2; http://site30474285.com"
86.98.149.138 - - [05/Jun/2026:15:44:09 +0200] "POST /xmlrpc.php HTTP/1.1" 405 436 "-" "WordPress.com; https://wordpress.com"
149.3.106.217 - - [05/Jun/2026:15:44:19 +0200] "POST /xmlrpc.php HTTP/1.1" 405 436 "-" "Jetpack by WordPress.com (Jetpack 12.0; WordPress 6.3)"
86.98.149.138 - - [05/Jun/2026:15:44:19 +0200] "POST /xmlrpc.php HTTP/1.1" 405 436 "-" "Jetpack by WordPress.com"
43.230.201.87 - - [05/Jun/2026:15:44:20 +0200] "POST /xmlrpc.php HTTP/1.1" 200 258 "-" "Mozilla/5.0 (Windows NT 10.0; WOW64) AppleWebKit/537.36 (KHTML, like Gecko) Chrome/133.0.0.0 Safari/537.36"
149.3.106.217 - - [05/Jun/2026:15:44:30 +0200] "POST /xmlrpc.php HTTP/1.1" 405 436 "-" "Jetpack by WordPress.com (Jetpack 13.0; WordPress 6.4)"
86.98.149.138 - - [05/Jun/2026:15:44:30 +0200] "POST /xmlrpc.php HTTP/1.1" 405 436 "-" "Jetpack by WordPress.com"
86.98.149.138 - - [05/Jun/2026:15:44:40 +0200] "POST /xmlrpc.php HTTP/1.1" 405 436 "-" "Jetpack by WordPress.com (Jetpack 12.1; WordPress 6.1)"
149.3.106.217 - - [05/Jun/2026:15:44:40 +0200] "POST /xmlrpc.php HTTP/1.1" 405 436 "-" "Jetpack/12.1; WordPress/6.4; http://site99051508.com"
86.98.149.138 - - [05/Jun/2026:15:44:51 +0200] "POST /xmlrpc.php HTTP/1.1" 405 436 "-" "Jetpack by WordPress.com (Jetpack 12.1; WordPress 6.3)"
149.3.106.217 - - [05/Jun/2026:15:44:51 +0200] "POST /xmlrpc.php HTTP/1.1" 405 436 "-" "Jetpack by WordPress.com"
86.98.149.138 - - [05/Jun/2026:15:45:01 +0200] "POST /xmlrpc.php HTTP/1.1" 405 436 "-" "Jetpack/12.5; WordPress/6.2; http://site51656330.com"
149.3.106.217 - - [05/Jun/2026:15:45:02 +0200] "POST /xmlrpc.php HTTP/1.1" 405 436 "-" "WordPress.com; https://wordpress.com"
82.223.24.195 - - [05/Jun/2026:15:45:07 +0200] "GET /wp-login.php HTTP/1.1" 200 7305 "-" "Mozilla/5.0 (X11; Linux i686) AppleWebKit/537.36 (KHTML, like Gecko) Chrome/133.0.0.0 Safari/537.36"
143.20.97.215 - - [05/Jun/2026:15:45:09 +0200] "GET / HTTP/1.1" 301 - "-" "Mozilla/5.0 (Linux; Android 14; Pixel 8) AppleWebKit/537.36 (KHTML, like Gecko) Version/4.0 Chrome/131.0.0.0 Mobile Safari/537.36 AliApp(DingTalk/7.5.30) com.alibaba.android.rimet/35900215 Channel/201200"
143.20.97.215 - - [05/Jun/2026:15:45:11 +0200] "GET /robots.txt HTTP/1.1" 200 175 "-" "Mozilla/5.0 (Macintosh; Intel Mac OS X 14.7; rv:133.0) Gecko/20100101 Firefox/133.0"
86.98.149.138 - - [05/Jun/2026:15:45:12 +0200] "POST /xmlrpc.php HTTP/1.1" 405 436 "-" "Jetpack by WordPress.com (Jetpack 12.1; WordPress 6.1)"
149.3.106.217 - - [05/Jun/2026:15:45:13 +0200] "POST /xmlrpc.php HTTP/1.1" 405 436 "-" "Jetpack by WordPress.com"
143.20.97.215 - - [05/Jun/2026:15:45:14 +0200] "GET /application.yml HTTP/1.1" 301 - "-" "Mozilla/5.0 (compatible; Bytespider; spider-feedback@bytedance.com)"
143.20.97.215 - - [05/Jun/2026:15:45:14 +0200] "GET /vault.env HTTP/1.1" 301 - "-" "Mozilla/5.0 (compatible; Bytespider; spider-feedback@bytedance.com)"
143.20.97.215 - - [05/Jun/2026:15:45:15 +0200] "GET /.aws/credentials HTTP/1.1" 301 - "-" "meta-externalagent/1.1 (+https://developers.facebook.com/docs/sharing/webmasters/crawler)"
143.20.97.215 - - [05/Jun/2026:15:45:16 +0200] "GET /sitemap.xml HTTP/1.1" 301 - "-" "Mozilla/5.0 (Linux; Android 14; Pixel 9) AppleWebKit/537.36 (KHTML, like Gecko) Chrome/131.0.0.0 Mobile Safari/537.36"
143.20.97.215 - - [05/Jun/2026:15:45:17 +0200] "GET /.git/config HTTP/1.1" 301 - "-" "Mozilla/5.0 AppleWebKit/537.36 (KHTML, like Gecko); compatible; Perplexity-User/1.0; +https://perplexity.ai/perplexity-user"
143.20.97.215 - - [05/Jun/2026:15:45:17 +0200] "GET /storage/logs/laravel.log HTTP/1.1" 301 - "-" "Mozilla/5.0 (compatible; Googlebot/2.1; +http://www.google.com/bot.html)"
143.20.97.215 - - [05/Jun/2026:15:45:17 +0200] "GET /secrets.json HTTP/1.1" 301 - "-" "Mozilla/5.0 (compatible; Google-Extended/1.0; +http://www.google.com/bot.html)"
143.20.97.215 - - [05/Jun/2026:15:45:18 +0200] "GET /application.properties HTTP/1.1" 301 - "-" "Mozilla/5.0 (compatible; Claude-Web/1.0; +https://www.anthropic.com)"
143.20.97.215 - - [05/Jun/2026:15:45:20 +0200] "GET /secrets.yml HTTP/1.1" 301 - "-" "Mozilla/5.0 (compatible; Google-Extended/1.0; +http://www.google.com/bot.html)"
86.98.149.138 - - [05/Jun/2026:15:45:22 +0200] "POST /xmlrpc.php HTTP/1.1" 405 436 "-" "Jetpack by WordPress.com"
143.20.97.215 - - [05/Jun/2026:15:45:23 +0200] "GET /.env HTTP/1.1" 301 - "-" "Mozilla/5.0 AppleWebKit/537.36 (KHTML, like Gecko); compatible; ClaudeBot/1.0; +mailto:support@anthropic.com"
149.3.106.217 - - [05/Jun/2026:15:45:24 +0200] "POST /xmlrpc.php HTTP/1.1" 405 436 "-" "WordPress.com; https://wordpress.com"
143.20.97.215 - - [05/Jun/2026:15:45:25 +0200] "GET /config/secrets.yml HTTP/1.1" 301 - "-" "meta-externalagent/1.1 (+https://developers.facebook.com/docs/sharing/webmasters/crawler)"
143.20.97.215 - - [05/Jun/2026:15:45:26 +0200] "GET /config/application.properties HTTP/1.1" 301 - "-" "Mozilla/5.0 (compatible; Google-Extended/1.0; +http://www.google.com/bot.html)"
143.20.97.215 - - [05/Jun/2026:15:45:28 +0200] "GET /.env.example HTTP/1.1" 301 - "-" "Mozilla/5.0 (compatible; Google-Extended/1.0; +http://www.google.com/bot.html)"
143.20.97.215 - - [05/Jun/2026:15:45:28 +0200] "GET /.env.local HTTP/1.1" 301 - "-" "Mozilla/5.0 (compatible; Applebot/0.1; +http://www.apple.com/go/applebot)"
143.20.97.215 - - [05/Jun/2026:15:45:30 +0200] "GET /.env.production HTTP/1.1" 301 - "-" "anthropic-ai"
143.20.97.215 - - [05/Jun/2026:15:45:30 +0200] "GET /.env.development HTTP/1.1" 301 - "-" "Mozilla/5.0 (compatible; cohere-ai/1.0; +https://cohere.com)"
143.20.97.215 - - [05/Jun/2026:15:45:30 +0200] "GET /.env.backup HTTP/1.1" 301 - "-" "meta-externalagent/1.1 (+https://developers.facebook.com/docs/sharing/webmasters/crawler)"
143.20.97.215 - - [05/Jun/2026:15:45:31 +0200] "GET /.env.bak HTTP/1.1" 301 - "-" "Mozilla/5.0 AppleWebKit/537.36 (KHTML, like Gecko); compatible; GPTBot/1.2; +https://openai.com/gptbot"
143.20.97.215 - - [05/Jun/2026:15:45:31 +0200] "GET /.env.staging HTTP/1.1" 301 - "-" "Mozilla/5.0 AppleWebKit/537.36 (KHTML, like Gecko); compatible; GPTBot/1.2; +https://openai.com/gptbot"
143.20.97.215 - - [05/Jun/2026:15:45:32 +0200] "GET /.env.old HTTP/1.1" 301 - "-" "Mozilla/5.0 (compatible; Claude-Web/1.0; +https://www.anthropic.com)"
143.20.97.215 - - [05/Jun/2026:15:45:32 +0200] "GET /.env.test HTTP/1.1" 301 - "-" "Mozilla/5.0 (compatible; cohere-ai/1.0; +https://cohere.com)"
143.20.97.215 - - [05/Jun/2026:15:45:32 +0200] "GET /config.env HTTP/1.1" 301 - "-" "Mozilla/5.0 (compatible; Google-Extended/1.0; +http://www.google.com/bot.html)"
143.20.97.215 - - [05/Jun/2026:15:45:32 +0200] "GET /api/.env HTTP/1.1" 301 - "-" "Mozilla/5.0 AppleWebKit/537.36 (KHTML, like Gecko); compatible; PerplexityBot/1.0; +https://perplexity.ai/perplexitybot"
86.98.149.138 - - [05/Jun/2026:15:45:33 +0200] "POST /xmlrpc.php HTTP/1.1" 405 436 "-" "WordPress.com; https://wordpress.com"
143.20.97.215 - - [05/Jun/2026:15:45:33 +0200] "GET /wp-admin/admin-ajax.php HTTP/1.1" 400 21 "-" "Mozilla/5.0 (compatible; Applebot/0.1; +http://www.apple.com/go/applebot)"
143.20.97.215 - - [05/Jun/2026:15:45:33 +0200] "GET /wp-content/uploads/wc-logs/ HTTP/1.1" 301 - "-" "Mozilla/5.0 AppleWebKit/537.36 (KHTML, like Gecko); compatible; Perplexity-User/1.0; +https://perplexity.ai/perplexity-user"
149.3.106.217 - - [05/Jun/2026:15:45:34 +0200] "POST /xmlrpc.php HTTP/1.1" 405 436 "-" "WordPress.com; https://wordpress.com"
143.20.97.215 - - [05/Jun/2026:15:45:35 +0200] "GET /wp-content/uploads/woocommerce_transient_files/ HTTP/1.1" 301 - "-" "Mozilla/5.0 AppleWebKit/537.36 (KHTML, like Gecko); compatible; GPTBot/1.2; +https://openai.com/gptbot"
143.20.97.215 - - [05/Jun/2026:15:45:35 +0200] "GET /wp-content/uploads/woocommerce_uploads/ HTTP/1.1" 301 - "-" "Mozilla/5.0 (compatible; Amazonbot/0.1; +https://developer.amazon.com/support/amazonbot)"
143.20.97.215 - - [05/Jun/2026:15:45:38 +0200] "GET /manifest.json HTTP/1.1" 301 - "-" "Mozilla/5.0 (Macintosh; Intel Mac OS X 10_15_7) AppleWebKit/537.36 (KHTML, like Gecko) Chrome/130.0.0.0 Safari/537.36"
143.20.97.215 - - [05/Jun/2026:15:45:38 +0200] "GET /asset-manifest.json HTTP/1.1" 301 - "-" "Mozilla/5.0 (X11; Linux x86_64; rv:133.0) Gecko/20100101 Firefox/133.0"
143.20.97.215 - - [05/Jun/2026:15:45:41 +0200] "GET /webpack-stats.json HTTP/1.1" 301 - "-" "Mozilla/5.0 (iPhone; CPU iPhone OS 18_0 like Mac OS X) AppleWebKit/605.1.15 (KHTML, like Gecko) Version/18.0 Mobile/15E148 Safari/604.1"
143.20.97.215 - - [05/Jun/2026:15:45:43 +0200] "GET /build-manifest.json HTTP/1.1" 301 - "-" "Mozilla/5.0 (Linux; Android 14; SM-S921B) AppleWebKit/537.36 (KHTML, like Gecko) SamsungBrowser/27.0 Chrome/125.0.0.0 Mobile Safari/537.36"
86.98.149.138 - - [05/Jun/2026:15:45:43 +0200] "POST /xmlrpc.php HTTP/1.1" 405 436 "-" "WordPress.com; https://wordpress.com"
143.20.97.215 - - [05/Jun/2026:15:45:43 +0200] "GET /v1/graphql HTTP/1.1" 301 - "-" "Mozilla/5.0 (compatible; cohere-ai/1.0; +https://cohere.com)"
143.20.97.215 - - [05/Jun/2026:15:45:44 +0200] "GET /_next/static/buildManifest.js HTTP/1.1" 301 - "-" "Mozilla/5.0 (Linux; Android 14; CPH2557) AppleWebKit/537.36 (KHTML, like Gecko) Chrome/131.0.0.0 Mobile Safari/537.36"
149.3.106.217 - - [05/Jun/2026:15:45:44 +0200] "POST /xmlrpc.php HTTP/1.1" 405 436 "-" "Jetpack by WordPress.com (Jetpack 12.5; WordPress 6.4)"
143.20.97.215 - - [05/Jun/2026:15:45:46 +0200] "GET /__/firebase/init.json HTTP/1.1" 301 - "-" "Mozilla/5.0 AppleWebKit/537.36 (KHTML, like Gecko); compatible; GPTBot/1.2; +https://openai.com/gptbot"
143.20.97.215 - - [05/Jun/2026:15:45:46 +0200] "GET /config.json HTTP/1.1" 301 - "-" "Mozilla/5.0 (compatible; Amazonbot/0.1; +https://developer.amazon.com/support/amazonbot)"
143.20.97.215 - - [05/Jun/2026:15:45:47 +0200] "GET /_next/build-manifest.json HTTP/1.1" 301 - "-" "Mozilla/5.0 (Windows NT 10.0; Win64; x64) AppleWebKit/537.36 (KHTML, like Gecko) Chrome/129.0.0.0 Safari/537.36"
143.20.97.215 - - [05/Jun/2026:15:45:47 +0200] "GET /config.js HTTP/1.1" 301 - "-" "Mozilla/5.0 (compatible; cohere-ai/1.0; +https://cohere.com)"
143.20.97.215 - - [05/Jun/2026:15:45:47 +0200] "GET /.next/build-manifest.json HTTP/1.1" 301 - "-" "Mozilla/5.0 (Windows NT 10.0; Win64; x64) AppleWebKit/537.36 (KHTML, like Gecko) Chrome/130.0.0.0 Safari/537.36 Edg/130.0.0.0"
143.20.97.215 - - [05/Jun/2026:15:45:48 +0200] "GET /api/config HTTP/1.1" 301 - "-" "Mozilla/5.0 (compatible; Google-Extended/1.0; +http://www.google.com/bot.html)"
143.20.97.215 - - [05/Jun/2026:15:45:48 +0200] "GET /api/settings HTTP/1.1" 301 - "-" "Mozilla/5.0 AppleWebKit/537.36 (KHTML, like Gecko); compatible; OAI-SearchBot/1.0; +https://openai.com/searchbot"
143.20.97.215 - - [05/Jun/2026:15:45:49 +0200] "GET /api/v1/settings HTTP/1.1" 301 - "-" "meta-externalagent/1.1 (+https://developers.facebook.com/docs/sharing/webmasters/crawler)"
143.20.97.215 - - [05/Jun/2026:15:45:49 +0200] "GET /settings.json HTTP/1.1" 301 - "-" "Mozilla/5.0 (compatible; cohere-ai/1.0; +https://cohere.com)"
143.20.97.215 - - [05/Jun/2026:15:45:51 +0200] "GET /env.js HTTP/1.1" 301 - "-" "Mozilla/5.0 (compatible; Googlebot/2.1; +http://www.google.com/bot.html)"
143.20.97.215 - - [05/Jun/2026:15:45:52 +0200] "GET /firebase-config.json HTTP/1.1" 301 - "-" "Mozilla/5.0 (compatible; Googlebot/2.1; +http://www.google.com/bot.html)"
123.30.233.12 - - [05/Jun/2026:15:45:52 +0200] "POST /xmlrpc.php HTTP/1.1" 200 258 "-" "Mozilla/5.0 (X11; Linux i686) AppleWebKit/537.36 (KHTML, like Gecko) Chrome/133.0.0.0 Safari/537.36"
143.20.97.215 - - [05/Jun/2026:15:45:52 +0200] "GET /env.json HTTP/1.1" 301 - "-" "Mozilla/5.0 (compatible; Googlebot/2.1; +http://www.google.com/bot.html)"
