45.169.99.250 - - [05/Jun/2026:07:30:53 +0200] "POST /xmlrpc.php HTTP/1.1" 405 436 "-" "Jetpack by WordPress.com"
45.169.99.250 - - [05/Jun/2026:07:31:04 +0200] "POST /xmlrpc.php HTTP/1.1" 405 436 "-" "WordPress.com; https://wordpress.com"
50.6.196.179 - - [05/Jun/2026:07:31:09 +0200] "POST /xmlrpc.php HTTP/1.1" 200 258 "-" "Mozilla/5.0 (Macintosh; Intel Mac OS X 10_15_7) AppleWebKit/605.1.15 (KHTML, like Gecko) Version/18.3 Safari/605.1.15"
50.6.196.179 - - [05/Jun/2026:07:31:09 +0200] "POST /xmlrpc.php HTTP/1.1" 200 258 "-" "Mozilla/5.0 (X11; Linux x86_64) AppleWebKit/537.36 (KHTML, like Gecko) Chrome/133.0.0.0 Safari/537.36 Edg/133.0.0.0"
43.230.201.87 - - [05/Jun/2026:07:31:12 +0200] "POST /xmlrpc.php HTTP/1.1" 200 258 "-" "Mozilla/5.0 (Macintosh; Intel Mac OS X 10_15_7) AppleWebKit/605.1.15 (KHTML, like Gecko) Version/18.3 Safari/605.1.15"
45.169.99.250 - - [05/Jun/2026:07:31:14 +0200] "POST /xmlrpc.php HTTP/1.1" 405 436 "-" "WordPress.com; https://wordpress.com"
45.169.99.250 - - [05/Jun/2026:07:31:25 +0200] "POST /xmlrpc.php HTTP/1.1" 405 436 "-" "Jetpack by WordPress.com"
45.169.99.250 - - [05/Jun/2026:07:31:35 +0200] "POST /xmlrpc.php HTTP/1.1" 405 436 "-" "WordPress.com; https://wordpress.com"
45.169.99.250 - - [05/Jun/2026:07:31:46 +0200] "POST /xmlrpc.php HTTP/1.1" 405 436 "-" "Jetpack by WordPress.com"
45.169.99.250 - - [05/Jun/2026:07:31:56 +0200] "POST /xmlrpc.php HTTP/1.1" 405 436 "-" "Jetpack by WordPress.com (Jetpack 13.0; WordPress 6.4)"
50.6.169.131 - - [05/Jun/2026:07:31:58 +0200] "POST /xmlrpc.php HTTP/1.1" 200 258 "-" "Mozilla/5.0 (X11; Ubuntu; Linux x86_64) AppleWebKit/537.36 (KHTML, like Gecko) Chrome/133.0.0.0 Safari/537.36"
45.169.99.250 - - [05/Jun/2026:07:32:07 +0200] "POST /xmlrpc.php HTTP/1.1" 405 436 "-" "Jetpack by WordPress.com (Jetpack 12.5; WordPress 6.3)"
45.169.99.250 - - [05/Jun/2026:07:32:17 +0200] "POST /xmlrpc.php HTTP/1.1" 405 436 "-" "Jetpack/13.0; WordPress/6.3; http://site50685302.com"
45.169.99.250 - - [05/Jun/2026:07:32:28 +0200] "POST /xmlrpc.php HTTP/1.1" 405 436 "-" "Jetpack by WordPress.com"
45.169.99.250 - - [05/Jun/2026:07:32:38 +0200] "POST /xmlrpc.php HTTP/1.1" 405 436 "-" "Jetpack by WordPress.com"
45.169.99.250 - - [05/Jun/2026:07:32:49 +0200] "POST /xmlrpc.php HTTP/1.1" 405 436 "-" "WordPress.com; https://wordpress.com"
64.62.156.162 - - [05/Jun/2026:07:32:51 +0200] "GET /geoserver/web/ HTTP/1.1" 301 - "-" "Mozilla/5.0 (Windows NT 10.0.0; Win64; x64; ) AppleWebKit/537.36 (KHTML, like Gecko) Chrome/124.0.6367.63 Chrome/124.0.6367.63 Not-A.Brand/99  Safari/537.36"
45.169.99.250 - - [05/Jun/2026:07:32:59 +0200] "POST /xmlrpc.php HTTP/1.1" 405 436 "-" "Jetpack by WordPress.com (Jetpack 12.5; WordPress 6.3)"
45.169.99.250 - - [05/Jun/2026:07:33:09 +0200] "POST /xmlrpc.php HTTP/1.1" 405 436 "-" "Jetpack/12.0; WordPress/6.1; http://site16620570.com"
223.181.126.217 - - [05/Jun/2026:07:33:19 +0200] "POST /xmlrpc.php HTTP/1.1" 405 436 "-" "WordPress.com; https://wordpress.com"
45.169.99.250 - - [05/Jun/2026:07:33:20 +0200] "POST /xmlrpc.php HTTP/1.1" 405 436 "-" "Jetpack/12.1; WordPress/6.4; http://site27343782.com"
223.181.126.217 - - [05/Jun/2026:07:33:30 +0200] "POST /xmlrpc.php HTTP/1.1" 405 436 "-" "Jetpack by WordPress.com"
45.169.99.250 - - [05/Jun/2026:07:33:30 +0200] "POST /xmlrpc.php HTTP/1.1" 405 436 "-" "Jetpack by WordPress.com (Jetpack 12.5; WordPress 6.2)"
50.6.138.200 - - [05/Jun/2026:07:33:34 +0200] "POST /xmlrpc.php HTTP/1.1" 200 258 "-" "Mozilla/5.0 (Windows NT 10.0; Win64; x64) AppleWebKit/537.36 (KHTML, like Gecko) Chrome/120.0.0.0 Safari/537.36"
50.6.196.179 - - [05/Jun/2026:07:33:35 +0200] "GET /wp-login.php HTTP/1.1" 200 7403 "-" "Mozilla/5.0 (Macintosh; Intel Mac OS X 10_15_7) AppleWebKit/537.36 (KHTML, like Gecko) Chrome/133.0.0.0 Safari/537.36"
223.181.126.217 - - [05/Jun/2026:07:33:40 +0200] "POST /xmlrpc.php HTTP/1.1" 405 436 "-" "Jetpack by WordPress.com (Jetpack 13.0; WordPress 6.2)"
45.169.99.250 - - [05/Jun/2026:07:33:41 +0200] "POST /xmlrpc.php HTTP/1.1" 405 436 "-" "Jetpack by WordPress.com"
223.181.126.217 - - [05/Jun/2026:07:33:51 +0200] "POST /xmlrpc.php HTTP/1.1" 405 436 "-" "WordPress.com; https://wordpress.com"
45.169.99.250 - - [05/Jun/2026:07:33:51 +0200] "POST /xmlrpc.php HTTP/1.1" 405 436 "-" "Jetpack/12.5; WordPress/6.3; http://site70133259.com"
72.167.50.103 - - [05/Jun/2026:07:33:57 +0200] "GET /wp-login.php HTTP/1.1" 200 7486 "-" "Mozilla/5.0 (X11; Fedora; Linux x86_64) AppleWebKit/537.36 (KHTML, like Gecko) Chrome/133.0.0.0 Safari/537.36"
209.38.221.42 - - [05/Jun/2026:07:34:00 +0200] "POST /xmlrpc.php HTTP/1.1" 200 258 "-" "Mozilla/5.0 (X11; Linux x86_64) AppleWebKit/537.36 (KHTML, like Gecko) Chrome/133.0.0.0 Safari/537.36"
223.181.126.217 - - [05/Jun/2026:07:34:02 +0200] "POST /xmlrpc.php HTTP/1.1" 405 436 "-" "WordPress.com; https://wordpress.com"
45.169.99.250 - - [05/Jun/2026:07:34:02 +0200] "POST /xmlrpc.php HTTP/1.1" 405 436 "-" "Jetpack by WordPress.com (Jetpack 13.0; WordPress 6.1)"
157.173.125.157 - - [05/Jun/2026:07:34:02 +0200] "POST /xmlrpc.php HTTP/1.1" 200 258 "-" "Mozilla/5.0 (Windows NT 10.0; Win64; x64) AppleWebKit/537.36 (KHTML, like Gecko) Chrome/120.0.0.0 Safari/537.36"
223.181.126.217 - - [05/Jun/2026:07:34:13 +0200] "POST /xmlrpc.php HTTP/1.1" 405 436 "-" "Jetpack by WordPress.com (Jetpack 12.5; WordPress 6.4)"
45.169.99.250 - - [05/Jun/2026:07:34:13 +0200] "POST /xmlrpc.php HTTP/1.1" 405 436 "-" "Jetpack by WordPress.com"
223.181.126.217 - - [05/Jun/2026:07:34:23 +0200] "POST /xmlrpc.php HTTP/1.1" 405 436 "-" "Jetpack by WordPress.com (Jetpack 13.0; WordPress 6.1)"
45.169.99.250 - - [05/Jun/2026:07:34:23 +0200] "POST /xmlrpc.php HTTP/1.1" 405 436 "-" "Jetpack by WordPress.com"
45.169.99.250 - - [05/Jun/2026:07:34:33 +0200] "POST /xmlrpc.php HTTP/1.1" 405 436 "-" "Jetpack by WordPress.com"
223.181.126.217 - - [05/Jun/2026:07:34:33 +0200] "POST /xmlrpc.php HTTP/1.1" 405 436 "-" "Jetpack by WordPress.com (Jetpack 12.5; WordPress 6.4)"
45.169.99.250 - - [05/Jun/2026:07:34:44 +0200] "POST /xmlrpc.php HTTP/1.1" 405 436 "-" "WordPress.com; https://wordpress.com"
223.181.126.217 - - [05/Jun/2026:07:34:44 +0200] "POST /xmlrpc.php HTTP/1.1" 405 436 "-" "Jetpack by WordPress.com"
217.76.158.60 - - [05/Jun/2026:07:34:46 +0200] "POST /xmlrpc.php HTTP/1.1" 200 258 "-" "Mozilla/5.0 (X11; Linux x86_64; rv:133.0) Gecko/20100101 Firefox/133.0"
45.169.99.250 - - [05/Jun/2026:07:34:54 +0200] "POST /xmlrpc.php HTTP/1.1" 405 436 "-" "Jetpack by WordPress.com (Jetpack 12.5; WordPress 6.4)"
223.181.126.217 - - [05/Jun/2026:07:34:55 +0200] "POST /xmlrpc.php HTTP/1.1" 405 436 "-" "Jetpack by WordPress.com"
45.169.99.250 - - [05/Jun/2026:07:35:05 +0200] "POST /xmlrpc.php HTTP/1.1" 405 436 "-" "WordPress.com; https://wordpress.com"
223.181.126.217 - - [05/Jun/2026:07:35:05 +0200] "POST /xmlrpc.php HTTP/1.1" 405 436 "-" "Jetpack by WordPress.com (Jetpack 13.0; WordPress 6.4)"
64.31.25.250 - - [05/Jun/2026:07:35:07 +0200] "POST /xmlrpc.php HTTP/1.1" 200 258 "-" "Mozilla/5.0 (Macintosh; Intel Mac OS X 14_7_4) AppleWebKit/537.36 (KHTML, like Gecko) Chrome/133.0.0.0 Safari/537.36"
45.169.99.250 - - [05/Jun/2026:07:35:15 +0200] "POST /xmlrpc.php HTTP/1.1" 405 436 "-" "Jetpack by WordPress.com"
223.181.126.217 - - [05/Jun/2026:07:35:16 +0200] "POST /xmlrpc.php HTTP/1.1" 405 436 "-" "Jetpack/12.5; WordPress/6.1; http://site29966052.com"
45.169.99.250 - - [05/Jun/2026:07:35:26 +0200] "POST /xmlrpc.php HTTP/1.1" 405 436 "-" "WordPress.com; https://wordpress.com"
223.181.126.217 - - [05/Jun/2026:07:35:26 +0200] "POST /xmlrpc.php HTTP/1.1" 405 436 "-" "Jetpack by WordPress.com"
194.163.139.224 - - [05/Jun/2026:07:35:34 +0200] "GET /wp-login.php HTTP/1.1" 200 7758 "-" "Mozilla/5.0 (Macintosh; Intel Mac OS X 14_7_4) AppleWebKit/537.36 (KHTML, like Gecko) Chrome/133.0.0.0 Safari/537.36"
143.110.183.208 - - [05/Jun/2026:07:35:36 +0200] "POST /xmlrpc.php HTTP/1.1" 200 258 "-" "Mozilla/5.0 (X11; Fedora; Linux x86_64) AppleWebKit/537.36 (KHTML, like Gecko) Chrome/133.0.0.0 Safari/537.36"
45.169.99.250 - - [05/Jun/2026:07:35:36 +0200] "POST /xmlrpc.php HTTP/1.1" 405 436 "-" "Jetpack/12.1; WordPress/6.2; http://site78317244.com"
223.181.126.217 - - [05/Jun/2026:07:35:37 +0200] "POST /xmlrpc.php HTTP/1.1" 405 436 "-" "WordPress.com; https://wordpress.com"
54.36.102.244 - - [05/Jun/2026:07:35:37 +0200] "GET /wp-login.php HTTP/1.1" 200 7542 "-" "Mozilla/5.0 (Windows NT 10.0; Win64; x64) AppleWebKit/537.36 (KHTML, like Gecko) Chrome/133.0.0.0 Safari/537.36 Edg/133.0.0.0"
68.178.160.25 - - [05/Jun/2026:07:35:44 +0200] "GET /wp-login.php HTTP/1.1" 200 7172 "-" "Mozilla/5.0 (Windows NT 10.0; WOW64) AppleWebKit/537.36 (KHTML, like Gecko) Chrome/133.0.0.0 Safari/537.36"
45.169.99.250 - - [05/Jun/2026:07:35:47 +0200] "POST /xmlrpc.php HTTP/1.1" 405 436 "-" "Jetpack by WordPress.com (Jetpack 12.5; WordPress 6.4)"
223.181.126.217 - - [05/Jun/2026:07:35:48 +0200] "POST /xmlrpc.php HTTP/1.1" 405 436 "-" "Jetpack/12.0; WordPress/6.1; http://site70230148.com"
45.169.99.250 - - [05/Jun/2026:07:35:57 +0200] "POST /xmlrpc.php HTTP/1.1" 405 436 "-" "Jetpack by WordPress.com (Jetpack 12.1; WordPress 6.3)"
223.181.126.217 - - [05/Jun/2026:07:35:58 +0200] "POST /xmlrpc.php HTTP/1.1" 405 436 "-" "Jetpack by WordPress.com (Jetpack 13.0; WordPress 6.1)"
45.169.99.250 - - [05/Jun/2026:07:36:08 +0200] "POST /xmlrpc.php HTTP/1.1" 405 436 "-" "WordPress.com; https://wordpress.com"
223.181.126.217 - - [05/Jun/2026:07:36:09 +0200] "POST /xmlrpc.php HTTP/1.1" 405 436 "-" "Jetpack by WordPress.com (Jetpack 13.0; WordPress 6.4)"
45.169.99.250 - - [05/Jun/2026:07:36:18 +0200] "POST /xmlrpc.php HTTP/1.1" 405 436 "-" "Jetpack by WordPress.com"
223.181.126.217 - - [05/Jun/2026:07:36:19 +0200] "POST /xmlrpc.php HTTP/1.1" 405 436 "-" "Jetpack/12.0; WordPress/6.1; http://site44551869.com"
45.169.99.250 - - [05/Jun/2026:07:36:29 +0200] "POST /xmlrpc.php HTTP/1.1" 405 436 "-" "WordPress.com; https://wordpress.com"
223.181.126.217 - - [05/Jun/2026:07:36:30 +0200] "POST /xmlrpc.php HTTP/1.1" 405 436 "-" "Jetpack by WordPress.com"
162.241.152.21 - - [05/Jun/2026:07:36:37 +0200] "POST /xmlrpc.php HTTP/1.1" 200 258 "-" "Mozilla/5.0 (X11; Fedora; Linux x86_64) AppleWebKit/537.36 (KHTML, like Gecko) Chrome/133.0.0.0 Safari/537.36"
45.169.99.250 - - [05/Jun/2026:07:36:39 +0200] "POST /xmlrpc.php HTTP/1.1" 405 436 "-" "WordPress.com; https://wordpress.com"
223.181.126.217 - - [05/Jun/2026:07:36:41 +0200] "POST /xmlrpc.php HTTP/1.1" 405 436 "-" "Jetpack by WordPress.com"
45.169.99.250 - - [05/Jun/2026:07:36:50 +0200] "POST /xmlrpc.php HTTP/1.1" 405 436 "-" "Jetpack/13.0; WordPress/6.3; http://site78847779.com"
223.181.126.217 - - [05/Jun/2026:07:36:52 +0200] "POST /xmlrpc.php HTTP/1.1" 405 436 "-" "Jetpack by WordPress.com"
45.169.99.250 - - [05/Jun/2026:07:37:00 +0200] "POST /xmlrpc.php HTTP/1.1" 405 436 "-" "Jetpack by WordPress.com (Jetpack 12.5; WordPress 6.1)"
160.250.186.220 - - [05/Jun/2026:07:37:01 +0200] "POST /xmlrpc.php HTTP/1.1" 200 258 "-" "Mozilla/5.0 (X11; Ubuntu; Linux x86_64; rv:133.0) Gecko/20100101 Firefox/133.0"
223.181.126.217 - - [05/Jun/2026:07:37:02 +0200] "POST /xmlrpc.php HTTP/1.1" 405 436 "-" "WordPress.com; https://wordpress.com"
160.250.186.220 - - [05/Jun/2026:07:37:06 +0200] "GET /wp-login.php HTTP/1.1" 200 7444 "-" "Mozilla/5.0 (Macintosh; Intel Mac OS X 10_15_7) AppleWebKit/537.36 (KHTML, like Gecko) Chrome/133.0.0.0 Safari/537.36 Edg/133.0.0.0"
165.232.137.226 - - [05/Jun/2026:07:37:06 +0200] "GET /wp-login.php HTTP/1.1" 200 7235 "-" "Mozilla/5.0 (Windows NT 10.0; Win64; x64) AppleWebKit/537.36 (KHTML, like Gecko) Chrome/120.0.0.0 Safari/537.36"
45.169.99.250 - - [05/Jun/2026:07:37:11 +0200] "POST /xmlrpc.php HTTP/1.1" 405 436 "-" "Jetpack by WordPress.com"
223.181.126.217 - - [05/Jun/2026:07:37:13 +0200] "POST /xmlrpc.php HTTP/1.1" 405 436 "-" "Jetpack by WordPress.com"
45.169.99.250 - - [05/Jun/2026:07:37:21 +0200] "POST /xmlrpc.php HTTP/1.1" 405 436 "-" "Jetpack by WordPress.com (Jetpack 12.5; WordPress 6.4)"
223.181.126.217 - - [05/Jun/2026:07:37:24 +0200] "POST /xmlrpc.php HTTP/1.1" 405 436 "-" "Jetpack by WordPress.com"
45.169.99.250 - - [05/Jun/2026:07:37:32 +0200] "POST /xmlrpc.php HTTP/1.1" 405 436 "-" "Jetpack by WordPress.com"
223.181.126.217 - - [05/Jun/2026:07:37:34 +0200] "POST /xmlrpc.php HTTP/1.1" 405 436 "-" "Jetpack/12.0; WordPress/6.3; http://site78766492.com"
45.169.99.250 - - [05/Jun/2026:07:37:42 +0200] "POST /xmlrpc.php HTTP/1.1" 405 436 "-" "WordPress.com; https://wordpress.com"
217.138.192.158 - - [05/Jun/2026:07:37:46 +0200] "CONNECT / HTTP/1.1" 403 - "-" "-"
223.181.126.217 - - [05/Jun/2026:07:37:46 +0200] "POST /xmlrpc.php HTTP/1.1" 405 436 "-" "WordPress.com; https://wordpress.com"
37.76.48.25 - - [05/Jun/2026:07:37:49 +0200] "-" 408 - "-" "-"
45.169.99.250 - - [05/Jun/2026:07:37:53 +0200] "POST /xmlrpc.php HTTP/1.1" 405 436 "-" "WordPress.com; https://wordpress.com"
223.181.126.217 - - [05/Jun/2026:07:37:55 +0200] "POST /xmlrpc.php HTTP/1.1" 405 436 "-" "Jetpack by WordPress.com (Jetpack 12.0; WordPress 6.3)"
45.169.99.250 - - [05/Jun/2026:07:38:03 +0200] "POST /xmlrpc.php HTTP/1.1" 405 436 "-" "Jetpack/12.5; WordPress/6.3; http://site11446398.com"
103.174.152.203 - - [05/Jun/2026:07:38:04 +0200] "GET /wp-login.php HTTP/1.1" 200 7446 "-" "Mozilla/5.0 (Windows NT 10.0) AppleWebKit/537.36 (KHTML, like Gecko) Chrome/133.0.0.0 Safari/537.36"
223.181.126.217 - - [05/Jun/2026:07:38:06 +0200] "POST /xmlrpc.php HTTP/1.1" 405 436 "-" "Jetpack by WordPress.com"
54.36.102.244 - - [05/Jun/2026:07:38:13 +0200] "POST /xmlrpc.php HTTP/1.1" 200 258 "-" "Mozilla/5.0 (Windows NT 10.0; WOW64) AppleWebKit/537.36 (KHTML, like Gecko) Chrome/133.0.0.0 Safari/537.36"
45.169.99.250 - - [05/Jun/2026:07:38:14 +0200] "POST /xmlrpc.php HTTP/1.1" 405 436 "-" "Jetpack by WordPress.com (Jetpack 12.0; WordPress 6.4)"
223.181.126.217 - - [05/Jun/2026:07:38:17 +0200] "POST /xmlrpc.php HTTP/1.1" 405 436 "-" "Jetpack by WordPress.com (Jetpack 12.5; WordPress 6.2)"
45.169.99.250 - - [05/Jun/2026:07:38:24 +0200] "POST /xmlrpc.php HTTP/1.1" 405 436 "-" "Jetpack/12.5; WordPress/6.4; http://site92597744.com"
223.181.126.217 - - [05/Jun/2026:07:38:27 +0200] "POST /xmlrpc.php HTTP/1.1" 405 436 "-" "Jetpack/12.1; WordPress/6.3; http://site93432874.com"
45.169.99.250 - - [05/Jun/2026:07:38:35 +0200] "POST /xmlrpc.php HTTP/1.1" 405 436 "-" "Jetpack by WordPress.com"
223.181.126.217 - - [05/Jun/2026:07:38:38 +0200] "POST /xmlrpc.php HTTP/1.1" 405 436 "-" "Jetpack/13.0; WordPress/6.3; http://site19036402.com"
54.36.102.244 - - [05/Jun/2026:07:38:38 +0200] "POST /xmlrpc.php HTTP/1.1" 200 258 "-" "Mozilla/5.0 (X11; Ubuntu; Linux x86_64; rv:133.0) Gecko/20100101 Firefox/133.0"
163.223.13.54 - - [05/Jun/2026:07:38:40 +0200] "GET /wp-login.php HTTP/1.1" 200 7569 "-" "Mozilla/5.0 (X11; Linux x86_64) AppleWebKit/537.36 (KHTML, like Gecko) Chrome/133.0.0.0 Safari/537.36 Edg/133.0.0.0"
45.169.99.250 - - [05/Jun/2026:07:38:45 +0200] "POST /xmlrpc.php HTTP/1.1" 405 436 "-" "Jetpack by WordPress.com (Jetpack 12.5; WordPress 6.1)"
223.181.126.217 - - [05/Jun/2026:07:38:49 +0200] "POST /xmlrpc.php HTTP/1.1" 405 436 "-" "Jetpack by WordPress.com"
45.169.99.250 - - [05/Jun/2026:07:38:56 +0200] "POST /xmlrpc.php HTTP/1.1" 405 436 "-" "Jetpack by WordPress.com"
223.181.126.217 - - [05/Jun/2026:07:39:00 +0200] "POST /xmlrpc.php HTTP/1.1" 405 436 "-" "Jetpack by WordPress.com"
45.169.99.250 - - [05/Jun/2026:07:39:06 +0200] "POST /xmlrpc.php HTTP/1.1" 405 436 "-" "Jetpack by WordPress.com (Jetpack 12.1; WordPress 6.4)"
223.181.126.217 - - [05/Jun/2026:07:39:11 +0200] "POST /xmlrpc.php HTTP/1.1" 405 436 "-" "Jetpack by WordPress.com (Jetpack 13.0; WordPress 6.1)"
45.169.99.250 - - [05/Jun/2026:07:39:16 +0200] "POST /xmlrpc.php HTTP/1.1" 405 436 "-" "Jetpack by WordPress.com"
223.181.126.217 - - [05/Jun/2026:07:39:21 +0200] "POST /xmlrpc.php HTTP/1.1" 405 436 "-" "Jetpack by WordPress.com"
45.169.99.250 - - [05/Jun/2026:07:39:27 +0200] "POST /xmlrpc.php HTTP/1.1" 405 436 "-" "Jetpack by WordPress.com (Jetpack 12.1; WordPress 6.1)"
223.181.126.217 - - [05/Jun/2026:07:39:32 +0200] "POST /xmlrpc.php HTTP/1.1" 405 436 "-" "Jetpack by WordPress.com (Jetpack 13.0; WordPress 6.2)"
45.169.99.250 - - [05/Jun/2026:07:39:37 +0200] "POST /xmlrpc.php HTTP/1.1" 405 436 "-" "Jetpack by WordPress.com"
223.181.126.217 - - [05/Jun/2026:07:39:42 +0200] "POST /xmlrpc.php HTTP/1.1" 405 436 "-" "Jetpack/12.0; WordPress/6.2; http://site46424110.com"
45.169.99.250 - - [05/Jun/2026:07:39:48 +0200] "POST /xmlrpc.php HTTP/1.1" 405 436 "-" "Jetpack/12.0; WordPress/6.2; http://site15754016.com"
164.52.218.210 - - [05/Jun/2026:07:39:49 +0200] "GET /wp-login.php HTTP/1.1" 200 7549 "-" "Mozilla/5.0 (X11; Fedora; Linux x86_64) AppleWebKit/537.36 (KHTML, like Gecko) Chrome/133.0.0.0 Safari/537.36"
223.181.126.217 - - [05/Jun/2026:07:39:53 +0200] "POST /xmlrpc.php HTTP/1.1" 405 436 "-" "Jetpack by WordPress.com"
45.169.99.250 - - [05/Jun/2026:07:39:58 +0200] "POST /xmlrpc.php HTTP/1.1" 405 436 "-" "Jetpack by WordPress.com"
54.81.199.30 - - [05/Jun/2026:07:39:59 +0200] "GET /peugeot-valtogomb-csereje/ HTTP/1.1" 200 61549 "-" "Mozilla/5.0 (Macintosh; Intel Mac OS X 10_10_1) AppleWebKit/600.2.5 (KHTML, like Gecko) Version/8.0.2 Safari/600.2.5 (Lanai)"
223.181.126.217 - - [05/Jun/2026:07:40:05 +0200] "POST /xmlrpc.php HTTP/1.1" 405 436 "-" "WordPress.com; https://wordpress.com"
45.169.99.250 - - [05/Jun/2026:07:40:09 +0200] "POST /xmlrpc.php HTTP/1.1" 405 436 "-" "Jetpack/12.1; WordPress/6.1; http://site57760376.com"
50.6.231.19 - - [05/Jun/2026:07:40:12 +0200] "GET /wp-login.php HTTP/1.1" 200 7420 "-" "Mozilla/5.0 (X11; Linux x86_64) AppleWebKit/537.36 (KHTML, like Gecko) Chrome/133.0.0.0 Safari/537.36 Edg/133.0.0.0"
223.181.126.217 - - [05/Jun/2026:07:40:14 +0200] "POST /xmlrpc.php HTTP/1.1" 405 436 "-" "Jetpack by WordPress.com (Jetpack 13.0; WordPress 6.3)"
45.169.99.250 - - [05/Jun/2026:07:40:19 +0200] "POST /xmlrpc.php HTTP/1.1" 405 436 "-" "Jetpack/12.5; WordPress/6.2; http://site65599311.com"
223.181.126.217 - - [05/Jun/2026:07:40:25 +0200] "POST /xmlrpc.php HTTP/1.1" 405 436 "-" "Jetpack/13.0; WordPress/6.4; http://site48451937.com"
45.169.99.250 - - [05/Jun/2026:07:40:30 +0200] "POST /xmlrpc.php HTTP/1.1" 405 436 "-" "Jetpack/12.5; WordPress/6.3; http://site50936571.com"
223.181.126.217 - - [05/Jun/2026:07:40:35 +0200] "POST /xmlrpc.php HTTP/1.1" 405 436 "-" "Jetpack/12.1; WordPress/6.4; http://site37389511.com"
45.169.99.250 - - [05/Jun/2026:07:40:40 +0200] "POST /xmlrpc.php HTTP/1.1" 405 436 "-" "Jetpack by WordPress.com"
192.250.239.252 - - [05/Jun/2026:07:40:44 +0200] "POST /xmlrpc.php HTTP/1.1" 200 258 "-" "Mozilla/5.0 (Macintosh; Intel Mac OS X 11_7_10) AppleWebKit/537.36 (KHTML, like Gecko) Chrome/133.0.0.0 Safari/537.36"
223.181.126.217 - - [05/Jun/2026:07:40:46 +0200] "POST /xmlrpc.php HTTP/1.1" 405 436 "-" "WordPress.com; https://wordpress.com"
50.6.169.131 - - [05/Jun/2026:07:40:50 +0200] "GET /wp-json/wp/v2/users/me HTTP/1.1" 401 124 "-" "Mozilla/5.0 (X11; Fedora; Linux x86_64) AppleWebKit/537.36 (KHTML, like Gecko) Chrome/133.0.0.0 Safari/537.36"
45.169.99.250 - - [05/Jun/2026:07:40:51 +0200] "POST /xmlrpc.php HTTP/1.1" 405 436 "-" "WordPress.com; https://wordpress.com"
223.181.126.217 - - [05/Jun/2026:07:40:57 +0200] "POST /xmlrpc.php HTTP/1.1" 405 436 "-" "WordPress.com; https://wordpress.com"
45.169.99.250 - - [05/Jun/2026:07:41:01 +0200] "POST /xmlrpc.php HTTP/1.1" 405 436 "-" "Jetpack by WordPress.com (Jetpack 12.0; WordPress 6.2)"
223.181.126.217 - - [05/Jun/2026:07:41:07 +0200] "POST /xmlrpc.php HTTP/1.1" 405 436 "-" "Jetpack/12.0; WordPress/6.4; http://site15803902.com"
45.169.99.250 - - [05/Jun/2026:07:41:12 +0200] "POST /xmlrpc.php HTTP/1.1" 405 436 "-" "Jetpack by WordPress.com"
103.42.5.132 - - [05/Jun/2026:07:41:15 +0200] "GET /wp-login.php HTTP/1.1" 200 7342 "-" "Mozilla/5.0 (Macintosh; Intel Mac OS X 11_7_10) AppleWebKit/537.36 (KHTML, like Gecko) Chrome/133.0.0.0 Safari/537.36"
223.181.126.217 - - [05/Jun/2026:07:41:18 +0200] "POST /xmlrpc.php HTTP/1.1" 405 436 "-" "Jetpack by WordPress.com (Jetpack 12.5; WordPress 6.4)"
45.169.99.250 - - [05/Jun/2026:07:41:22 +0200] "POST /xmlrpc.php HTTP/1.1" 405 436 "-" "WordPress.com; https://wordpress.com"
223.181.126.217 - - [05/Jun/2026:07:41:28 +0200] "POST /xmlrpc.php HTTP/1.1" 405 436 "-" "Jetpack/13.0; WordPress/6.2; http://site94636612.com"
45.169.99.250 - - [05/Jun/2026:07:41:33 +0200] "POST /xmlrpc.php HTTP/1.1" 405 436 "-" "WordPress.com; https://wordpress.com"
223.181.126.217 - - [05/Jun/2026:07:41:39 +0200] "POST /xmlrpc.php HTTP/1.1" 405 436 "-" "Jetpack/12.0; WordPress/6.3; http://site18117379.com"
45.169.99.250 - - [05/Jun/2026:07:41:43 +0200] "POST /xmlrpc.php HTTP/1.1" 405 436 "-" "Jetpack by WordPress.com (Jetpack 12.1; WordPress 6.2)"
223.181.126.217 - - [05/Jun/2026:07:41:50 +0200] "POST /xmlrpc.php HTTP/1.1" 405 436 "-" "Jetpack by WordPress.com (Jetpack 12.5; WordPress 6.3)"
45.169.99.250 - - [05/Jun/2026:07:41:54 +0200] "POST /xmlrpc.php HTTP/1.1" 405 436 "-" "Jetpack by WordPress.com"
223.181.126.217 - - [05/Jun/2026:07:42:01 +0200] "POST /xmlrpc.php HTTP/1.1" 405 436 "-" "Jetpack/13.0; WordPress/6.1; http://site28492497.com"
45.169.99.250 - - [05/Jun/2026:07:42:04 +0200] "POST /xmlrpc.php HTTP/1.1" 405 436 "-" "Jetpack by WordPress.com"
223.181.126.217 - - [05/Jun/2026:07:42:11 +0200] "POST /xmlrpc.php HTTP/1.1" 405 436 "-" "Jetpack by WordPress.com (Jetpack 12.0; WordPress 6.3)"
45.169.99.250 - - [05/Jun/2026:07:42:15 +0200] "POST /xmlrpc.php HTTP/1.1" 405 436 "-" "Jetpack by WordPress.com (Jetpack 12.5; WordPress 6.1)"
223.181.126.217 - - [05/Jun/2026:07:42:22 +0200] "POST /xmlrpc.php HTTP/1.1" 405 436 "-" "Jetpack by WordPress.com"
45.169.99.250 - - [05/Jun/2026:07:42:25 +0200] "POST /xmlrpc.php HTTP/1.1" 405 436 "-" "WordPress.com; https://wordpress.com"
223.181.126.217 - - [05/Jun/2026:07:42:33 +0200] "POST /xmlrpc.php HTTP/1.1" 405 436 "-" "Jetpack by WordPress.com (Jetpack 13.0; WordPress 6.4)"
190.92.141.186 - - [05/Jun/2026:07:42:33 +0200] "POST /xmlrpc.php HTTP/1.1" 200 258 "-" "Mozilla/5.0 (X11; Linux x86_64) AppleWebKit/537.36 (KHTML, like Gecko) Chrome/133.0.0.0 Safari/537.36 Edg/133.0.0.0"
45.169.99.250 - - [05/Jun/2026:07:42:36 +0200] "POST /xmlrpc.php HTTP/1.1" 405 436 "-" "Jetpack by WordPress.com (Jetpack 12.1; WordPress 6.1)"
223.181.126.217 - - [05/Jun/2026:07:42:43 +0200] "POST /xmlrpc.php HTTP/1.1" 405 436 "-" "Jetpack by WordPress.com (Jetpack 12.5; WordPress 6.1)"
45.169.99.250 - - [05/Jun/2026:07:42:46 +0200] "POST /xmlrpc.php HTTP/1.1" 405 436 "-" "Jetpack/13.0; WordPress/6.2; http://site29828783.com"
223.181.126.217 - - [05/Jun/2026:07:42:54 +0200] "POST /xmlrpc.php HTTP/1.1" 405 436 "-" "WordPress.com; https://wordpress.com"
45.169.99.250 - - [05/Jun/2026:07:42:57 +0200] "POST /xmlrpc.php HTTP/1.1" 405 436 "-" "Jetpack/13.0; WordPress/6.3; http://site20201454.com"
192.185.2.154 - - [05/Jun/2026:07:43:00 +0200] "GET /wp-login.php HTTP/1.1" 200 7385 "-" "Mozilla/5.0 (Macintosh; Intel Mac OS X 11_7_10) AppleWebKit/537.36 (KHTML, like Gecko) Chrome/133.0.0.0 Safari/537.36"
223.181.126.217 - - [05/Jun/2026:07:43:05 +0200] "POST /xmlrpc.php HTTP/1.1" 405 436 "-" "Jetpack by WordPress.com (Jetpack 13.0; WordPress 6.2)"
45.169.99.250 - - [05/Jun/2026:07:43:09 +0200] "POST /xmlrpc.php HTTP/1.1" 405 436 "-" "Jetpack by WordPress.com"
82.223.24.195 - - [05/Jun/2026:07:43:09 +0200] "GET /wp-login.php HTTP/1.1" 200 7618 "-" "Mozilla/5.0 (X11; Fedora; Linux x86_64) AppleWebKit/537.36 (KHTML, like Gecko) Chrome/133.0.0.0 Safari/537.36"
223.181.126.217 - - [05/Jun/2026:07:43:16 +0200] "POST /xmlrpc.php HTTP/1.1" 405 436 "-" "Jetpack by WordPress.com"
45.169.99.250 - - [05/Jun/2026:07:43:18 +0200] "POST /xmlrpc.php HTTP/1.1" 405 436 "-" "WordPress.com; https://wordpress.com"
162.240.12.204 - - [05/Jun/2026:07:43:24 +0200] "POST /xmlrpc.php HTTP/1.1" 200 258 "-" "Mozilla/5.0 (X11; CrOS x86_64 14541.0.0) AppleWebKit/537.36 (KHTML, like Gecko) Chrome/133.0.0.0 Safari/537.36"
223.181.126.217 - - [05/Jun/2026:07:43:26 +0200] "POST /xmlrpc.php HTTP/1.1" 405 436 "-" "Jetpack by WordPress.com (Jetpack 13.0; WordPress 6.4)"
45.169.99.250 - - [05/Jun/2026:07:43:28 +0200] "POST /xmlrpc.php HTTP/1.1" 405 436 "-" "Jetpack by WordPress.com (Jetpack 12.0; WordPress 6.2)"
50.6.196.179 - - [05/Jun/2026:07:43:36 +0200] "GET /wp-login.php HTTP/1.1" 200 7521 "-" "Mozilla/5.0 (X11; Linux x86_64; rv:133.0) Gecko/20100101 Firefox/133.0"
223.181.126.217 - - [05/Jun/2026:07:43:37 +0200] "POST /xmlrpc.php HTTP/1.1" 405 436 "-" "Jetpack by WordPress.com (Jetpack 12.5; WordPress 6.3)"
45.169.99.250 - - [05/Jun/2026:07:43:38 +0200] "POST /xmlrpc.php HTTP/1.1" 405 436 "-" "WordPress.com; https://wordpress.com"
223.181.126.217 - - [05/Jun/2026:07:43:47 +0200] "POST /xmlrpc.php HTTP/1.1" 405 436 "-" "Jetpack by WordPress.com"
45.169.99.250 - - [05/Jun/2026:07:43:49 +0200] "POST /xmlrpc.php HTTP/1.1" 405 436 "-" "Jetpack by WordPress.com (Jetpack 12.0; WordPress 6.4)"
37.76.32.113 - - [05/Jun/2026:07:43:51 +0200] "-" 408 - "-" "-"
223.181.126.217 - - [05/Jun/2026:07:43:58 +0200] "POST /xmlrpc.php HTTP/1.1" 405 436 "-" "Jetpack by WordPress.com (Jetpack 13.0; WordPress 6.4)"
45.169.99.250 - - [05/Jun/2026:07:43:59 +0200] "POST /xmlrpc.php HTTP/1.1" 405 436 "-" "Jetpack/12.5; WordPress/6.3; http://site28937560.com"
195.250.23.247 - - [05/Jun/2026:07:44:03 +0200] "GET /wp-login.php HTTP/1.1" 200 7311 "-" "Mozilla/5.0 (Windows NT 10.0; Win64; x64) AppleWebKit/537.36 (KHTML, like Gecko) Chrome/120.0.0.0 Safari/537.36"
223.181.126.217 - - [05/Jun/2026:07:44:09 +0200] "POST /xmlrpc.php HTTP/1.1" 405 436 "-" "WordPress.com; https://wordpress.com"
45.169.99.250 - - [05/Jun/2026:07:44:10 +0200] "POST /xmlrpc.php HTTP/1.1" 405 436 "-" "Jetpack by WordPress.com"
164.52.218.210 - - [05/Jun/2026:07:44:10 +0200] "POST /xmlrpc.php HTTP/1.1" 200 258 "-" "Mozilla/5.0 (Macintosh; Intel Mac OS X 10_15_7) AppleWebKit/537.36 (KHTML, like Gecko) Chrome/133.0.0.0 Safari/537.36"
159.203.25.248 - - [05/Jun/2026:07:44:17 +0200] "GET /wp-login.php HTTP/1.1" 200 7447 "-" "Mozilla/5.0 (Macintosh; Intel Mac OS X 10_15_7) AppleWebKit/537.36 (KHTML, like Gecko) Chrome/133.0.0.0 Safari/537.36 Edg/133.0.0.0"
223.181.126.217 - - [05/Jun/2026:07:44:19 +0200] "POST /xmlrpc.php HTTP/1.1" 405 436 "-" "Jetpack/12.5; WordPress/6.4; http://site87575129.com"
163.43.18.248 - - [05/Jun/2026:07:44:20 +0200] "POST /xmlrpc.php HTTP/1.1" 200 258 "-" "Mozilla/5.0 (Windows NT 10.0; Win64; x64) AppleWebKit/537.36 (KHTML, like Gecko) Chrome/120.0.0.0 Safari/537.36"
45.169.99.250 - - [05/Jun/2026:07:44:20 +0200] "POST /xmlrpc.php HTTP/1.1" 405 436 "-" "Jetpack by WordPress.com (Jetpack 12.5; WordPress 6.3)"
223.181.126.217 - - [05/Jun/2026:07:44:30 +0200] "POST /xmlrpc.php HTTP/1.1" 405 436 "-" "Jetpack/12.5; WordPress/6.4; http://site67748302.com"
45.169.99.250 - - [05/Jun/2026:07:44:31 +0200] "POST /xmlrpc.php HTTP/1.1" 405 436 "-" "Jetpack by WordPress.com"
66.116.233.244 - - [05/Jun/2026:07:44:31 +0200] "POST /xmlrpc.php HTTP/1.1" 200 258 "-" "Mozilla/5.0 (Windows NT 10.0; Win64; x64) AppleWebKit/537.36 (KHTML, like Gecko) Chrome/133.0.0.0 Safari/537.36 Edg/133.0.0.0"
162.241.152.21 - - [05/Jun/2026:07:44:33 +0200] "GET /wp-login.php HTTP/1.1" 200 7678 "-" "Mozilla/5.0 (X11; Fedora; Linux x86_64) AppleWebKit/537.36 (KHTML, like Gecko) Chrome/133.0.0.0 Safari/537.36"
50.6.231.19 - - [05/Jun/2026:07:44:40 +0200] "GET /wp-login.php HTTP/1.1" 200 7499 "-" "Mozilla/5.0 (X11; Linux x86_64; rv:133.0) Gecko/20100101 Firefox/133.0"
223.181.126.217 - - [05/Jun/2026:07:44:41 +0200] "POST /xmlrpc.php HTTP/1.1" 405 436 "-" "Jetpack/12.0; WordPress/6.4; http://site30171273.com"
45.169.99.250 - - [05/Jun/2026:07:44:42 +0200] "POST /xmlrpc.php HTTP/1.1" 405 436 "-" "WordPress.com; https://wordpress.com"
66.116.233.244 - - [05/Jun/2026:07:44:45 +0200] "GET /wp-json/wp/v2/users/me HTTP/1.1" 401 124 "-" "Mozilla/5.0 (Windows NT 10.0; Win64; x64) AppleWebKit/537.36 (KHTML, like Gecko) Chrome/133.0.0.0 Safari/537.36 Edg/133.0.0.0"
163.43.18.248 - - [05/Jun/2026:07:44:49 +0200] "GET /wp-login.php HTTP/1.1" 200 7374 "-" "Mozilla/5.0 (X11; Linux x86_64) AppleWebKit/537.36 (KHTML, like Gecko) Chrome/133.0.0.0 Safari/537.36"
223.181.126.217 - - [05/Jun/2026:07:44:51 +0200] "POST /xmlrpc.php HTTP/1.1" 405 436 "-" "WordPress.com; https://wordpress.com"
45.169.99.250 - - [05/Jun/2026:07:44:52 +0200] "POST /xmlrpc.php HTTP/1.1" 405 436 "-" "Jetpack by WordPress.com"
223.181.126.217 - - [05/Jun/2026:07:45:01 +0200] "POST /xmlrpc.php HTTP/1.1" 405 436 "-" "WordPress.com; https://wordpress.com"
45.169.99.250 - - [05/Jun/2026:07:45:02 +0200] "POST /xmlrpc.php HTTP/1.1" 405 436 "-" "Jetpack by WordPress.com"
162.240.12.204 - - [05/Jun/2026:07:45:06 +0200] "GET /wp-login.php HTTP/1.1" 200 7347 "-" "Mozilla/5.0 (X11; Linux x86_64) AppleWebKit/537.36 (KHTML, like Gecko) Chrome/133.0.0.0 Safari/537.36 Edg/133.0.0.0"
223.181.126.217 - - [05/Jun/2026:07:45:12 +0200] "POST /xmlrpc.php HTTP/1.1" 405 436 "-" "WordPress.com; https://wordpress.com"
45.169.99.250 - - [05/Jun/2026:07:45:13 +0200] "POST /xmlrpc.php HTTP/1.1" 405 436 "-" "WordPress.com; https://wordpress.com"
223.181.126.217 - - [05/Jun/2026:07:45:23 +0200] "POST /xmlrpc.php HTTP/1.1" 405 436 "-" "WordPress.com; https://wordpress.com"
45.169.99.250 - - [05/Jun/2026:07:45:23 +0200] "POST /xmlrpc.php HTTP/1.1" 405 436 "-" "Jetpack by WordPress.com"
223.181.126.217 - - [05/Jun/2026:07:45:33 +0200] "POST /xmlrpc.php HTTP/1.1" 405 436 "-" "Jetpack/13.0; WordPress/6.2; http://site49795306.com"
45.169.99.250 - - [05/Jun/2026:07:45:34 +0200] "POST /xmlrpc.php HTTP/1.1" 405 436 "-" "Jetpack by WordPress.com (Jetpack 13.0; WordPress 6.1)"
223.181.126.217 - - [05/Jun/2026:07:45:44 +0200] "POST /xmlrpc.php HTTP/1.1" 405 436 "-" "Jetpack/12.1; WordPress/6.1; http://site63818762.com"
45.169.99.250 - - [05/Jun/2026:07:45:44 +0200] "POST /xmlrpc.php HTTP/1.1" 405 436 "-" "Jetpack/13.0; WordPress/6.2; http://site28678962.com"
223.181.126.217 - - [05/Jun/2026:07:45:54 +0200] "POST /xmlrpc.php HTTP/1.1" 405 436 "-" "Jetpack by WordPress.com (Jetpack 12.5; WordPress 6.3)"
97.74.87.194 - - [05/Jun/2026:07:45:55 +0200] "POST /xmlrpc.php HTTP/1.1" 200 258 "-" "Mozilla/5.0 (Windows NT 10.0; Win64; x64; rv:133.0) Gecko/20100101 Firefox/133.0"
45.169.99.250 - - [05/Jun/2026:07:45:55 +0200] "POST /xmlrpc.php HTTP/1.1" 405 436 "-" "Jetpack by WordPress.com (Jetpack 12.1; WordPress 6.3)"
5.61.209.33 - - [05/Jun/2026:07:46:01 +0200] "GET /cgi-bin/luci/;stok=/locale HTTP/1.1" 301 - "-" "-"
223.181.126.217 - - [05/Jun/2026:07:46:05 +0200] "POST /xmlrpc.php HTTP/1.1" 405 436 "-" "Jetpack by WordPress.com"
45.169.99.250 - - [05/Jun/2026:07:46:05 +0200] "POST /xmlrpc.php HTTP/1.1" 405 436 "-" "Jetpack by WordPress.com"
223.181.126.217 - - [05/Jun/2026:07:46:15 +0200] "POST /xmlrpc.php HTTP/1.1" 405 436 "-" "Jetpack by WordPress.com (Jetpack 13.0; WordPress 6.1)"
45.169.99.250 - - [05/Jun/2026:07:46:16 +0200] "POST /xmlrpc.php HTTP/1.1" 405 436 "-" "Jetpack by WordPress.com (Jetpack 13.0; WordPress 6.2)"
223.181.126.217 - - [05/Jun/2026:07:46:26 +0200] "POST /xmlrpc.php HTTP/1.1" 405 436 "-" "Jetpack by WordPress.com"
45.169.99.250 - - [05/Jun/2026:07:46:26 +0200] "POST /xmlrpc.php HTTP/1.1" 405 436 "-" "Jetpack by WordPress.com (Jetpack 12.5; WordPress 6.2)"
223.181.126.217 - - [05/Jun/2026:07:46:36 +0200] "POST /xmlrpc.php HTTP/1.1" 405 436 "-" "WordPress.com; https://wordpress.com"
139.59.3.17 - - [05/Jun/2026:07:46:36 +0200] "POST /xmlrpc.php HTTP/1.1" 200 258 "-" "Mozilla/5.0 (Windows NT 10.0; Win64; x64) AppleWebKit/537.36 (KHTML, like Gecko) Chrome/133.0.0.0 Safari/537.36"
45.169.99.250 - - [05/Jun/2026:07:46:37 +0200] "POST /xmlrpc.php HTTP/1.1" 405 436 "-" "Jetpack by WordPress.com"
223.181.126.217 - - [05/Jun/2026:07:46:47 +0200] "POST /xmlrpc.php HTTP/1.1" 405 436 "-" "Jetpack/13.0; WordPress/6.2; http://site62832703.com"
69.49.112.63 - - [05/Jun/2026:07:46:47 +0200] "POST /xmlrpc.php HTTP/1.1" 200 258 "-" "Mozilla/5.0 (Windows NT 10.0; Win64; x64) AppleWebKit/537.36 (KHTML, like Gecko) Chrome/133.0.0.0 Safari/537.36 Edg/133.0.0.0"
45.169.99.250 - - [05/Jun/2026:07:46:47 +0200] "POST /xmlrpc.php HTTP/1.1" 405 436 "-" "Jetpack by WordPress.com"
223.181.126.217 - - [05/Jun/2026:07:46:57 +0200] "POST /xmlrpc.php HTTP/1.1" 405 436 "-" "WordPress.com; https://wordpress.com"
45.169.99.250 - - [05/Jun/2026:07:46:58 +0200] "POST /xmlrpc.php HTTP/1.1" 405 436 "-" "Jetpack/12.5; WordPress/6.1; http://site84273519.com"
223.181.126.217 - - [05/Jun/2026:07:47:08 +0200] "POST /xmlrpc.php HTTP/1.1" 405 436 "-" "Jetpack/13.0; WordPress/6.4; http://site76027531.com"
45.169.99.250 - - [05/Jun/2026:07:47:08 +0200] "POST /xmlrpc.php HTTP/1.1" 405 436 "-" "Jetpack by WordPress.com (Jetpack 12.0; WordPress 6.4)"
115.166.18.92 - - [05/Jun/2026:07:47:09 +0200] "POST /xmlrpc.php HTTP/1.1" 200 258 "-" "Mozilla/5.0 (Macintosh; Intel Mac OS X 14_7_4) AppleWebKit/537.36 (KHTML, like Gecko) Chrome/133.0.0.0 Safari/537.36"
104.155.29.73 - - [05/Jun/2026:07:47:10 +0200] "POST /xmlrpc.php HTTP/1.1" 200 258 "-" "Mozilla/5.0 (Windows NT 10.0; Win64; x64; rv:133.0) Gecko/20100101 Firefox/133.0"
223.181.126.217 - - [05/Jun/2026:07:47:18 +0200] "POST /xmlrpc.php HTTP/1.1" 405 436 "-" "Jetpack by WordPress.com (Jetpack 12.5; WordPress 6.2)"
45.169.99.250 - - [05/Jun/2026:07:47:19 +0200] "POST /xmlrpc.php HTTP/1.1" 405 436 "-" "Jetpack by WordPress.com"
143.110.183.208 - - [05/Jun/2026:07:47:20 +0200] "GET /wp-login.php HTTP/1.1" 200 7563 "-" "Mozilla/5.0 (Macintosh; Intel Mac OS X 10_15_7) AppleWebKit/537.36 (KHTML, like Gecko) Chrome/133.0.0.0 Safari/537.36 Edg/133.0.0.0"
51.210.146.129 - - [05/Jun/2026:07:47:27 +0200] "GET /wp-login.php HTTP/1.1" 200 7484 "-" "Mozilla/5.0 (Macintosh; Intel Mac OS X 10_15_7) AppleWebKit/605.1.15 (KHTML, like Gecko) Version/18.3 Safari/605.1.15"
223.181.126.217 - - [05/Jun/2026:07:47:29 +0200] "POST /xmlrpc.php HTTP/1.1" 405 436 "-" "Jetpack by WordPress.com (Jetpack 12.0; WordPress 6.1)"
45.169.99.250 - - [05/Jun/2026:07:47:29 +0200] "POST /xmlrpc.php HTTP/1.1" 405 436 "-" "Jetpack by WordPress.com"
223.181.126.217 - - [05/Jun/2026:07:47:39 +0200] "POST /xmlrpc.php HTTP/1.1" 405 436 "-" "Jetpack/12.1; WordPress/6.3; http://site76942043.com"
45.169.99.250 - - [05/Jun/2026:07:47:40 +0200] "POST /xmlrpc.php HTTP/1.1" 405 436 "-" "Jetpack by WordPress.com"
217.76.158.60 - - [05/Jun/2026:07:47:47 +0200] "GET /wp-login.php HTTP/1.1" 200 7460 "-" "Mozilla/5.0 (Macintosh; Intel Mac OS X 10_15_7) AppleWebKit/537.36 (KHTML, like Gecko) Chrome/133.0.0.0 Safari/537.36"
223.181.126.217 - - [05/Jun/2026:07:47:50 +0200] "POST /xmlrpc.php HTTP/1.1" 405 436 "-" "Jetpack by WordPress.com (Jetpack 13.0; WordPress 6.4)"
45.169.99.250 - - [05/Jun/2026:07:47:50 +0200] "POST /xmlrpc.php HTTP/1.1" 405 436 "-" "Jetpack by WordPress.com"
208.109.188.137 - - [05/Jun/2026:07:47:55 +0200] "GET /wp-login.php HTTP/1.1" 200 7531 "-" "Mozilla/5.0 (X11; Linux x86_64) AppleWebKit/537.36 (KHTML, like Gecko) Chrome/133.0.0.0 Safari/537.36 Edg/133.0.0.0"
223.181.126.217 - - [05/Jun/2026:07:48:00 +0200] "POST /xmlrpc.php HTTP/1.1" 405 436 "-" "Jetpack/12.5; WordPress/6.1; http://site44093889.com"
45.169.99.250 - - [05/Jun/2026:07:48:00 +0200] "POST /xmlrpc.php HTTP/1.1" 405 436 "-" "Jetpack by WordPress.com"
223.181.126.217 - - [05/Jun/2026:07:48:11 +0200] "POST /xmlrpc.php HTTP/1.1" 405 436 "-" "Jetpack/13.0; WordPress/6.3; http://site69392356.com"
45.169.99.250 - - [05/Jun/2026:07:48:11 +0200] "POST /xmlrpc.php HTTP/1.1" 405 436 "-" "Jetpack by WordPress.com (Jetpack 13.0; WordPress 6.2)"
223.181.126.217 - - [05/Jun/2026:07:48:21 +0200] "POST /xmlrpc.php HTTP/1.1" 405 436 "-" "Jetpack/13.0; WordPress/6.1; http://site37681998.com"
45.169.99.250 - - [05/Jun/2026:07:48:21 +0200] "POST /xmlrpc.php HTTP/1.1" 405 436 "-" "Jetpack by WordPress.com"
8.149.143.18 - - [05/Jun/2026:07:48:25 +0200] "GET /wp-login.php HTTP/1.1" 200 7405 "-" "Mozilla/5.0 (Windows NT 10.0) AppleWebKit/537.36 (KHTML, like Gecko) Chrome/133.0.0.0 Safari/537.36"
223.181.126.217 - - [05/Jun/2026:07:48:32 +0200] "POST /xmlrpc.php HTTP/1.1" 405 436 "-" "Jetpack/13.0; WordPress/6.3; http://site91397983.com"
45.169.99.250 - - [05/Jun/2026:07:48:32 +0200] "POST /xmlrpc.php HTTP/1.1" 405 436 "-" "Jetpack/12.0; WordPress/6.4; http://site37097764.com"
223.181.126.217 - - [05/Jun/2026:07:48:42 +0200] "POST /xmlrpc.php HTTP/1.1" 405 436 "-" "Jetpack/12.5; WordPress/6.3; http://site95067356.com"
45.169.99.250 - - [05/Jun/2026:07:48:42 +0200] "POST /xmlrpc.php HTTP/1.1" 405 436 "-" "Jetpack by WordPress.com (Jetpack 12.1; WordPress 6.3)"
45.169.99.250 - - [05/Jun/2026:07:48:53 +0200] "POST /xmlrpc.php HTTP/1.1" 405 436 "-" "WordPress.com; https://wordpress.com"
223.181.126.217 - - [05/Jun/2026:07:48:53 +0200] "POST /xmlrpc.php HTTP/1.1" 405 436 "-" "Jetpack by WordPress.com"
41.111.171.131 - - [05/Jun/2026:07:48:57 +0200] "GET /wp-login.php HTTP/1.1" 200 7651 "-" "Mozilla/5.0 (Macintosh; Intel Mac OS X 10_15_7) AppleWebKit/537.36 (KHTML, like Gecko) Chrome/133.0.0.0 Safari/537.36 Edg/133.0.0.0"
45.169.99.250 - - [05/Jun/2026:07:49:03 +0200] "POST /xmlrpc.php HTTP/1.1" 405 436 "-" "Jetpack by WordPress.com"
223.181.126.217 - - [05/Jun/2026:07:49:03 +0200] "POST /xmlrpc.php HTTP/1.1" 405 436 "-" "WordPress.com; https://wordpress.com"
194.163.139.224 - - [05/Jun/2026:07:49:03 +0200] "POST /xmlrpc.php HTTP/1.1" 200 258 "-" "Mozilla/5.0 (X11; Linux i686) AppleWebKit/537.36 (KHTML, like Gecko) Chrome/133.0.0.0 Safari/537.36"
162.240.12.204 - - [05/Jun/2026:07:49:10 +0200] "POST /xmlrpc.php HTTP/1.1" 200 258 "-" "Mozilla/5.0 (X11; Linux x86_64) AppleWebKit/537.36 (KHTML, like Gecko) Chrome/133.0.0.0 Safari/537.36 Edg/133.0.0.0"
45.169.99.250 - - [05/Jun/2026:07:49:14 +0200] "POST /xmlrpc.php HTTP/1.1" 405 436 "-" "Jetpack by WordPress.com"
223.181.126.217 - - [05/Jun/2026:07:49:14 +0200] "POST /xmlrpc.php HTTP/1.1" 405 436 "-" "WordPress.com; https://wordpress.com"
45.169.99.250 - - [05/Jun/2026:07:49:24 +0200] "POST /xmlrpc.php HTTP/1.1" 405 436 "-" "WordPress.com; https://wordpress.com"
223.181.126.217 - - [05/Jun/2026:07:49:24 +0200] "POST /xmlrpc.php HTTP/1.1" 405 436 "-" "Jetpack/13.0; WordPress/6.4; http://site36687881.com"
45.169.99.250 - - [05/Jun/2026:07:49:35 +0200] "POST /xmlrpc.php HTTP/1.1" 405 436 "-" "Jetpack/12.0; WordPress/6.4; http://site31776174.com"
223.181.126.217 - - [05/Jun/2026:07:49:35 +0200] "POST /xmlrpc.php HTTP/1.1" 405 436 "-" "Jetpack/13.0; WordPress/6.2; http://site51957396.com"
46.46.135.18 - - [05/Jun/2026:07:49:41 +0200] "GET /feed/atom HTTP/1.1" 301 - "-" "Mozilla/5.0 (Macintosh; Intel Mac OS X 10_15_7) AppleWebKit/537.36 (KHTML, like Gecko) Chrome/123.0.0.0 Safari/537.36"
46.46.135.18 - - [05/Jun/2026:07:49:42 +0200] "GET /feed/atom/ HTTP/1.1" 200 26183 "-" "Mozilla/5.0 (Macintosh; Intel Mac OS X 10_15_7) AppleWebKit/537.36 (KHTML, like Gecko) Chrome/123.0.0.0 Safari/537.36"
46.46.135.18 - - [05/Jun/2026:07:49:43 +0200] "GET /feed HTTP/1.1" 301 - "-" "Mozilla/5.0 (Macintosh; Intel Mac OS X 10_15_7) AppleWebKit/537.36 (KHTML, like Gecko) Chrome/123.0.0.0 Safari/537.36"
46.46.135.18 - - [05/Jun/2026:07:49:44 +0200] "GET /feed/ HTTP/1.1" 200 26686 "-" "Mozilla/5.0 (Macintosh; Intel Mac OS X 10_15_7) AppleWebKit/537.36 (KHTML, like Gecko) Chrome/123.0.0.0 Safari/537.36"
46.46.135.18 - - [05/Jun/2026:07:49:45 +0200] "GET /feed HTTP/1.1" 301 - "-" "Mozilla/5.0 (Macintosh; Intel Mac OS X 10_15_7) AppleWebKit/537.36 (KHTML, like Gecko) Chrome/123.0.0.0 Safari/537.36"
45.169.99.250 - - [05/Jun/2026:07:49:45 +0200] "POST /xmlrpc.php HTTP/1.1" 405 436 "-" "Jetpack/12.1; WordPress/6.2; http://site38760302.com"
223.181.126.217 - - [05/Jun/2026:07:49:45 +0200] "POST /xmlrpc.php HTTP/1.1" 405 436 "-" "Jetpack by WordPress.com (Jetpack 13.0; WordPress 6.4)"
46.46.135.18 - - [05/Jun/2026:07:49:46 +0200] "GET /feed/ HTTP/1.1" 200 26686 "-" "Mozilla/5.0 (Macintosh; Intel Mac OS X 10_15_7) AppleWebKit/537.36 (KHTML, like Gecko) Chrome/123.0.0.0 Safari/537.36"
223.181.126.217 - - [05/Jun/2026:07:49:56 +0200] "POST /xmlrpc.php HTTP/1.1" 405 436 "-" "Jetpack by WordPress.com (Jetpack 12.5; WordPress 6.3)"
223.181.126.217 - - [05/Jun/2026:07:50:06 +0200] "POST /xmlrpc.php HTTP/1.1" 405 436 "-" "WordPress.com; https://wordpress.com"
223.181.126.217 - - [05/Jun/2026:07:50:17 +0200] "POST /xmlrpc.php HTTP/1.1" 405 436 "-" "Jetpack by WordPress.com"
223.181.126.217 - - [05/Jun/2026:07:50:27 +0200] "POST /xmlrpc.php HTTP/1.1" 405 436 "-" "Jetpack/12.1; WordPress/6.2; http://site89440217.com"
43.156.228.27 - - [05/Jun/2026:07:50:37 +0200] "GET / HTTP/1.1" 301 - "http://185.208.225.194" "Mozilla/5.0 (iPhone; CPU iPhone OS 13_2_3 like Mac OS X) AppleWebKit/605.1.15 (KHTML, like Gecko) Version/13.0.3 Mobile/15E148 Safari/604.1"
192.250.239.252 - - [05/Jun/2026:07:50:38 +0200] "POST /xmlrpc.php HTTP/1.1" 200 258 "-" "Mozilla/5.0 (X11; Linux x86_64) AppleWebKit/537.36 (KHTML, like Gecko) Chrome/133.0.0.0 Safari/537.36 Edg/133.0.0.0"
223.181.126.217 - - [05/Jun/2026:07:50:38 +0200] "POST /xmlrpc.php HTTP/1.1" 405 436 "-" "Jetpack by WordPress.com (Jetpack 12.0; WordPress 6.2)"
119.18.52.246 - - [05/Jun/2026:07:50:42 +0200] "POST /xmlrpc.php HTTP/1.1" 200 258 "-" "Mozilla/5.0 (X11; Linux x86_64) AppleWebKit/537.36 (KHTML, like Gecko) Chrome/133.0.0.0 Safari/537.36 Edg/133.0.0.0"
103.42.5.132 - - [05/Jun/2026:07:50:45 +0200] "POST /xmlrpc.php HTTP/1.1" 200 258 "-" "Mozilla/5.0 (Macintosh; Intel Mac OS X 10_15_7) AppleWebKit/605.1.15 (KHTML, like Gecko) Version/18.3 Safari/605.1.15"
223.181.126.217 - - [05/Jun/2026:07:50:48 +0200] "POST /xmlrpc.php HTTP/1.1" 405 436 "-" "Jetpack by WordPress.com"
64.31.25.250 - - [05/Jun/2026:07:50:50 +0200] "GET /wp-login.php HTTP/1.1" 200 7246 "-" "Mozilla/5.0 (Macintosh; Intel Mac OS X 11_7_10) AppleWebKit/537.36 (KHTML, like Gecko) Chrome/133.0.0.0 Safari/537.36"
51.38.192.10 - - [05/Jun/2026:07:50:53 +0200] "GET /wp-login.php HTTP/1.1" 200 7595 "-" "Mozilla/5.0 (X11; Linux x86_64) AppleWebKit/537.36 (KHTML, like Gecko) Chrome/133.0.0.0 Safari/537.36"
66.116.233.244 - - [05/Jun/2026:07:50:55 +0200] "GET /wp-login.php HTTP/1.1" 200 7649 "-" "Mozilla/5.0 (X11; Linux x86_64) AppleWebKit/537.36 (KHTML, like Gecko) Chrome/133.0.0.0 Safari/537.36"
223.181.126.217 - - [05/Jun/2026:07:50:59 +0200] "POST /xmlrpc.php HTTP/1.1" 405 436 "-" "Jetpack by WordPress.com (Jetpack 12.5; WordPress 6.2)"
223.181.126.217 - - [05/Jun/2026:07:51:09 +0200] "POST /xmlrpc.php HTTP/1.1" 405 436 "-" "Jetpack by WordPress.com (Jetpack 12.1; WordPress 6.2)"
223.181.126.217 - - [05/Jun/2026:07:51:20 +0200] "POST /xmlrpc.php HTTP/1.1" 405 436 "-" "Jetpack by WordPress.com (Jetpack 12.1; WordPress 6.2)"
162.241.152.21 - - [05/Jun/2026:07:51:30 +0200] "POST /xmlrpc.php HTTP/1.1" 200 258 "-" "Mozilla/5.0 (Windows NT 10.0) AppleWebKit/537.36 (KHTML, like Gecko) Chrome/133.0.0.0 Safari/537.36"
223.181.126.217 - - [05/Jun/2026:07:51:30 +0200] "POST /xmlrpc.php HTTP/1.1" 405 436 "-" "WordPress.com; https://wordpress.com"
66.116.233.244 - - [05/Jun/2026:07:51:32 +0200] "GET /wp-login.php HTTP/1.1" 200 7359 "-" "Mozilla/5.0 (X11; Fedora; Linux x86_64) AppleWebKit/537.36 (KHTML, like Gecko) Chrome/133.0.0.0 Safari/537.36"
97.74.87.194 - - [05/Jun/2026:07:51:39 +0200] "GET /wp-login.php HTTP/1.1" 200 7254 "-" "Mozilla/5.0 (Macintosh; Intel Mac OS X 10_15_7) AppleWebKit/605.1.15 (KHTML, like Gecko) Version/18.3 Safari/605.1.15"
223.181.126.217 - - [05/Jun/2026:07:51:41 +0200] "POST /xmlrpc.php HTTP/1.1" 405 436 "-" "Jetpack by WordPress.com"
223.181.126.217 - - [05/Jun/2026:07:51:51 +0200] "POST /xmlrpc.php HTTP/1.1" 405 436 "-" "WordPress.com; https://wordpress.com"
198.38.94.18 - - [05/Jun/2026:07:51:57 +0200] "POST /xmlrpc.php HTTP/1.1" 200 258 "-" "Mozilla/5.0 (Windows NT 10.0; Win64; x64) AppleWebKit/537.36 (KHTML, like Gecko) Chrome/120.0.0.0 Safari/537.36"
223.181.126.217 - - [05/Jun/2026:07:52:02 +0200] "POST /xmlrpc.php HTTP/1.1" 405 436 "-" "Jetpack by WordPress.com (Jetpack 12.0; WordPress 6.2)"
223.181.126.217 - - [05/Jun/2026:07:52:13 +0200] "POST /xmlrpc.php HTTP/1.1" 405 436 "-" "Jetpack/13.0; WordPress/6.4; http://site48173759.com"
223.181.126.217 - - [05/Jun/2026:07:52:23 +0200] "POST /xmlrpc.php HTTP/1.1" 405 436 "-" "WordPress.com; https://wordpress.com"
223.181.126.217 - - [05/Jun/2026:07:52:34 +0200] "POST /xmlrpc.php HTTP/1.1" 405 436 "-" "Jetpack/13.0; WordPress/6.1; http://site59300540.com"
223.181.126.217 - - [05/Jun/2026:07:52:44 +0200] "POST /xmlrpc.php HTTP/1.1" 405 436 "-" "Jetpack/13.0; WordPress/6.2; http://site37969971.com"
223.181.126.217 - - [05/Jun/2026:07:52:55 +0200] "POST /xmlrpc.php HTTP/1.1" 405 436 "-" "Jetpack by WordPress.com"
223.181.126.217 - - [05/Jun/2026:07:53:05 +0200] "POST /xmlrpc.php HTTP/1.1" 405 436 "-" "Jetpack/12.1; WordPress/6.1; http://site22642269.com"
223.181.126.217 - - [05/Jun/2026:07:53:16 +0200] "POST /xmlrpc.php HTTP/1.1" 405 436 "-" "Jetpack by WordPress.com"
162.240.150.48 - - [05/Jun/2026:07:53:18 +0200] "GET /wp-login.php HTTP/1.1" 200 7265 "-" "Mozilla/5.0 (X11; Linux x86_64) AppleWebKit/537.36 (KHTML, like Gecko) Chrome/133.0.0.0 Safari/537.36 Edg/133.0.0.0"
176.63.6.208 - - [05/Jun/2026:07:53:22 +0200] "-" 408 - "-" "-"
50.6.207.27 - - [05/Jun/2026:07:53:36 +0200] "POST /xmlrpc.php HTTP/1.1" 200 258 "-" "Mozilla/5.0 (X11; Ubuntu; Linux x86_64) AppleWebKit/537.36 (KHTML, like Gecko) Chrome/133.0.0.0 Safari/537.36"
223.181.126.217 - - [05/Jun/2026:07:53:39 +0200] "POST /xmlrpc.php HTTP/1.1" 405 436 "-" "Jetpack by WordPress.com (Jetpack 13.0; WordPress 6.3)"
188.156.176.149 - - [05/Jun/2026:07:53:41 +0200] "-" 408 - "-" "-"
188.156.176.149 - - [05/Jun/2026:07:53:41 +0200] "-" 408 - "-" "-"
188.156.176.149 - - [05/Jun/2026:07:53:41 +0200] "-" 408 - "-" "-"
188.156.176.149 - - [05/Jun/2026:07:53:41 +0200] "-" 408 - "-" "-"
223.181.126.217 - - [05/Jun/2026:07:53:50 +0200] "POST /xmlrpc.php HTTP/1.1" 405 436 "-" "Jetpack/12.1; WordPress/6.1; http://site93492614.com"
108.179.253.195 - - [05/Jun/2026:07:53:52 +0200] "GET /wp-login.php HTTP/1.1" 200 7595 "-" "Mozilla/5.0 (Windows NT 10.0; Win64; x64) AppleWebKit/537.36 (KHTML, like Gecko) Chrome/120.0.0.0 Safari/537.36"
223.181.126.217 - - [05/Jun/2026:07:54:00 +0200] "POST /xmlrpc.php HTTP/1.1" 405 436 "-" "Jetpack by WordPress.com"
213.171.208.232 - - [05/Jun/2026:07:54:07 +0200] "POST /xmlrpc.php HTTP/1.1" 200 258 "-" "Mozilla/5.0 (Windows NT 10.0; Win64; x64; rv:133.0) Gecko/20100101 Firefox/133.0"
223.181.126.217 - - [05/Jun/2026:07:54:11 +0200] "POST /xmlrpc.php HTTP/1.1" 405 436 "-" "Jetpack by WordPress.com"
223.181.126.217 - - [05/Jun/2026:07:54:21 +0200] "POST /xmlrpc.php HTTP/1.1" 405 436 "-" "Jetpack by WordPress.com (Jetpack 12.5; WordPress 6.1)"
223.181.126.217 - - [05/Jun/2026:07:54:31 +0200] "POST /xmlrpc.php HTTP/1.1" 405 436 "-" "Jetpack/12.5; WordPress/6.2; http://site64980312.com"
223.181.126.217 - - [05/Jun/2026:07:54:42 +0200] "POST /xmlrpc.php HTTP/1.1" 405 436 "-" "Jetpack/13.0; WordPress/6.1; http://site16873487.com"
223.181.126.217 - - [05/Jun/2026:07:54:52 +0200] "POST /xmlrpc.php HTTP/1.1" 405 436 "-" "Jetpack/12.1; WordPress/6.1; http://site33886832.com"
223.181.126.217 - - [05/Jun/2026:07:55:05 +0200] "POST /xmlrpc.php HTTP/1.1" 405 436 "-" "Jetpack by WordPress.com (Jetpack 13.0; WordPress 6.2)"
64.31.25.250 - - [05/Jun/2026:07:55:11 +0200] "POST /xmlrpc.php HTTP/1.1" 200 258 "-" "Mozilla/5.0 (Windows NT 10.0; WOW64) AppleWebKit/537.36 (KHTML, like Gecko) Chrome/133.0.0.0 Safari/537.36"
223.181.126.217 - - [05/Jun/2026:07:55:13 +0200] "POST /xmlrpc.php HTTP/1.1" 405 436 "-" "Jetpack by WordPress.com"
223.181.126.217 - - [05/Jun/2026:07:55:24 +0200] "POST /xmlrpc.php HTTP/1.1" 405 436 "-" "WordPress.com; https://wordpress.com"
130.43.208.1 - - [05/Jun/2026:07:55:25 +0200] "-" 408 - "-" "-"
130.43.208.1 - - [05/Jun/2026:07:55:25 +0200] "-" 408 - "-" "-"
223.181.126.217 - - [05/Jun/2026:07:55:34 +0200] "POST /xmlrpc.php HTTP/1.1" 405 436 "-" "Jetpack by WordPress.com (Jetpack 12.0; WordPress 6.3)"
223.181.126.217 - - [05/Jun/2026:07:55:45 +0200] "POST /xmlrpc.php HTTP/1.1" 405 436 "-" "Jetpack by WordPress.com (Jetpack 12.5; WordPress 6.2)"
223.181.126.217 - - [05/Jun/2026:07:55:55 +0200] "POST /xmlrpc.php HTTP/1.1" 405 436 "-" "WordPress.com; https://wordpress.com"
223.181.126.217 - - [05/Jun/2026:07:56:06 +0200] "POST /xmlrpc.php HTTP/1.1" 405 436 "-" "Jetpack by WordPress.com (Jetpack 12.5; WordPress 6.3)"
223.181.126.217 - - [05/Jun/2026:07:56:16 +0200] "POST /xmlrpc.php HTTP/1.1" 405 436 "-" "Jetpack by WordPress.com"
223.181.126.217 - - [05/Jun/2026:07:56:27 +0200] "POST /xmlrpc.php HTTP/1.1" 405 436 "-" "Jetpack/12.5; WordPress/6.3; http://site84335697.com"
223.181.126.217 - - [05/Jun/2026:07:56:37 +0200] "POST /xmlrpc.php HTTP/1.1" 405 436 "-" "Jetpack by WordPress.com"
160.250.186.220 - - [05/Jun/2026:07:56:39 +0200] "GET /wp-login.php HTTP/1.1" 200 7512 "-" "Mozilla/5.0 (X11; Ubuntu; Linux x86_64; rv:133.0) Gecko/20100101 Firefox/133.0"
223.181.126.217 - - [05/Jun/2026:07:56:48 +0200] "POST /xmlrpc.php HTTP/1.1" 405 436 "-" "WordPress.com; https://wordpress.com"
76.74.150.109 - - [05/Jun/2026:07:56:53 +0200] "GET /wp-login.php HTTP/1.1" 200 7252 "-" "Mozilla/5.0 (Macintosh; Intel Mac OS X 10_15_7) AppleWebKit/605.1.15 (KHTML, like Gecko) Version/18.3 Safari/605.1.15"
223.181.126.217 - - [05/Jun/2026:07:56:58 +0200] "POST /xmlrpc.php HTTP/1.1" 405 436 "-" "WordPress.com; https://wordpress.com"
37.76.50.112 - - [05/Jun/2026:07:57:02 +0200] "-" 408 - "-" "-"
223.181.126.217 - - [05/Jun/2026:07:57:09 +0200] "POST /xmlrpc.php HTTP/1.1" 405 436 "-" "Jetpack/13.0; WordPress/6.1; http://site90150113.com"
209.235.136.138 - - [05/Jun/2026:07:57:09 +0200] "POST /xmlrpc.php HTTP/1.1" 200 258 "-" "Mozilla/5.0 (Macintosh; Intel Mac OS X 11_7_10) AppleWebKit/537.36 (KHTML, like Gecko) Chrome/133.0.0.0 Safari/537.36"
37.76.19.207 - - [05/Jun/2026:07:57:13 +0200] "-" 408 - "-" "-"
