137.97.175.92 - - [05/Jun/2026:13:04:40 +0200] "POST /xmlrpc.php HTTP/1.1" 405 436 "-" "Jetpack by WordPress.com (Jetpack 12.0; WordPress 6.1)"
119.45.7.86 - - [05/Jun/2026:13:04:45 +0200] "GET / HTTP/1.1" 301 - "http://valtogomb.eu" "Mozilla/5.0 (iPhone; CPU iPhone OS 13_2_3 like Mac OS X) AppleWebKit/605.1.15 (KHTML, like Gecko) Version/13.0.3 Mobile/15E148 Safari/604.1"
5.110.126.159 - - [05/Jun/2026:13:04:46 +0200] "POST /xmlrpc.php HTTP/1.1" 405 436 "-" "WordPress.com; https://wordpress.com"
115.99.105.154 - - [05/Jun/2026:13:04:47 +0200] "POST /xmlrpc.php HTTP/1.1" 405 436 "-" "Mozilla/5.0 (X11; Ubuntu; Linux x86_64; arm64) AppleWebKit/537.36 (KHTML, like Gecko) Opera/66.0.0.0 Safari/537.36"
160.250.186.220 - - [05/Jun/2026:13:04:50 +0200] "GET /wp-json/wp/v2/users/me HTTP/1.1" 401 188 "-" "Mozilla/5.0 (X11; Linux x86_64) AppleWebKit/537.36 (KHTML, like Gecko) Chrome/133.0.0.0 Safari/537.36"
137.97.175.92 - - [05/Jun/2026:13:04:51 +0200] "POST /xmlrpc.php HTTP/1.1" 405 436 "-" "Jetpack/12.0; WordPress/6.3; http://site46100036.com"
5.110.126.159 - - [05/Jun/2026:13:04:56 +0200] "POST /xmlrpc.php HTTP/1.1" 405 436 "-" "Jetpack/13.0; WordPress/6.2; http://site30181880.com"
115.99.105.154 - - [05/Jun/2026:13:05:00 +0200] "POST /xmlrpc.php HTTP/1.1" 405 436 "-" "Mozilla/5.0 (Windows NT 6.3; x86) AppleWebKit/537.36 (KHTML, like Gecko) Edge/88.0.0.0 Safari/537.36"
137.97.175.92 - - [05/Jun/2026:13:05:02 +0200] "POST /xmlrpc.php HTTP/1.1" 405 436 "-" "Jetpack/12.1; WordPress/6.2; http://site15563350.com"
5.110.126.159 - - [05/Jun/2026:13:05:07 +0200] "POST /xmlrpc.php HTTP/1.1" 405 436 "-" "WordPress.com; https://wordpress.com"
137.97.175.92 - - [05/Jun/2026:13:05:12 +0200] "POST /xmlrpc.php HTTP/1.1" 405 436 "-" "Jetpack/12.5; WordPress/6.4; http://site64156096.com"
115.99.105.154 - - [05/Jun/2026:13:05:14 +0200] "POST /xmlrpc.php HTTP/1.1" 405 436 "-" "Mozilla/5.0 (Windows NT 6.2; x86) AppleWebKit/537.36 (KHTML, like Gecko) Chrome/103.0.0.0 Safari/537.36"
5.110.126.159 - - [05/Jun/2026:13:05:17 +0200] "POST /xmlrpc.php HTTP/1.1" 405 436 "-" "Jetpack by WordPress.com (Jetpack 12.1; WordPress 6.4)"
43.230.201.87 - - [05/Jun/2026:13:05:18 +0200] "GET /wp-login.php HTTP/1.1" 200 7477 "-" "Mozilla/5.0 (Windows NT 10.0; Win64; x64; rv:133.0) Gecko/20100101 Firefox/133.0"
137.97.175.92 - - [05/Jun/2026:13:05:23 +0200] "POST /xmlrpc.php HTTP/1.1" 405 436 "-" "WordPress.com; https://wordpress.com"
5.110.126.159 - - [05/Jun/2026:13:05:28 +0200] "POST /xmlrpc.php HTTP/1.1" 405 436 "-" "Jetpack/13.0; WordPress/6.4; http://site37438895.com"
115.99.105.154 - - [05/Jun/2026:13:05:31 +0200] "POST /xmlrpc.php HTTP/1.1" 405 436 "-" "Mozilla/5.0 (Windows NT 6.3; x64) AppleWebKit/537.36 (KHTML, like Gecko) Safari/12.0.0.0 Safari/537.36"
194.163.139.224 - - [05/Jun/2026:13:05:31 +0200] "POST /xmlrpc.php HTTP/1.1" 200 258 "-" "Mozilla/5.0 (X11; Linux x86_64; rv:133.0) Gecko/20100101 Firefox/133.0"
125.212.221.88 - - [05/Jun/2026:13:05:32 +0200] "POST /xmlrpc.php HTTP/1.1" 200 258 "-" "Mozilla/5.0 (Windows NT 10.0; Win64; x64; rv:133.0) Gecko/20100101 Firefox/133.0"
137.97.175.92 - - [05/Jun/2026:13:05:34 +0200] "POST /xmlrpc.php HTTP/1.1" 405 436 "-" "Jetpack by WordPress.com"
5.110.126.159 - - [05/Jun/2026:13:05:38 +0200] "POST /xmlrpc.php HTTP/1.1" 405 436 "-" "Jetpack by WordPress.com"
137.97.175.92 - - [05/Jun/2026:13:05:44 +0200] "POST /xmlrpc.php HTTP/1.1" 405 436 "-" "Jetpack by WordPress.com (Jetpack 12.5; WordPress 6.2)"
115.99.105.154 - - [05/Jun/2026:13:05:45 +0200] "POST /xmlrpc.php HTTP/1.1" 405 436 "-" "Mozilla/5.0 (Linux; Android 10; arm64) AppleWebKit/537.36 (KHTML, like Gecko) Safari/13.0.0.0 Safari/537.36"
5.110.126.159 - - [05/Jun/2026:13:05:49 +0200] "POST /xmlrpc.php HTTP/1.1" 405 436 "-" "Jetpack by WordPress.com (Jetpack 13.0; WordPress 6.3)"
43.230.201.87 - - [05/Jun/2026:13:05:52 +0200] "GET /wp-login.php HTTP/1.1" 200 7515 "-" "Mozilla/5.0 (Macintosh; Intel Mac OS X 10_15_7) AppleWebKit/537.36 (KHTML, like Gecko) Chrome/133.0.0.0 Safari/537.36 Edg/133.0.0.0"
137.97.175.92 - - [05/Jun/2026:13:05:55 +0200] "POST /xmlrpc.php HTTP/1.1" 405 436 "-" "WordPress.com; https://wordpress.com"
115.99.105.154 - - [05/Jun/2026:13:05:57 +0200] "POST /xmlrpc.php HTTP/1.1" 405 436 "-" "Mozilla/5.0 (Linux; Android 10; x64) AppleWebKit/537.36 (KHTML, like Gecko) Chrome/92.0.0.0 Safari/537.36"
82.223.24.195 - - [05/Jun/2026:13:05:58 +0200] "GET /wp-login.php HTTP/1.1" 200 7504 "-" "Mozilla/5.0 (Macintosh; Intel Mac OS X 10_15_7) AppleWebKit/605.1.15 (KHTML, like Gecko) Version/18.3 Safari/605.1.15"
5.110.126.159 - - [05/Jun/2026:13:05:59 +0200] "POST /xmlrpc.php HTTP/1.1" 405 436 "-" "Jetpack/12.5; WordPress/6.2; http://site34643313.com"
137.97.175.92 - - [05/Jun/2026:13:06:05 +0200] "POST /xmlrpc.php HTTP/1.1" 405 436 "-" "Jetpack by WordPress.com"
5.110.126.159 - - [05/Jun/2026:13:06:10 +0200] "POST /xmlrpc.php HTTP/1.1" 405 436 "-" "Jetpack by WordPress.com (Jetpack 12.1; WordPress 6.4)"
115.99.105.154 - - [05/Jun/2026:13:06:13 +0200] "POST /xmlrpc.php HTTP/1.1" 405 436 "-" "Mozilla/5.0 (Windows NT 6.2; arm64) AppleWebKit/537.36 (KHTML, like Gecko) Chrome/103.0.0.0 Safari/537.36"
50.6.169.131 - - [05/Jun/2026:13:06:13 +0200] "POST /xmlrpc.php HTTP/1.1" 200 258 "-" "Mozilla/5.0 (Macintosh; Intel Mac OS X 14_7_4) AppleWebKit/537.36 (KHTML, like Gecko) Chrome/133.0.0.0 Safari/537.36"
82.223.24.195 - - [05/Jun/2026:13:06:15 +0200] "POST /xmlrpc.php HTTP/1.1" 200 258 "-" "Mozilla/5.0 (Windows NT 10.0; Win64; x64; rv:133.0) Gecko/20100101 Firefox/133.0"
137.97.175.92 - - [05/Jun/2026:13:06:16 +0200] "POST /xmlrpc.php HTTP/1.1" 405 436 "-" "Jetpack/12.1; WordPress/6.3; http://site59104720.com"
213.171.208.62 - - [05/Jun/2026:13:06:18 +0200] "POST /xmlrpc.php HTTP/1.1" 200 258 "-" "Mozilla/5.0 (Windows NT 10.0; Win64; x64) AppleWebKit/537.36 (KHTML, like Gecko) Chrome/133.0.0.0 Safari/537.36 Edg/133.0.0.0"
5.110.126.159 - - [05/Jun/2026:13:06:20 +0200] "POST /xmlrpc.php HTTP/1.1" 405 436 "-" "WordPress.com; https://wordpress.com"
115.99.105.154 - - [05/Jun/2026:13:06:26 +0200] "POST /xmlrpc.php HTTP/1.1" 405 436 "-" "Mozilla/5.0 (Windows NT 10.0; x64) AppleWebKit/537.36 (KHTML, like Gecko) Chrome/115.0.0.0 Safari/537.36"
137.97.175.92 - - [05/Jun/2026:13:06:26 +0200] "POST /xmlrpc.php HTTP/1.1" 405 436 "-" "Jetpack by WordPress.com"
5.110.126.159 - - [05/Jun/2026:13:06:31 +0200] "POST /xmlrpc.php HTTP/1.1" 405 436 "-" "WordPress.com; https://wordpress.com"
50.6.169.131 - - [05/Jun/2026:13:06:31 +0200] "GET /wp-json/wp/v2/users/me HTTP/1.1" 401 124 "-" "Mozilla/5.0 (Macintosh; Intel Mac OS X 14_7_4) AppleWebKit/537.36 (KHTML, like Gecko) Chrome/133.0.0.0 Safari/537.36"
137.97.175.92 - - [05/Jun/2026:13:06:37 +0200] "POST /xmlrpc.php HTTP/1.1" 405 436 "-" "Jetpack/12.1; WordPress/6.2; http://site10941515.com"
162.240.150.48 - - [05/Jun/2026:13:06:38 +0200] "GET /wp-login.php HTTP/1.1" 200 7244 "-" "Mozilla/5.0 (Windows NT 10.0) AppleWebKit/537.36 (KHTML, like Gecko) Chrome/133.0.0.0 Safari/537.36"
115.99.105.154 - - [05/Jun/2026:13:06:39 +0200] "POST /xmlrpc.php HTTP/1.1" 405 436 "-" "Mozilla/5.0 (Windows NT 6.3; arm64) AppleWebKit/537.36 (KHTML, like Gecko) Edge/97.0.0.0 Safari/537.36"
5.110.126.159 - - [05/Jun/2026:13:06:41 +0200] "POST /xmlrpc.php HTTP/1.1" 405 436 "-" "Jetpack/12.1; WordPress/6.1; http://site89290834.com"
77.0.183.85 - - [05/Jun/2026:13:06:42 +0200] "GET / HTTP/1.1" 301 - "-" "Mozilla/5.0 (Macintosh; Intel Mac OS X 12.3; rv:131.0) Gecko/20100101 Firefox/131.0"
137.97.175.92 - - [05/Jun/2026:13:06:48 +0200] "POST /xmlrpc.php HTTP/1.1" 405 436 "-" "Jetpack by WordPress.com (Jetpack 13.0; WordPress 6.4)"
5.110.126.159 - - [05/Jun/2026:13:06:52 +0200] "POST /xmlrpc.php HTTP/1.1" 405 436 "-" "Jetpack by WordPress.com"
115.99.105.154 - - [05/Jun/2026:13:06:52 +0200] "POST /xmlrpc.php HTTP/1.1" 405 436 "-" "Mozilla/5.0 (Windows NT 10.0; arm64) AppleWebKit/537.36 (KHTML, like Gecko) Edge/92.0.0.0 Safari/537.36"
137.97.175.92 - - [05/Jun/2026:13:06:58 +0200] "POST /xmlrpc.php HTTP/1.1" 405 436 "-" "Jetpack/12.0; WordPress/6.3; http://site61488340.com"
82.223.24.195 - - [05/Jun/2026:13:07:01 +0200] "POST /xmlrpc.php HTTP/1.1" 200 258 "-" "Mozilla/5.0 (Windows NT 10.0; WOW64) AppleWebKit/537.36 (KHTML, like Gecko) Chrome/133.0.0.0 Safari/537.36"
5.110.126.159 - - [05/Jun/2026:13:07:03 +0200] "POST /xmlrpc.php HTTP/1.1" 405 436 "-" "Jetpack/12.0; WordPress/6.2; http://site18403186.com"
115.99.105.154 - - [05/Jun/2026:13:07:05 +0200] "POST /xmlrpc.php HTTP/1.1" 405 436 "-" "Mozilla/5.0 (Macintosh; Intel Mac OS X 10_15_7; x86) AppleWebKit/537.36 (KHTML, like Gecko) Chrome/93.0.0.0 Safari/537.36"
82.223.24.195 - - [05/Jun/2026:13:07:08 +0200] "POST /xmlrpc.php HTTP/1.1" 200 258 "-" "Mozilla/5.0 (X11; Ubuntu; Linux x86_64; rv:133.0) Gecko/20100101 Firefox/133.0"
137.97.175.92 - - [05/Jun/2026:13:07:09 +0200] "POST /xmlrpc.php HTTP/1.1" 405 436 "-" "WordPress.com; https://wordpress.com"
54.36.102.244 - - [05/Jun/2026:13:07:12 +0200] "GET /wp-login.php HTTP/1.1" 200 7497 "-" "Mozilla/5.0 (X11; CrOS x86_64 14541.0.0) AppleWebKit/537.36 (KHTML, like Gecko) Chrome/133.0.0.0 Safari/537.36"
5.110.126.159 - - [05/Jun/2026:13:07:13 +0200] "POST /xmlrpc.php HTTP/1.1" 405 436 "-" "WordPress.com; https://wordpress.com"
137.97.175.92 - - [05/Jun/2026:13:07:20 +0200] "POST /xmlrpc.php HTTP/1.1" 405 436 "-" "WordPress.com; https://wordpress.com"
115.99.105.154 - - [05/Jun/2026:13:07:21 +0200] "POST /xmlrpc.php HTTP/1.1" 405 436 "-" "Mozilla/5.0 (Macintosh; Intel Mac OS X 10_15_7; arm64) AppleWebKit/537.36 (KHTML, like Gecko) Safari/13.0.0.0 Safari/537.36"
5.110.126.159 - - [05/Jun/2026:13:07:23 +0200] "POST /xmlrpc.php HTTP/1.1" 405 436 "-" "Jetpack by WordPress.com"
137.97.175.92 - - [05/Jun/2026:13:07:30 +0200] "POST /xmlrpc.php HTTP/1.1" 405 436 "-" "Jetpack by WordPress.com"
5.110.126.159 - - [05/Jun/2026:13:07:34 +0200] "POST /xmlrpc.php HTTP/1.1" 405 436 "-" "WordPress.com; https://wordpress.com"
115.99.105.154 - - [05/Jun/2026:13:07:35 +0200] "POST /xmlrpc.php HTTP/1.1" 405 436 "-" "Mozilla/5.0 (Linux; Android 10; x86) AppleWebKit/537.36 (KHTML, like Gecko) Opera/64.0.0.0 Safari/537.36"
137.97.175.92 - - [05/Jun/2026:13:07:41 +0200] "POST /xmlrpc.php HTTP/1.1" 405 436 "-" "Jetpack/12.1; WordPress/6.4; http://site53570390.com"
115.99.105.154 - - [05/Jun/2026:13:07:50 +0200] "POST /xmlrpc.php HTTP/1.1" 405 436 "-" "Mozilla/5.0 (Windows NT 6.3; x64) AppleWebKit/537.36 (KHTML, like Gecko) Safari/15.0.0.0 Safari/537.36"
137.97.175.92 - - [05/Jun/2026:13:07:51 +0200] "POST /xmlrpc.php HTTP/1.1" 405 436 "-" "Jetpack by WordPress.com"
5.110.126.159 - - [05/Jun/2026:13:08:01 +0200] "POST /xmlrpc.php HTTP/1.1" 405 436 "-" "Jetpack by WordPress.com (Jetpack 12.1; WordPress 6.4)"
137.97.175.92 - - [05/Jun/2026:13:08:02 +0200] "POST /xmlrpc.php HTTP/1.1" 405 436 "-" "Jetpack by WordPress.com (Jetpack 12.1; WordPress 6.1)"
115.99.105.154 - - [05/Jun/2026:13:08:05 +0200] "POST /xmlrpc.php HTTP/1.1" 405 436 "-" "Mozilla/5.0 (Windows NT 10.0; x64) AppleWebKit/537.36 (KHTML, like Gecko) Firefox/78.0.0.0 Safari/537.36"
103.42.5.132 - - [05/Jun/2026:13:08:07 +0200] "POST /xmlrpc.php HTTP/1.1" 200 258 "-" "Mozilla/5.0 (Windows NT 10.0) AppleWebKit/537.36 (KHTML, like Gecko) Chrome/133.0.0.0 Safari/537.36"
5.110.126.159 - - [05/Jun/2026:13:08:12 +0200] "POST /xmlrpc.php HTTP/1.1" 405 436 "-" "Jetpack by WordPress.com (Jetpack 12.1; WordPress 6.2)"
137.97.175.92 - - [05/Jun/2026:13:08:13 +0200] "POST /xmlrpc.php HTTP/1.1" 405 436 "-" "Jetpack/12.5; WordPress/6.4; http://site90179545.com"
115.99.105.154 - - [05/Jun/2026:13:08:19 +0200] "POST /xmlrpc.php HTTP/1.1" 405 436 "-" "Mozilla/5.0 (Macintosh; Intel Mac OS X 10_15_7; arm64) AppleWebKit/537.36 (KHTML, like Gecko) Chrome/107.0.0.0 Safari/537.36"
5.110.126.159 - - [05/Jun/2026:13:08:21 +0200] "POST /xmlrpc.php HTTP/1.1" 405 436 "-" "Jetpack by WordPress.com (Jetpack 13.0; WordPress 6.2)"
137.97.175.92 - - [05/Jun/2026:13:08:24 +0200] "POST /xmlrpc.php HTTP/1.1" 405 436 "-" "WordPress.com; https://wordpress.com"
5.110.126.159 - - [05/Jun/2026:13:08:32 +0200] "POST /xmlrpc.php HTTP/1.1" 405 436 "-" "WordPress.com; https://wordpress.com"
137.97.175.92 - - [05/Jun/2026:13:08:34 +0200] "POST /xmlrpc.php HTTP/1.1" 405 436 "-" "Jetpack by WordPress.com"
115.99.105.154 - - [05/Jun/2026:13:08:34 +0200] "POST /xmlrpc.php HTTP/1.1" 405 436 "-" "Mozilla/5.0 (Windows NT 6.2; x64) AppleWebKit/537.36 (KHTML, like Gecko) Safari/11.0.0.0 Safari/537.36"
46.224.234.158 - - [05/Jun/2026:13:08:38 +0200] "POST /xmlrpc.php HTTP/1.1" 200 258 "-" "Mozilla/5.0 (Macintosh; Intel Mac OS X 10_15_7) AppleWebKit/537.36 (KHTML, like Gecko) Chrome/133.0.0.0 Safari/537.36"
125.212.221.88 - - [05/Jun/2026:13:08:40 +0200] "POST /xmlrpc.php HTTP/1.1" 200 258 "-" "Mozilla/5.0 (Macintosh; Intel Mac OS X 14_7_4) AppleWebKit/537.36 (KHTML, like Gecko) Chrome/133.0.0.0 Safari/537.36"
5.110.126.159 - - [05/Jun/2026:13:08:42 +0200] "POST /xmlrpc.php HTTP/1.1" 405 436 "-" "WordPress.com; https://wordpress.com"
130.43.209.245 - - [05/Jun/2026:13:08:45 +0200] "-" 408 - "-" "-"
137.97.175.92 - - [05/Jun/2026:13:08:45 +0200] "POST /xmlrpc.php HTTP/1.1" 405 436 "-" "Jetpack by WordPress.com"
115.99.105.154 - - [05/Jun/2026:13:08:48 +0200] "POST /xmlrpc.php HTTP/1.1" 405 436 "-" "Mozilla/5.0 (Macintosh; Intel Mac OS X 10_15_7; x64) AppleWebKit/537.36 (KHTML, like Gecko) Firefox/85.0.0.0 Safari/537.36"
5.110.126.159 - - [05/Jun/2026:13:08:53 +0200] "POST /xmlrpc.php HTTP/1.1" 405 436 "-" "WordPress.com; https://wordpress.com"
137.97.175.92 - - [05/Jun/2026:13:08:55 +0200] "POST /xmlrpc.php HTTP/1.1" 405 436 "-" "Jetpack by WordPress.com (Jetpack 12.5; WordPress 6.3)"
115.99.105.154 - - [05/Jun/2026:13:09:02 +0200] "POST /xmlrpc.php HTTP/1.1" 405 436 "-" "Mozilla/5.0 (Windows NT 6.2; x64) AppleWebKit/537.36 (KHTML, like Gecko) Safari/15.0.0.0 Safari/537.36"
5.110.126.159 - - [05/Jun/2026:13:09:03 +0200] "POST /xmlrpc.php HTTP/1.1" 405 436 "-" "Jetpack by WordPress.com"
137.97.175.92 - - [05/Jun/2026:13:09:06 +0200] "POST /xmlrpc.php HTTP/1.1" 405 436 "-" "Jetpack/13.0; WordPress/6.4; http://site21512708.com"
208.109.188.137 - - [05/Jun/2026:13:09:10 +0200] "GET /wp-login.php HTTP/1.1" 200 7708 "-" "Mozilla/5.0 (Windows NT 10.0; Win64; x64) AppleWebKit/537.36 (KHTML, like Gecko) Chrome/133.0.0.0 Safari/537.36"
5.110.126.159 - - [05/Jun/2026:13:09:14 +0200] "POST /xmlrpc.php HTTP/1.1" 405 436 "-" "Jetpack by WordPress.com"
115.99.105.154 - - [05/Jun/2026:13:09:14 +0200] "POST /xmlrpc.php HTTP/1.1" 405 436 "-" "Mozilla/5.0 (Windows NT 6.2; x86) AppleWebKit/537.36 (KHTML, like Gecko) Opera/80.0.0.0 Safari/537.36"
137.97.175.92 - - [05/Jun/2026:13:09:16 +0200] "POST /xmlrpc.php HTTP/1.1" 405 436 "-" "Jetpack/13.0; WordPress/6.2; http://site57038099.com"
5.110.126.159 - - [05/Jun/2026:13:09:24 +0200] "POST /xmlrpc.php HTTP/1.1" 405 436 "-" "Jetpack by WordPress.com (Jetpack 12.1; WordPress 6.2)"
137.97.175.92 - - [05/Jun/2026:13:09:27 +0200] "POST /xmlrpc.php HTTP/1.1" 405 436 "-" "Jetpack/12.5; WordPress/6.4; http://site49416499.com"
115.99.105.154 - - [05/Jun/2026:13:09:27 +0200] "POST /xmlrpc.php HTTP/1.1" 405 436 "-" "Mozilla/5.0 (X11; Ubuntu; Linux x86_64; x64) AppleWebKit/537.36 (KHTML, like Gecko) Safari/14.0.0.0 Safari/537.36"
5.110.126.159 - - [05/Jun/2026:13:09:35 +0200] "POST /xmlrpc.php HTTP/1.1" 405 436 "-" "Jetpack/12.1; WordPress/6.2; http://site29181512.com"
137.97.175.92 - - [05/Jun/2026:13:09:38 +0200] "POST /xmlrpc.php HTTP/1.1" 405 436 "-" "Jetpack by WordPress.com (Jetpack 12.5; WordPress 6.4)"
209.42.20.53 - - [05/Jun/2026:13:09:39 +0200] "POST /xmlrpc.php HTTP/1.1" 200 258 "-" "Mozilla/5.0 (Windows NT 10.0; Win64; x64) AppleWebKit/537.36 (KHTML, like Gecko) Chrome/120.0.0.0 Safari/537.36"
115.99.105.154 - - [05/Jun/2026:13:09:41 +0200] "POST /xmlrpc.php HTTP/1.1" 405 436 "-" "Mozilla/5.0 (Windows NT 6.3; arm64) AppleWebKit/537.36 (KHTML, like Gecko) Safari/10.0.0.0 Safari/537.36"
5.110.126.159 - - [05/Jun/2026:13:09:46 +0200] "POST /xmlrpc.php HTTP/1.1" 405 436 "-" "Jetpack by WordPress.com (Jetpack 12.1; WordPress 6.1)"
137.97.175.92 - - [05/Jun/2026:13:09:48 +0200] "POST /xmlrpc.php HTTP/1.1" 405 436 "-" "WordPress.com; https://wordpress.com"
68.178.160.25 - - [05/Jun/2026:13:09:52 +0200] "GET /wp-login.php HTTP/1.1" 200 7523 "-" "Mozilla/5.0 (Windows NT 10.0) AppleWebKit/537.36 (KHTML, like Gecko) Chrome/133.0.0.0 Safari/537.36"
66.116.233.244 - - [05/Jun/2026:13:09:54 +0200] "POST /xmlrpc.php HTTP/1.1" 200 258 "-" "Mozilla/5.0 (Windows NT 10.0; Win64; x64) AppleWebKit/537.36 (KHTML, like Gecko) Chrome/133.0.0.0 Safari/537.36"
115.99.105.154 - - [05/Jun/2026:13:09:54 +0200] "POST /xmlrpc.php HTTP/1.1" 405 436 "-" "Mozilla/5.0 (Windows NT 6.3; arm64) AppleWebKit/537.36 (KHTML, like Gecko) Chrome/83.0.0.0 Safari/537.36"
5.110.126.159 - - [05/Jun/2026:13:09:56 +0200] "POST /xmlrpc.php HTTP/1.1" 405 436 "-" "Jetpack by WordPress.com (Jetpack 12.0; WordPress 6.3)"
137.97.175.92 - - [05/Jun/2026:13:09:59 +0200] "POST /xmlrpc.php HTTP/1.1" 405 436 "-" "WordPress.com; https://wordpress.com"
5.110.126.159 - - [05/Jun/2026:13:10:06 +0200] "POST /xmlrpc.php HTTP/1.1" 405 436 "-" "Jetpack by WordPress.com (Jetpack 12.1; WordPress 6.3)"
178.105.87.245 - - [05/Jun/2026:13:10:07 +0200] "POST /xmlrpc.php HTTP/1.1" 200 258 "-" "Mozilla/5.0 (Macintosh; Intel Mac OS X 11_7_10) AppleWebKit/537.36 (KHTML, like Gecko) Chrome/133.0.0.0 Safari/537.36"
115.99.105.154 - - [05/Jun/2026:13:10:09 +0200] "POST /xmlrpc.php HTTP/1.1" 405 436 "-" "Mozilla/5.0 (Windows NT 6.2; x86) AppleWebKit/537.36 (KHTML, like Gecko) Chrome/95.0.0.0 Safari/537.36"
137.97.175.92 - - [05/Jun/2026:13:10:09 +0200] "POST /xmlrpc.php HTTP/1.1" 405 436 "-" "Jetpack/12.5; WordPress/6.3; http://site42351994.com"
68.178.160.25 - - [05/Jun/2026:13:10:12 +0200] "GET /wp-json/wp/v2/users/me HTTP/1.1" 401 188 "-" "Mozilla/5.0 (Windows NT 10.0) AppleWebKit/537.36 (KHTML, like Gecko) Chrome/133.0.0.0 Safari/537.36"
5.110.126.159 - - [05/Jun/2026:13:10:17 +0200] "POST /xmlrpc.php HTTP/1.1" 405 436 "-" "Jetpack by WordPress.com (Jetpack 12.5; WordPress 6.2)"
137.97.175.92 - - [05/Jun/2026:13:10:20 +0200] "POST /xmlrpc.php HTTP/1.1" 405 436 "-" "Jetpack by WordPress.com"
113.190.40.93 - - [05/Jun/2026:13:10:23 +0200] "GET /wp-login.php HTTP/1.1" 200 7342 "-" "Mozilla/5.0 (Macintosh; Intel Mac OS X 10_15_7) AppleWebKit/537.36 (KHTML, like Gecko) Chrome/133.0.0.0 Safari/537.36 Edg/133.0.0.0"
115.99.105.154 - - [05/Jun/2026:13:10:23 +0200] "POST /xmlrpc.php HTTP/1.1" 405 436 "-" "Mozilla/5.0 (Windows NT 6.2; x86) AppleWebKit/537.36 (KHTML, like Gecko) Edge/85.0.0.0 Safari/537.36"
5.110.126.159 - - [05/Jun/2026:13:10:27 +0200] "POST /xmlrpc.php HTTP/1.1" 405 436 "-" "WordPress.com; https://wordpress.com"
137.97.175.92 - - [05/Jun/2026:13:10:31 +0200] "POST /xmlrpc.php HTTP/1.1" 405 436 "-" "WordPress.com; https://wordpress.com"
5.187.195.250 - - [05/Jun/2026:13:10:34 +0200] "-" 408 - "-" "-"
115.99.105.154 - - [05/Jun/2026:13:10:36 +0200] "POST /xmlrpc.php HTTP/1.1" 405 436 "-" "Mozilla/5.0 (Windows NT 10.0; arm64) AppleWebKit/537.36 (KHTML, like Gecko) Opera/71.0.0.0 Safari/537.36"
69.49.112.73 - - [05/Jun/2026:13:10:37 +0200] "POST /xmlrpc.php HTTP/1.1" 200 258 "-" "Mozilla/5.0 (Macintosh; Intel Mac OS X 10_15_7) AppleWebKit/537.36 (KHTML, like Gecko) Chrome/133.0.0.0 Safari/537.36"
123.30.233.12 - - [05/Jun/2026:13:10:38 +0200] "GET /wp-login.php HTTP/1.1" 200 7205 "-" "Mozilla/5.0 (X11; Linux x86_64) AppleWebKit/537.36 (KHTML, like Gecko) Chrome/133.0.0.0 Safari/537.36 Edg/133.0.0.0"
5.110.126.159 - - [05/Jun/2026:13:10:38 +0200] "POST /xmlrpc.php HTTP/1.1" 405 436 "-" "Jetpack/13.0; WordPress/6.1; http://site92636356.com"
137.97.175.92 - - [05/Jun/2026:13:10:42 +0200] "POST /xmlrpc.php HTTP/1.1" 405 436 "-" "Jetpack/12.0; WordPress/6.3; http://site97403816.com"
115.99.105.154 - - [05/Jun/2026:13:10:48 +0200] "POST /xmlrpc.php HTTP/1.1" 405 436 "-" "Mozilla/5.0 (Windows NT 6.3; x64) AppleWebKit/537.36 (KHTML, like Gecko) Firefox/97.0.0.0 Safari/537.36"
5.110.126.159 - - [05/Jun/2026:13:10:48 +0200] "POST /xmlrpc.php HTTP/1.1" 405 436 "-" "WordPress.com; https://wordpress.com"
68.178.160.25 - - [05/Jun/2026:13:10:50 +0200] "POST /xmlrpc.php HTTP/1.1" 200 258 "-" "Mozilla/5.0 (Windows NT 10.0; Win64; x64) AppleWebKit/537.36 (KHTML, like Gecko) Chrome/133.0.0.0 Safari/537.36"
137.97.175.92 - - [05/Jun/2026:13:10:52 +0200] "POST /xmlrpc.php HTTP/1.1" 405 436 "-" "WordPress.com; https://wordpress.com"
162.240.171.12 - - [05/Jun/2026:13:10:54 +0200] "GET /wp-login.php HTTP/1.1" 200 7391 "-" "Mozilla/5.0 (X11; Linux i686) AppleWebKit/537.36 (KHTML, like Gecko) Chrome/133.0.0.0 Safari/537.36"
54.36.102.244 - - [05/Jun/2026:13:10:59 +0200] "POST /xmlrpc.php HTTP/1.1" 200 258 "-" "Mozilla/5.0 (Windows NT 10.0; WOW64) AppleWebKit/537.36 (KHTML, like Gecko) Chrome/133.0.0.0 Safari/537.36"
5.110.126.159 - - [05/Jun/2026:13:10:59 +0200] "POST /xmlrpc.php HTTP/1.1" 405 436 "-" "WordPress.com; https://wordpress.com"
137.97.175.92 - - [05/Jun/2026:13:11:03 +0200] "POST /xmlrpc.php HTTP/1.1" 405 436 "-" "Jetpack by WordPress.com"
115.99.105.154 - - [05/Jun/2026:13:11:06 +0200] "POST /xmlrpc.php HTTP/1.1" 405 436 "-" "Mozilla/5.0 (Linux; Android 10; x86) AppleWebKit/537.36 (KHTML, like Gecko) Opera/60.0.0.0 Safari/537.36"
5.110.126.159 - - [05/Jun/2026:13:11:10 +0200] "POST /xmlrpc.php HTTP/1.1" 405 436 "-" "WordPress.com; https://wordpress.com"
194.163.139.224 - - [05/Jun/2026:13:11:11 +0200] "GET /wp-login.php HTTP/1.1" 200 7605 "-" "Mozilla/5.0 (Windows NT 10.0; Win64; x64) AppleWebKit/537.36 (KHTML, like Gecko) Chrome/133.0.0.0 Safari/537.36"
137.97.175.92 - - [05/Jun/2026:13:11:13 +0200] "POST /xmlrpc.php HTTP/1.1" 405 436 "-" "Jetpack by WordPress.com"
115.99.105.154 - - [05/Jun/2026:13:11:20 +0200] "POST /xmlrpc.php HTTP/1.1" 405 436 "-" "Mozilla/5.0 (Linux; Android 10; x64) AppleWebKit/537.36 (KHTML, like Gecko) Edge/100.0.0.0 Safari/537.36"
5.110.126.159 - - [05/Jun/2026:13:11:20 +0200] "POST /xmlrpc.php HTTP/1.1" 405 436 "-" "Jetpack by WordPress.com"
137.97.175.92 - - [05/Jun/2026:13:11:24 +0200] "POST /xmlrpc.php HTTP/1.1" 405 436 "-" "Jetpack by WordPress.com"
194.163.139.224 - - [05/Jun/2026:13:11:25 +0200] "GET /wp-json/wp/v2/users/me HTTP/1.1" 401 188 "-" "Mozilla/5.0 (Windows NT 10.0; Win64; x64) AppleWebKit/537.36 (KHTML, like Gecko) Chrome/133.0.0.0 Safari/537.36"
5.110.126.159 - - [05/Jun/2026:13:11:31 +0200] "POST /xmlrpc.php HTTP/1.1" 405 436 "-" "WordPress.com; https://wordpress.com"
115.99.105.154 - - [05/Jun/2026:13:11:33 +0200] "POST /xmlrpc.php HTTP/1.1" 405 436 "-" "Mozilla/5.0 (Windows NT 6.3; arm64) AppleWebKit/537.36 (KHTML, like Gecko) Chrome/94.0.0.0 Safari/537.36"
137.97.175.92 - - [05/Jun/2026:13:11:35 +0200] "POST /xmlrpc.php HTTP/1.1" 405 436 "-" "Jetpack by WordPress.com"
5.110.126.159 - - [05/Jun/2026:13:11:41 +0200] "POST /xmlrpc.php HTTP/1.1" 405 436 "-" "Jetpack by WordPress.com (Jetpack 12.5; WordPress 6.1)"
137.97.175.92 - - [05/Jun/2026:13:11:45 +0200] "POST /xmlrpc.php HTTP/1.1" 405 436 "-" "Jetpack by WordPress.com"
115.99.105.154 - - [05/Jun/2026:13:11:45 +0200] "POST /xmlrpc.php HTTP/1.1" 405 436 "-" "Mozilla/5.0 (Macintosh; Intel Mac OS X 10_15_7; x64) AppleWebKit/537.36 (KHTML, like Gecko) Chrome/96.0.0.0 Safari/537.36"
41.76.213.108 - - [05/Jun/2026:13:11:47 +0200] "GET /wp-json/wp/v2/users/me HTTP/1.1" 401 124 "-" "Mozilla/5.0 (X11; Linux i686) AppleWebKit/537.36 (KHTML, like Gecko) Chrome/133.0.0.0 Safari/537.36"
5.110.126.159 - - [05/Jun/2026:13:11:52 +0200] "POST /xmlrpc.php HTTP/1.1" 405 436 "-" "Jetpack/13.0; WordPress/6.1; http://site12897705.com"
163.43.18.248 - - [05/Jun/2026:13:11:55 +0200] "POST /xmlrpc.php HTTP/1.1" 200 258 "-" "Mozilla/5.0 (X11; Fedora; Linux x86_64) AppleWebKit/537.36 (KHTML, like Gecko) Chrome/133.0.0.0 Safari/537.36"
137.97.175.92 - - [05/Jun/2026:13:11:56 +0200] "POST /xmlrpc.php HTTP/1.1" 405 436 "-" "Jetpack by WordPress.com"
115.99.105.154 - - [05/Jun/2026:13:11:58 +0200] "POST /xmlrpc.php HTTP/1.1" 405 436 "-" "Mozilla/5.0 (Macintosh; Intel Mac OS X 10_15_7; arm64) AppleWebKit/537.36 (KHTML, like Gecko) Safari/14.0.0.0 Safari/537.36"
165.210.33.192 - - [05/Jun/2026:13:12:00 +0200] "POST /xmlrpc.php HTTP/1.1" 200 258 "-" "Mozilla/5.0 (X11; Ubuntu; Linux x86_64) AppleWebKit/537.36 (KHTML, like Gecko) Chrome/133.0.0.0 Safari/537.36"
5.110.126.159 - - [05/Jun/2026:13:12:02 +0200] "POST /xmlrpc.php HTTP/1.1" 405 436 "-" "Jetpack/12.5; WordPress/6.3; http://site87003421.com"
137.97.175.92 - - [05/Jun/2026:13:12:06 +0200] "POST /xmlrpc.php HTTP/1.1" 405 436 "-" "Jetpack/12.5; WordPress/6.3; http://site23192527.com"
115.99.105.154 - - [05/Jun/2026:13:12:12 +0200] "POST /xmlrpc.php HTTP/1.1" 405 436 "-" "Mozilla/5.0 (Windows NT 10.0; x64) AppleWebKit/537.36 (KHTML, like Gecko) Safari/11.0.0.0 Safari/537.36"
5.110.126.159 - - [05/Jun/2026:13:12:13 +0200] "POST /xmlrpc.php HTTP/1.1" 405 436 "-" "Jetpack by WordPress.com"
148.72.247.18 - - [05/Jun/2026:13:12:15 +0200] "GET /wp-login.php HTTP/1.1" 200 7387 "-" "Mozilla/5.0 (X11; CrOS x86_64 14541.0.0) AppleWebKit/537.36 (KHTML, like Gecko) Chrome/133.0.0.0 Safari/537.36"
137.97.175.92 - - [05/Jun/2026:13:12:17 +0200] "POST /xmlrpc.php HTTP/1.1" 405 436 "-" "Jetpack by WordPress.com (Jetpack 12.1; WordPress 6.2)"
5.110.126.159 - - [05/Jun/2026:13:12:23 +0200] "POST /xmlrpc.php HTTP/1.1" 405 436 "-" "Jetpack/12.5; WordPress/6.3; http://site33457649.com"
115.99.105.154 - - [05/Jun/2026:13:12:26 +0200] "POST /xmlrpc.php HTTP/1.1" 405 436 "-" "Mozilla/5.0 (Macintosh; Intel Mac OS X 10_15_7; arm64) AppleWebKit/537.36 (KHTML, like Gecko) Chrome/96.0.0.0 Safari/537.36"
137.97.175.92 - - [05/Jun/2026:13:12:28 +0200] "POST /xmlrpc.php HTTP/1.1" 405 436 "-" "Jetpack by WordPress.com (Jetpack 12.0; WordPress 6.3)"
213.171.208.62 - - [05/Jun/2026:13:12:33 +0200] "POST /xmlrpc.php HTTP/1.1" 200 258 "-" "Mozilla/5.0 (Macintosh; Intel Mac OS X 10_15_7) AppleWebKit/537.36 (KHTML, like Gecko) Chrome/133.0.0.0 Safari/537.36 Edg/133.0.0.0"
5.110.126.159 - - [05/Jun/2026:13:12:34 +0200] "POST /xmlrpc.php HTTP/1.1" 405 436 "-" "Jetpack/13.0; WordPress/6.1; http://site18773675.com"
77.111.188.219 - - [05/Jun/2026:13:12:34 +0200] "-" 408 - "-" "-"
162.240.150.48 - - [05/Jun/2026:13:12:36 +0200] "GET /wp-json/wp/v2/users/me HTTP/1.1" 401 188 "-" "Mozilla/5.0 (X11; Fedora; Linux x86_64) AppleWebKit/537.36 (KHTML, like Gecko) Chrome/133.0.0.0 Safari/537.36"
137.97.175.92 - - [05/Jun/2026:13:12:38 +0200] "POST /xmlrpc.php HTTP/1.1" 405 436 "-" "Jetpack/12.5; WordPress/6.1; http://site26388177.com"
115.99.105.154 - - [05/Jun/2026:13:12:39 +0200] "POST /xmlrpc.php HTTP/1.1" 405 436 "-" "Mozilla/5.0 (X11; Ubuntu; Linux x86_64; x64) AppleWebKit/537.36 (KHTML, like Gecko) Safari/11.0.0.0 Safari/537.36"
5.110.126.159 - - [05/Jun/2026:13:12:44 +0200] "POST /xmlrpc.php HTTP/1.1" 405 436 "-" "WordPress.com; https://wordpress.com"
137.97.175.92 - - [05/Jun/2026:13:12:49 +0200] "POST /xmlrpc.php HTTP/1.1" 405 436 "-" "Jetpack by WordPress.com (Jetpack 12.0; WordPress 6.3)"
5.110.126.159 - - [05/Jun/2026:13:12:55 +0200] "POST /xmlrpc.php HTTP/1.1" 405 436 "-" "WordPress.com; https://wordpress.com"
115.99.105.154 - - [05/Jun/2026:13:12:56 +0200] "POST /xmlrpc.php HTTP/1.1" 405 436 "-" "Mozilla/5.0 (Windows NT 10.0; arm64) AppleWebKit/537.36 (KHTML, like Gecko) Edge/97.0.0.0 Safari/537.36"
137.97.175.92 - - [05/Jun/2026:13:12:59 +0200] "POST /xmlrpc.php HTTP/1.1" 405 436 "-" "Jetpack by WordPress.com (Jetpack 12.1; WordPress 6.2)"
5.110.126.159 - - [05/Jun/2026:13:13:05 +0200] "POST /xmlrpc.php HTTP/1.1" 405 436 "-" "Jetpack by WordPress.com"
115.99.105.154 - - [05/Jun/2026:13:13:09 +0200] "POST /xmlrpc.php HTTP/1.1" 405 436 "-" "Mozilla/5.0 (Windows NT 6.2; arm64) AppleWebKit/537.36 (KHTML, like Gecko) Firefox/72.0.0.0 Safari/537.36"
137.97.175.92 - - [05/Jun/2026:13:13:10 +0200] "POST /xmlrpc.php HTTP/1.1" 405 436 "-" "Jetpack by WordPress.com"
5.110.126.159 - - [05/Jun/2026:13:13:16 +0200] "POST /xmlrpc.php HTTP/1.1" 405 436 "-" "Jetpack by WordPress.com"
45.117.169.86 - - [05/Jun/2026:13:13:17 +0200] "GET /wp-login.php HTTP/1.1" 200 7491 "-" "Mozilla/5.0 (Windows NT 10.0) AppleWebKit/537.36 (KHTML, like Gecko) Chrome/133.0.0.0 Safari/537.36"
137.97.175.92 - - [05/Jun/2026:13:13:21 +0200] "POST /xmlrpc.php HTTP/1.1" 405 436 "-" "Jetpack by WordPress.com (Jetpack 12.1; WordPress 6.2)"
115.99.105.154 - - [05/Jun/2026:13:13:23 +0200] "POST /xmlrpc.php HTTP/1.1" 405 436 "-" "Mozilla/5.0 (Macintosh; Intel Mac OS X 10_15_7; arm64) AppleWebKit/537.36 (KHTML, like Gecko) Chrome/109.0.0.0 Safari/537.36"
162.240.171.12 - - [05/Jun/2026:13:13:24 +0200] "GET /wp-login.php HTTP/1.1" 200 7421 "-" "Mozilla/5.0 (Windows NT 10.0; WOW64) AppleWebKit/537.36 (KHTML, like Gecko) Chrome/133.0.0.0 Safari/537.36"
5.110.126.159 - - [05/Jun/2026:13:13:26 +0200] "POST /xmlrpc.php HTTP/1.1" 405 436 "-" "Jetpack by WordPress.com (Jetpack 13.0; WordPress 6.4)"
158.94.210.233 - - [05/Jun/2026:13:13:27 +0200] "GET / HTTP/1.1" 301 - "-" "Mozilla/5.0 (Macintosh;                 Intel Mac OS X 10_10_1) AppleWebKit/537.36 (KHTML,                 like Gecko) Chrome/39.0.2171.95 Safari/537.36"
158.94.210.233 - - [05/Jun/2026:13:13:29 +0200] "POST / HTTP/1.1" 200 77249 "-" "Mozilla/5.0 (Macintosh;                 Intel Mac OS X 10_10_1) AppleWebKit/537.36 (KHTML,                 like Gecko) Chrome/39.0.2171.95 Safari/537.36"
137.97.175.92 - - [05/Jun/2026:13:13:31 +0200] "POST /xmlrpc.php HTTP/1.1" 405 436 "-" "Jetpack/12.0; WordPress/6.3; http://site49727912.com"
158.94.210.233 - - [05/Jun/2026:13:13:31 +0200] "GET /.env HTTP/1.1" 301 - "-" "Mozilla/5.0 (Macintosh;                 Intel Mac OS X 10_10_1) AppleWebKit/537.36 (KHTML,                 like Gecko) Chrome/39.0.2171.95 Safari/537.36"
158.94.210.233 - - [05/Jun/2026:13:13:34 +0200] "GET /.env.backup HTTP/1.1" 301 - "-" "Mozilla/5.0 (Macintosh;                 Intel Mac OS X 10_10_1) AppleWebKit/537.36 (KHTML,                 like Gecko) Chrome/39.0.2171.95 Safari/537.36"
115.99.105.154 - - [05/Jun/2026:13:13:35 +0200] "POST /xmlrpc.php HTTP/1.1" 405 436 "-" "Mozilla/5.0 (Linux; Android 10; x64) AppleWebKit/537.36 (KHTML, like Gecko) Safari/12.0.0.0 Safari/537.36"
5.110.126.159 - - [05/Jun/2026:13:13:37 +0200] "POST /xmlrpc.php HTTP/1.1" 405 436 "-" "Jetpack by WordPress.com"
158.94.210.233 - - [05/Jun/2026:13:13:37 +0200] "GET /.env.old HTTP/1.1" 301 - "-" "Mozilla/5.0 (Macintosh;                 Intel Mac OS X 10_10_1) AppleWebKit/537.36 (KHTML,                 like Gecko) Chrome/39.0.2171.95 Safari/537.36"
97.74.87.194 - - [05/Jun/2026:13:13:38 +0200] "POST /xmlrpc.php HTTP/1.1" 200 258 "-" "Mozilla/5.0 (X11; Ubuntu; Linux x86_64) AppleWebKit/537.36 (KHTML, like Gecko) Chrome/133.0.0.0 Safari/537.36"
158.94.210.233 - - [05/Jun/2026:13:13:39 +0200] "GET /.env.bak HTTP/1.1" 301 - "-" "Mozilla/5.0 (Macintosh;                 Intel Mac OS X 10_10_1) AppleWebKit/537.36 (KHTML,                 like Gecko) Chrome/39.0.2171.95 Safari/537.36"
137.97.175.92 - - [05/Jun/2026:13:13:42 +0200] "POST /xmlrpc.php HTTP/1.1" 405 436 "-" "WordPress.com; https://wordpress.com"
158.94.210.233 - - [05/Jun/2026:13:13:42 +0200] "GET /.env.local HTTP/1.1" 301 - "-" "Mozilla/5.0 (Macintosh;                 Intel Mac OS X 10_10_1) AppleWebKit/537.36 (KHTML,                 like Gecko) Chrome/39.0.2171.95 Safari/537.36"
158.94.210.233 - - [05/Jun/2026:13:13:45 +0200] "GET /.env.production HTTP/1.1" 301 - "-" "Mozilla/5.0 (Macintosh;                 Intel Mac OS X 10_10_1) AppleWebKit/537.36 (KHTML,                 like Gecko) Chrome/39.0.2171.95 Safari/537.36"
115.99.105.154 - - [05/Jun/2026:13:13:47 +0200] "POST /xmlrpc.php HTTP/1.1" 405 436 "-" "Mozilla/5.0 (Linux; Android 10; x64) AppleWebKit/537.36 (KHTML, like Gecko) Firefox/91.0.0.0 Safari/537.36"
5.110.126.159 - - [05/Jun/2026:13:13:47 +0200] "POST /xmlrpc.php HTTP/1.1" 405 436 "-" "Jetpack/12.0; WordPress/6.4; http://site76445295.com"
165.232.137.226 - - [05/Jun/2026:13:13:50 +0200] "POST /xmlrpc.php HTTP/1.1" 200 258 "-" "Mozilla/5.0 (X11; Ubuntu; Linux x86_64) AppleWebKit/537.36 (KHTML, like Gecko) Chrome/133.0.0.0 Safari/537.36"
137.97.175.92 - - [05/Jun/2026:13:13:53 +0200] "POST /xmlrpc.php HTTP/1.1" 405 436 "-" "WordPress.com; https://wordpress.com"
5.110.126.159 - - [05/Jun/2026:13:13:58 +0200] "POST /xmlrpc.php HTTP/1.1" 405 436 "-" "Jetpack by WordPress.com"
158.94.210.233 - - [05/Jun/2026:13:13:59 +0200] "GET / HTTP/1.1" 301 - "-" "Mozilla/5.0 (Macintosh;                 Intel Mac OS X 10_10_1) AppleWebKit/537.36 (KHTML,                 like Gecko) Chrome/39.0.2171.95 Safari/537.36"
158.94.210.233 - - [05/Jun/2026:13:14:00 +0200] "POST / HTTP/1.1" 200 77248 "-" "Mozilla/5.0 (Macintosh;                 Intel Mac OS X 10_10_1) AppleWebKit/537.36 (KHTML,                 like Gecko) Chrome/39.0.2171.95 Safari/537.36"
158.94.210.233 - - [05/Jun/2026:13:14:02 +0200] "GET /.env HTTP/1.1" 301 - "-" "Mozilla/5.0 (Macintosh;                 Intel Mac OS X 10_10_1) AppleWebKit/537.36 (KHTML,                 like Gecko) Chrome/39.0.2171.95 Safari/537.36"
137.97.175.92 - - [05/Jun/2026:13:14:03 +0200] "POST /xmlrpc.php HTTP/1.1" 405 436 "-" "Jetpack by WordPress.com"
158.94.210.233 - - [05/Jun/2026:13:14:06 +0200] "GET /.env.backup HTTP/1.1" 301 - "-" "Mozilla/5.0 (Macintosh;                 Intel Mac OS X 10_10_1) AppleWebKit/537.36 (KHTML,                 like Gecko) Chrome/39.0.2171.95 Safari/537.36"
115.99.105.154 - - [05/Jun/2026:13:14:08 +0200] "POST /xmlrpc.php HTTP/1.1" 405 436 "-" "Mozilla/5.0 (Linux; Android 10; x64) AppleWebKit/537.36 (KHTML, like Gecko) Firefox/91.0.0.0 Safari/537.36"
158.94.210.233 - - [05/Jun/2026:13:14:08 +0200] "GET /.env.old HTTP/1.1" 301 - "-" "Mozilla/5.0 (Macintosh;                 Intel Mac OS X 10_10_1) AppleWebKit/537.36 (KHTML,                 like Gecko) Chrome/39.0.2171.95 Safari/537.36"
5.110.126.159 - - [05/Jun/2026:13:14:08 +0200] "POST /xmlrpc.php HTTP/1.1" 405 436 "-" "WordPress.com; https://wordpress.com"
158.94.210.233 - - [05/Jun/2026:13:14:11 +0200] "GET /.env.bak HTTP/1.1" 301 - "-" "Mozilla/5.0 (Macintosh;                 Intel Mac OS X 10_10_1) AppleWebKit/537.36 (KHTML,                 like Gecko) Chrome/39.0.2171.95 Safari/537.36"
158.94.210.233 - - [05/Jun/2026:13:14:13 +0200] "GET /.env.local HTTP/1.1" 301 - "-" "Mozilla/5.0 (Macintosh;                 Intel Mac OS X 10_10_1) AppleWebKit/537.36 (KHTML,                 like Gecko) Chrome/39.0.2171.95 Safari/537.36"
137.97.175.92 - - [05/Jun/2026:13:14:14 +0200] "POST /xmlrpc.php HTTP/1.1" 405 436 "-" "Jetpack by WordPress.com (Jetpack 12.5; WordPress 6.3)"
158.94.210.233 - - [05/Jun/2026:13:14:15 +0200] "GET /.env.production HTTP/1.1" 301 - "-" "Mozilla/5.0 (Macintosh;                 Intel Mac OS X 10_10_1) AppleWebKit/537.36 (KHTML,                 like Gecko) Chrome/39.0.2171.95 Safari/537.36"
158.94.210.233 - - [05/Jun/2026:13:14:18 +0200] "GET /.env_production HTTP/1.1" 301 - "-" "Mozilla/5.0 (Macintosh;                 Intel Mac OS X 10_10_1) AppleWebKit/537.36 (KHTML,                 like Gecko) Chrome/39.0.2171.95 Safari/537.36"
5.110.126.159 - - [05/Jun/2026:13:14:19 +0200] "POST /xmlrpc.php HTTP/1.1" 405 436 "-" "Jetpack by WordPress.com"
137.97.175.92 - - [05/Jun/2026:13:14:24 +0200] "POST /xmlrpc.php HTTP/1.1" 405 436 "-" "Jetpack by WordPress.com (Jetpack 13.0; WordPress 6.1)"
115.99.105.154 - - [05/Jun/2026:13:14:25 +0200] "POST /xmlrpc.php HTTP/1.1" 405 436 "-" "Mozilla/5.0 (Windows NT 10.0; x64) AppleWebKit/537.36 (KHTML, like Gecko) Opera/64.0.0.0 Safari/537.36"
5.110.126.159 - - [05/Jun/2026:13:14:29 +0200] "POST /xmlrpc.php HTTP/1.1" 405 436 "-" "Jetpack by WordPress.com (Jetpack 12.0; WordPress 6.1)"
137.97.175.92 - - [05/Jun/2026:13:14:35 +0200] "POST /xmlrpc.php HTTP/1.1" 405 436 "-" "Jetpack/12.0; WordPress/6.1; http://site33941497.com"
115.99.105.154 - - [05/Jun/2026:13:14:40 +0200] "POST /xmlrpc.php HTTP/1.1" 405 436 "-" "Mozilla/5.0 (Windows NT 6.2; x86) AppleWebKit/537.36 (KHTML, like Gecko) Opera/76.0.0.0 Safari/537.36"
5.110.126.159 - - [05/Jun/2026:13:14:40 +0200] "POST /xmlrpc.php HTTP/1.1" 405 436 "-" "Jetpack by WordPress.com"
137.97.175.92 - - [05/Jun/2026:13:14:46 +0200] "POST /xmlrpc.php HTTP/1.1" 405 436 "-" "WordPress.com; https://wordpress.com"
5.110.126.159 - - [05/Jun/2026:13:14:50 +0200] "POST /xmlrpc.php HTTP/1.1" 405 436 "-" "Jetpack by WordPress.com"
115.99.105.154 - - [05/Jun/2026:13:14:52 +0200] "POST /xmlrpc.php HTTP/1.1" 405 436 "-" "Mozilla/5.0 (Linux; Android 10; x86) AppleWebKit/537.36 (KHTML, like Gecko) Opera/62.0.0.0 Safari/537.36"
137.97.175.92 - - [05/Jun/2026:13:14:56 +0200] "POST /xmlrpc.php HTTP/1.1" 405 436 "-" "WordPress.com; https://wordpress.com"
5.110.126.159 - - [05/Jun/2026:13:15:01 +0200] "POST /xmlrpc.php HTTP/1.1" 405 436 "-" "Jetpack by WordPress.com"
79.122.113.165 - - [05/Jun/2026:13:15:07 +0200] "-" 408 - "-" "-"
79.122.113.165 - - [05/Jun/2026:13:15:07 +0200] "-" 408 - "-" "-"
137.97.175.92 - - [05/Jun/2026:13:15:07 +0200] "POST /xmlrpc.php HTTP/1.1" 405 436 "-" "WordPress.com; https://wordpress.com"
115.99.105.154 - - [05/Jun/2026:13:15:07 +0200] "POST /xmlrpc.php HTTP/1.1" 405 436 "-" "Mozilla/5.0 (Windows NT 10.0; x86) AppleWebKit/537.36 (KHTML, like Gecko) Chrome/107.0.0.0 Safari/537.36"
5.110.126.159 - - [05/Jun/2026:13:15:11 +0200] "POST /xmlrpc.php HTTP/1.1" 405 436 "-" "Jetpack/12.0; WordPress/6.3; http://site91779540.com"
137.97.175.92 - - [05/Jun/2026:13:15:18 +0200] "POST /xmlrpc.php HTTP/1.1" 405 436 "-" "WordPress.com; https://wordpress.com"
115.99.105.154 - - [05/Jun/2026:13:15:22 +0200] "POST /xmlrpc.php HTTP/1.1" 405 436 "-" "Mozilla/5.0 (Windows NT 10.0; arm64) AppleWebKit/537.36 (KHTML, like Gecko) Firefox/100.0.0.0 Safari/537.36"
5.110.126.159 - - [05/Jun/2026:13:15:22 +0200] "POST /xmlrpc.php HTTP/1.1" 405 436 "-" "WordPress.com; https://wordpress.com"
137.97.175.92 - - [05/Jun/2026:13:15:28 +0200] "POST /xmlrpc.php HTTP/1.1" 405 436 "-" "WordPress.com; https://wordpress.com"
5.110.126.159 - - [05/Jun/2026:13:15:32 +0200] "POST /xmlrpc.php HTTP/1.1" 405 436 "-" "Jetpack by WordPress.com"
205.185.124.128 - - [05/Jun/2026:13:15:36 +0200] "GET /wp-login.php HTTP/1.1" 200 16593 "-" "Mozilla/5.0 (iPad; CPU OS 17_1 like Mac OS X) AppleWebKit/605.1.15 (KHTML, like Gecko) Version/17.1 Mobile/15E148 Safari/604.1"
115.99.105.154 - - [05/Jun/2026:13:15:36 +0200] "POST /xmlrpc.php HTTP/1.1" 405 436 "-" "Mozilla/5.0 (Windows NT 6.3; x64) AppleWebKit/537.36 (KHTML, like Gecko) Edge/95.0.0.0 Safari/537.36"
205.185.124.128 - - [05/Jun/2026:13:15:37 +0200] "POST /wp-login.php HTTP/1.1" 200 16973 "-" "Mozilla/5.0 (iPad; CPU OS 17_1 like Mac OS X) AppleWebKit/605.1.15 (KHTML, like Gecko) Version/17.1 Mobile/15E148 Safari/604.1"
137.97.175.92 - - [05/Jun/2026:13:15:39 +0200] "POST /xmlrpc.php HTTP/1.1" 405 436 "-" "Jetpack by WordPress.com"
5.110.126.159 - - [05/Jun/2026:13:15:43 +0200] "POST /xmlrpc.php HTTP/1.1" 405 436 "-" "Jetpack by WordPress.com (Jetpack 12.5; WordPress 6.2)"
115.99.105.154 - - [05/Jun/2026:13:15:48 +0200] "POST /xmlrpc.php HTTP/1.1" 405 436 "-" "Mozilla/5.0 (Windows NT 10.0; x64) AppleWebKit/537.36 (KHTML, like Gecko) Edge/91.0.0.0 Safari/537.36"
137.97.175.92 - - [05/Jun/2026:13:15:49 +0200] "POST /xmlrpc.php HTTP/1.1" 405 436 "-" "WordPress.com; https://wordpress.com"
97.74.87.194 - - [05/Jun/2026:13:15:53 +0200] "GET /wp-login.php HTTP/1.1" 200 7537 "-" "Mozilla/5.0 (X11; Linux x86_64) AppleWebKit/537.36 (KHTML, like Gecko) Chrome/133.0.0.0 Safari/537.36 Edg/133.0.0.0"
5.110.126.159 - - [05/Jun/2026:13:15:53 +0200] "POST /xmlrpc.php HTTP/1.1" 405 436 "-" "WordPress.com; https://wordpress.com"
115.99.105.154 - - [05/Jun/2026:13:15:59 +0200] "POST /xmlrpc.php HTTP/1.1" 405 436 "-" "Mozilla/5.0 (Windows NT 6.3; arm64) AppleWebKit/537.36 (KHTML, like Gecko) Chrome/86.0.0.0 Safari/537.36"
137.97.175.92 - - [05/Jun/2026:13:16:00 +0200] "POST /xmlrpc.php HTTP/1.1" 405 436 "-" "WordPress.com; https://wordpress.com"
5.110.126.159 - - [05/Jun/2026:13:16:04 +0200] "POST /xmlrpc.php HTTP/1.1" 405 436 "-" "Jetpack by WordPress.com (Jetpack 12.0; WordPress 6.3)"
137.97.175.92 - - [05/Jun/2026:13:16:11 +0200] "POST /xmlrpc.php HTTP/1.1" 405 436 "-" "Jetpack by WordPress.com (Jetpack 12.0; WordPress 6.3)"
115.99.105.154 - - [05/Jun/2026:13:16:14 +0200] "POST /xmlrpc.php HTTP/1.1" 405 436 "-" "Mozilla/5.0 (Windows NT 6.3; arm64) AppleWebKit/537.36 (KHTML, like Gecko) Edge/85.0.0.0 Safari/537.36"
5.110.126.159 - - [05/Jun/2026:13:16:14 +0200] "POST /xmlrpc.php HTTP/1.1" 405 436 "-" "Jetpack/12.1; WordPress/6.3; http://site39929344.com"
137.97.175.92 - - [05/Jun/2026:13:16:21 +0200] "POST /xmlrpc.php HTTP/1.1" 405 436 "-" "WordPress.com; https://wordpress.com"
5.110.126.159 - - [05/Jun/2026:13:16:25 +0200] "POST /xmlrpc.php HTTP/1.1" 405 436 "-" "Jetpack by WordPress.com (Jetpack 12.0; WordPress 6.1)"
165.232.137.226 - - [05/Jun/2026:13:16:27 +0200] "POST /xmlrpc.php HTTP/1.1" 200 258 "-" "Mozilla/5.0 (X11; Linux x86_64) AppleWebKit/537.36 (KHTML, like Gecko) Chrome/133.0.0.0 Safari/537.36 Edg/133.0.0.0"
115.99.105.154 - - [05/Jun/2026:13:16:27 +0200] "POST /xmlrpc.php HTTP/1.1" 405 436 "-" "Mozilla/5.0 (X11; Ubuntu; Linux x86_64; x64) AppleWebKit/537.36 (KHTML, like Gecko) Edge/95.0.0.0 Safari/537.36"
137.97.175.92 - - [05/Jun/2026:13:16:32 +0200] "POST /xmlrpc.php HTTP/1.1" 405 436 "-" "Jetpack by WordPress.com"
5.110.126.159 - - [05/Jun/2026:13:16:35 +0200] "POST /xmlrpc.php HTTP/1.1" 405 436 "-" "Jetpack by WordPress.com (Jetpack 12.0; WordPress 6.2)"
209.235.136.138 - - [05/Jun/2026:13:16:36 +0200] "GET /wp-login.php HTTP/1.1" 200 7460 "-" "Mozilla/5.0 (Windows NT 10.0) AppleWebKit/537.36 (KHTML, like Gecko) Chrome/133.0.0.0 Safari/537.36"
115.99.105.154 - - [05/Jun/2026:13:16:43 +0200] "POST /xmlrpc.php HTTP/1.1" 405 436 "-" "Mozilla/5.0 (Macintosh; Intel Mac OS X 10_15_7; arm64) AppleWebKit/537.36 (KHTML, like Gecko) Chrome/92.0.0.0 Safari/537.36"
137.97.175.92 - - [05/Jun/2026:13:16:43 +0200] "POST /xmlrpc.php HTTP/1.1" 405 436 "-" "WordPress.com; https://wordpress.com"
109.94.169.111 - - [05/Jun/2026:13:16:45 +0200] "GET /.env HTTP/1.1" 301 - "-" "Mozilla/5.0 (X11; Linux x86_64) AppleWebKit/537.36 (KHTML, like Gecko) Chrome/81.0.4044.129 Safari/537.36"
5.110.126.159 - - [05/Jun/2026:13:16:46 +0200] "POST /xmlrpc.php HTTP/1.1" 405 436 "-" "Jetpack by WordPress.com (Jetpack 12.0; WordPress 6.1)"
137.97.175.92 - - [05/Jun/2026:13:16:53 +0200] "POST /xmlrpc.php HTTP/1.1" 405 436 "-" "Jetpack/12.1; WordPress/6.4; http://site78915141.com"
31.46.246.217 - - [05/Jun/2026:13:16:55 +0200] "-" 408 - "-" "-"
31.46.246.217 - - [05/Jun/2026:13:16:55 +0200] "-" 408 - "-" "-"
5.110.126.159 - - [05/Jun/2026:13:16:57 +0200] "POST /xmlrpc.php HTTP/1.1" 405 436 "-" "Jetpack by WordPress.com"
115.99.105.154 - - [05/Jun/2026:13:16:58 +0200] "POST /xmlrpc.php HTTP/1.1" 405 436 "-" "Mozilla/5.0 (Windows NT 6.2; x64) AppleWebKit/537.36 (KHTML, like Gecko) Firefox/94.0.0.0 Safari/537.36"
137.97.175.92 - - [05/Jun/2026:13:17:04 +0200] "POST /xmlrpc.php HTTP/1.1" 405 436 "-" "Jetpack/12.1; WordPress/6.3; http://site73921190.com"
54.36.102.244 - - [05/Jun/2026:13:17:05 +0200] "GET /wp-login.php HTTP/1.1" 200 7763 "-" "Mozilla/5.0 (Macintosh; Intel Mac OS X 10_15_7) AppleWebKit/537.36 (KHTML, like Gecko) Chrome/133.0.0.0 Safari/537.36"
5.110.126.159 - - [05/Jun/2026:13:17:07 +0200] "POST /xmlrpc.php HTTP/1.1" 405 436 "-" "Jetpack by WordPress.com"
188.241.62.83 - - [05/Jun/2026:13:17:08 +0200] "POST /xmlrpc.php HTTP/1.1" 200 258 "-" "Mozilla/5.0 (Macintosh; Intel Mac OS X 11_7_10) AppleWebKit/537.36 (KHTML, like Gecko) Chrome/133.0.0.0 Safari/537.36"
115.99.105.154 - - [05/Jun/2026:13:17:13 +0200] "POST /xmlrpc.php HTTP/1.1" 405 436 "-" "Mozilla/5.0 (Windows NT 10.0; arm64) AppleWebKit/537.36 (KHTML, like Gecko) Firefox/93.0.0.0 Safari/537.36"
137.97.175.92 - - [05/Jun/2026:13:17:15 +0200] "POST /xmlrpc.php HTTP/1.1" 405 436 "-" "WordPress.com; https://wordpress.com"
5.110.126.159 - - [05/Jun/2026:13:17:18 +0200] "POST /xmlrpc.php HTTP/1.1" 405 436 "-" "WordPress.com; https://wordpress.com"
137.97.175.92 - - [05/Jun/2026:13:17:25 +0200] "POST /xmlrpc.php HTTP/1.1" 405 436 "-" "Jetpack by WordPress.com"
115.99.105.154 - - [05/Jun/2026:13:17:26 +0200] "POST /xmlrpc.php HTTP/1.1" 405 436 "-" "Mozilla/5.0 (Macintosh; Intel Mac OS X 10_15_7; x64) AppleWebKit/537.36 (KHTML, like Gecko) Chrome/101.0.0.0 Safari/537.36"
5.110.126.159 - - [05/Jun/2026:13:17:28 +0200] "POST /xmlrpc.php HTTP/1.1" 405 436 "-" "Jetpack/12.1; WordPress/6.3; http://site49765575.com"
185.167.90.252 - - [05/Jun/2026:13:17:31 +0200] "GET /wp-login.php HTTP/1.1" 200 7650 "-" "Mozilla/5.0 (Windows NT 10.0; Win64; x64) AppleWebKit/537.36 (KHTML, like Gecko) Chrome/120.0.0.0 Safari/537.36"
64.225.121.94 - - [05/Jun/2026:13:17:35 +0200] "GET /wp-login.php HTTP/1.1" 200 7559 "-" "Mozilla/5.0 (X11; CrOS x86_64 14541.0.0) AppleWebKit/537.36 (KHTML, like Gecko) Chrome/133.0.0.0 Safari/537.36"
137.97.175.92 - - [05/Jun/2026:13:17:36 +0200] "POST /xmlrpc.php HTTP/1.1" 405 436 "-" "Jetpack by WordPress.com"
5.110.126.159 - - [05/Jun/2026:13:17:39 +0200] "POST /xmlrpc.php HTTP/1.1" 405 436 "-" "Jetpack/12.0; WordPress/6.4; http://site56835804.com"
115.99.105.154 - - [05/Jun/2026:13:17:39 +0200] "POST /xmlrpc.php HTTP/1.1" 405 436 "-" "Mozilla/5.0 (X11; Ubuntu; Linux x86_64; arm64) AppleWebKit/537.36 (KHTML, like Gecko) Opera/76.0.0.0 Safari/537.36"
172.232.108.36 - - [05/Jun/2026:13:17:40 +0200] "GET / HTTP/1.1" 301 - "-" "Mozilla/5.0"
137.97.175.92 - - [05/Jun/2026:13:17:46 +0200] "POST /xmlrpc.php HTTP/1.1" 405 436 "-" "Jetpack by WordPress.com"
5.110.126.159 - - [05/Jun/2026:13:17:49 +0200] "POST /xmlrpc.php HTTP/1.1" 405 436 "-" "WordPress.com; https://wordpress.com"
46.224.234.158 - - [05/Jun/2026:13:17:50 +0200] "POST /xmlrpc.php HTTP/1.1" 200 258 "-" "Mozilla/5.0 (X11; Fedora; Linux x86_64) AppleWebKit/537.36 (KHTML, like Gecko) Chrome/133.0.0.0 Safari/537.36"
115.99.105.154 - - [05/Jun/2026:13:17:55 +0200] "POST /xmlrpc.php HTTP/1.1" 405 436 "-" "Mozilla/5.0 (Windows NT 10.0; x86) AppleWebKit/537.36 (KHTML, like Gecko) Chrome/110.0.0.0 Safari/537.36"
137.97.175.92 - - [05/Jun/2026:13:17:57 +0200] "POST /xmlrpc.php HTTP/1.1" 405 436 "-" "WordPress.com; https://wordpress.com"
5.110.126.159 - - [05/Jun/2026:13:18:00 +0200] "POST /xmlrpc.php HTTP/1.1" 405 436 "-" "Jetpack by WordPress.com"
137.97.175.92 - - [05/Jun/2026:13:18:08 +0200] "POST /xmlrpc.php HTTP/1.1" 405 436 "-" "Jetpack/12.5; WordPress/6.2; http://site61578454.com"
5.110.126.159 - - [05/Jun/2026:13:18:10 +0200] "POST /xmlrpc.php HTTP/1.1" 405 436 "-" "Jetpack by WordPress.com (Jetpack 12.1; WordPress 6.1)"
115.99.105.154 - - [05/Jun/2026:13:18:10 +0200] "POST /xmlrpc.php HTTP/1.1" 405 436 "-" "Mozilla/5.0 (X11; Ubuntu; Linux x86_64; x86) AppleWebKit/537.36 (KHTML, like Gecko) Opera/75.0.0.0 Safari/537.36"
137.97.175.92 - - [05/Jun/2026:13:18:18 +0200] "POST /xmlrpc.php HTTP/1.1" 405 436 "-" "Jetpack by WordPress.com (Jetpack 12.5; WordPress 6.4)"
5.110.126.159 - - [05/Jun/2026:13:18:21 +0200] "POST /xmlrpc.php HTTP/1.1" 405 436 "-" "Jetpack by WordPress.com"
115.99.105.154 - - [05/Jun/2026:13:18:25 +0200] "POST /xmlrpc.php HTTP/1.1" 405 436 "-" "Mozilla/5.0 (Windows NT 10.0; x86) AppleWebKit/537.36 (KHTML, like Gecko) Firefox/80.0.0.0 Safari/537.36"
137.97.175.92 - - [05/Jun/2026:13:18:29 +0200] "POST /xmlrpc.php HTTP/1.1" 405 436 "-" "WordPress.com; https://wordpress.com"
5.110.126.159 - - [05/Jun/2026:13:18:31 +0200] "POST /xmlrpc.php HTTP/1.1" 405 436 "-" "Jetpack/13.0; WordPress/6.4; http://site83663118.com"
115.99.105.154 - - [05/Jun/2026:13:18:39 +0200] "POST /xmlrpc.php HTTP/1.1" 405 436 "-" "Mozilla/5.0 (Windows NT 6.2; arm64) AppleWebKit/537.36 (KHTML, like Gecko) Opera/73.0.0.0 Safari/537.36"
137.97.175.92 - - [05/Jun/2026:13:18:39 +0200] "POST /xmlrpc.php HTTP/1.1" 405 436 "-" "Jetpack/12.5; WordPress/6.1; http://site25383035.com"
5.110.126.159 - - [05/Jun/2026:13:18:42 +0200] "POST /xmlrpc.php HTTP/1.1" 405 436 "-" "Jetpack by WordPress.com"
69.49.112.70 - - [05/Jun/2026:13:18:47 +0200] "POST /xmlrpc.php HTTP/1.1" 200 258 "-" "Mozilla/5.0 (Windows NT 10.0; Win64; x64) AppleWebKit/537.36 (KHTML, like Gecko) Chrome/120.0.0.0 Safari/537.36"
137.97.175.92 - - [05/Jun/2026:13:18:50 +0200] "POST /xmlrpc.php HTTP/1.1" 405 436 "-" "Jetpack by WordPress.com (Jetpack 12.0; WordPress 6.1)"
5.110.126.159 - - [05/Jun/2026:13:18:52 +0200] "POST /xmlrpc.php HTTP/1.1" 405 436 "-" "Jetpack by WordPress.com"
115.99.105.154 - - [05/Jun/2026:13:18:53 +0200] "POST /xmlrpc.php HTTP/1.1" 405 436 "-" "Mozilla/5.0 (Macintosh; Intel Mac OS X 10_15_7; x86) AppleWebKit/537.36 (KHTML, like Gecko) Firefox/100.0.0.0 Safari/537.36"
213.171.208.62 - - [05/Jun/2026:13:18:59 +0200] "GET /wp-login.php HTTP/1.1" 200 7580 "-" "Mozilla/5.0 (X11; Linux x86_64; rv:133.0) Gecko/20100101 Firefox/133.0"
137.97.175.92 - - [05/Jun/2026:13:19:01 +0200] "POST /xmlrpc.php HTTP/1.1" 405 436 "-" "Jetpack/12.0; WordPress/6.3; http://site58468018.com"
5.110.126.159 - - [05/Jun/2026:13:19:03 +0200] "POST /xmlrpc.php HTTP/1.1" 405 436 "-" "WordPress.com; https://wordpress.com"
115.99.105.154 - - [05/Jun/2026:13:19:12 +0200] "POST /xmlrpc.php HTTP/1.1" 405 436 "-" "Mozilla/5.0 (Windows NT 6.2; arm64) AppleWebKit/537.36 (KHTML, like Gecko) Edge/82.0.0.0 Safari/537.36"
5.110.126.159 - - [05/Jun/2026:13:19:13 +0200] "POST /xmlrpc.php HTTP/1.1" 405 436 "-" "Jetpack by WordPress.com (Jetpack 13.0; WordPress 6.2)"
5.110.126.159 - - [05/Jun/2026:13:19:24 +0200] "POST /xmlrpc.php HTTP/1.1" 405 436 "-" "WordPress.com; https://wordpress.com"
115.99.105.154 - - [05/Jun/2026:13:19:27 +0200] "POST /xmlrpc.php HTTP/1.1" 405 436 "-" "Mozilla/5.0 (X11; Ubuntu; Linux x86_64; arm64) AppleWebKit/537.36 (KHTML, like Gecko) Opera/72.0.0.0 Safari/537.36"
