164.52.218.210 - - [05/Jun/2026:21:18:59 +0200] "GET /wp-json/wp/v2/users/me HTTP/1.1" 401 188 "-" "Mozilla/5.0 (Windows NT 10.0) AppleWebKit/537.36 (KHTML, like Gecko) Chrome/133.0.0.0 Safari/537.36"
64.31.25.250 - - [05/Jun/2026:21:19:34 +0200] "GET /wp-login.php HTTP/1.1" 200 7499 "-" "Mozilla/5.0 (X11; CrOS x86_64 14541.0.0) AppleWebKit/537.36 (KHTML, like Gecko) Chrome/133.0.0.0 Safari/537.36"
50.6.169.131 - - [05/Jun/2026:21:19:39 +0200] "GET /wp-json/wp/v2/users/me HTTP/1.1" 401 188 "-" "Mozilla/5.0 (Windows NT 10.0; WOW64) AppleWebKit/537.36 (KHTML, like Gecko) Chrome/133.0.0.0 Safari/537.36"
213.171.208.62 - - [05/Jun/2026:21:20:00 +0200] "GET /wp-login.php HTTP/1.1" 200 7598 "-" "Mozilla/5.0 (Windows NT 10.0; Win64; x64) AppleWebKit/537.36 (KHTML, like Gecko) Chrome/133.0.0.0 Safari/537.36"
217.65.127.219 - - [05/Jun/2026:21:20:22 +0200] "-" 408 - "-" "-"
38.49.217.60 - - [05/Jun/2026:21:20:25 +0200] "GET /wp-login.php HTTP/1.1" 200 7655 "-" "Mozilla/5.0 (Windows NT 10.0; Win64; x64) AppleWebKit/537.36 (KHTML, like Gecko) Chrome/120.0.0.0 Safari/537.36"
80.152.156.228 - - [05/Jun/2026:21:20:30 +0200] "GET /wp-login.php HTTP/1.1" 200 7557 "-" "Mozilla/5.0 (Windows NT 10.0; Win64; x64) AppleWebKit/537.36 (KHTML, like Gecko) Chrome/120.0.0.0 Safari/537.36"
188.241.62.83 - - [05/Jun/2026:21:20:54 +0200] "GET /wp-login.php HTTP/1.1" 200 7580 "-" "Mozilla/5.0 (Windows NT 10.0; Win64; x64) AppleWebKit/537.36 (KHTML, like Gecko) Chrome/120.0.0.0 Safari/537.36"
165.210.33.192 - - [05/Jun/2026:21:21:09 +0200] "POST /xmlrpc.php HTTP/1.1" 200 258 "-" "Mozilla/5.0 (Macintosh; Intel Mac OS X 14_7_4) AppleWebKit/537.36 (KHTML, like Gecko) Chrome/133.0.0.0 Safari/537.36"
103.42.5.132 - - [05/Jun/2026:21:21:10 +0200] "POST /xmlrpc.php HTTP/1.1" 200 258 "-" "Mozilla/5.0 (Macintosh; Intel Mac OS X 10_15_7) AppleWebKit/537.36 (KHTML, like Gecko) Chrome/133.0.0.0 Safari/537.36"
109.237.65.32 - - [05/Jun/2026:21:21:25 +0200] "POST /xmlrpc.php HTTP/1.1" 200 258 "-" "Mozilla/5.0 (X11; Linux x86_64; rv:133.0) Gecko/20100101 Firefox/133.0"
46.105.28.235 - - [05/Jun/2026:21:21:26 +0200] "GET /wp-login.php HTTP/1.1" 200 7491 "-" "Mozilla/5.0 (Windows NT 10.0) AppleWebKit/537.36 (KHTML, like Gecko) Chrome/133.0.0.0 Safari/537.36"
213.171.208.232 - - [05/Jun/2026:21:21:30 +0200] "GET /wp-login.php HTTP/1.1" 200 7320 "-" "Mozilla/5.0 (X11; Linux x86_64; rv:133.0) Gecko/20100101 Firefox/133.0"
165.210.33.192 - - [05/Jun/2026:21:21:38 +0200] "POST /xmlrpc.php HTTP/1.1" 200 258 "-" "Mozilla/5.0 (Macintosh; Intel Mac OS X 10_15_7) AppleWebKit/537.36 (KHTML, like Gecko) Chrome/133.0.0.0 Safari/537.36 Edg/133.0.0.0"
34.101.189.231 - - [05/Jun/2026:21:21:48 +0200] "GET /wp-login.php HTTP/1.1" 200 7712 "-" "Mozilla/5.0 (Windows NT 10.0; Win64; x64) AppleWebKit/537.36 (KHTML, like Gecko) Chrome/120.0.0.0 Safari/537.36"
46.224.234.158 - - [05/Jun/2026:21:22:22 +0200] "GET /wp-login.php HTTP/1.1" 200 7651 "-" "Mozilla/5.0 (Windows NT 10.0; Win64; x64) AppleWebKit/537.36 (KHTML, like Gecko) Chrome/120.0.0.0 Safari/537.36"
213.171.208.62 - - [05/Jun/2026:21:22:51 +0200] "POST /xmlrpc.php HTTP/1.1" 200 258 "-" "Mozilla/5.0 (Macintosh; Intel Mac OS X 10_15_7) AppleWebKit/537.36 (KHTML, like Gecko) Chrome/133.0.0.0 Safari/537.36 Edg/133.0.0.0"
162.240.228.207 - - [05/Jun/2026:21:23:04 +0200] "POST /xmlrpc.php HTTP/1.1" 200 258 "-" "Mozilla/5.0 (X11; Linux x86_64; rv:133.0) Gecko/20100101 Firefox/133.0"
188.241.62.83 - - [05/Jun/2026:21:23:26 +0200] "GET /wp-login.php HTTP/1.1" 200 7707 "-" "Mozilla/5.0 (Windows NT 10.0; Win64; x64) AppleWebKit/537.36 (KHTML, like Gecko) Chrome/120.0.0.0 Safari/537.36"
80.152.156.228 - - [05/Jun/2026:21:24:21 +0200] "GET /wp-login.php HTTP/1.1" 200 7480 "-" "Mozilla/5.0 (Windows NT 10.0; Win64; x64) AppleWebKit/537.36 (KHTML, like Gecko) Chrome/120.0.0.0 Safari/537.36"
84.225.64.159 - - [05/Jun/2026:21:24:26 +0200] "-" 408 - "-" "-"
84.225.64.159 - - [05/Jun/2026:21:24:38 +0200] "-" 408 - "-" "-"
209.42.20.53 - - [05/Jun/2026:21:24:41 +0200] "GET /wp-login.php HTTP/1.1" 200 7265 "-" "Mozilla/5.0 (X11; Linux i686) AppleWebKit/537.36 (KHTML, like Gecko) Chrome/133.0.0.0 Safari/537.36"
80.77.146.194 - - [05/Jun/2026:21:24:41 +0200] "GET /wp-login.php HTTP/1.1" 200 7474 "-" "Mozilla/5.0 (Macintosh; Intel Mac OS X 11_7_10) AppleWebKit/537.36 (KHTML, like Gecko) Chrome/133.0.0.0 Safari/537.36"
102.64.60.6 - - [05/Jun/2026:21:24:55 +0200] "POST /xmlrpc.php HTTP/1.1" 405 436 "-" "Jetpack by WordPress.com"
43.230.201.87 - - [05/Jun/2026:21:24:55 +0200] "POST /xmlrpc.php HTTP/1.1" 200 258 "-" "Mozilla/5.0 (X11; Linux i686) AppleWebKit/537.36 (KHTML, like Gecko) Chrome/133.0.0.0 Safari/537.36"
78.142.18.172 - - [05/Jun/2026:21:24:58 +0200] "GET /wp-login.php HTTP/1.1" 200 7224 "-" "Mozilla/5.0 (Macintosh; Intel Mac OS X 10_15_7) AppleWebKit/605.1.15 (KHTML, like Gecko) Version/18.3 Safari/605.1.15"
102.64.60.6 - - [05/Jun/2026:21:25:05 +0200] "POST /xmlrpc.php HTTP/1.1" 405 436 "-" "Jetpack by WordPress.com (Jetpack 12.5; WordPress 6.2)"
144.217.254.10 - - [05/Jun/2026:21:25:15 +0200] "GET /wp-login.php HTTP/1.1" 200 7519 "-" "Mozilla/5.0 (Windows NT 10.0; Win64; x64) AppleWebKit/537.36 (KHTML, like Gecko) Chrome/120.0.0.0 Safari/537.36"
102.64.60.6 - - [05/Jun/2026:21:25:16 +0200] "POST /xmlrpc.php HTTP/1.1" 405 436 "-" "Jetpack by WordPress.com"
102.64.60.6 - - [05/Jun/2026:21:25:27 +0200] "POST /xmlrpc.php HTTP/1.1" 405 436 "-" "WordPress.com; https://wordpress.com"
102.64.60.6 - - [05/Jun/2026:21:25:38 +0200] "POST /xmlrpc.php HTTP/1.1" 405 436 "-" "Jetpack/13.0; WordPress/6.3; http://site16311727.com"
102.64.60.6 - - [05/Jun/2026:21:25:48 +0200] "POST /xmlrpc.php HTTP/1.1" 405 436 "-" "Jetpack by WordPress.com (Jetpack 12.5; WordPress 6.2)"
102.64.60.6 - - [05/Jun/2026:21:25:59 +0200] "POST /xmlrpc.php HTTP/1.1" 405 436 "-" "WordPress.com; https://wordpress.com"
31.46.250.100 - - [05/Jun/2026:21:26:07 +0200] "-" 408 - "-" "-"
31.46.250.100 - - [05/Jun/2026:21:26:07 +0200] "-" 408 - "-" "-"
31.46.250.100 - - [05/Jun/2026:21:26:07 +0200] "-" 408 - "-" "-"
102.64.60.6 - - [05/Jun/2026:21:26:10 +0200] "POST /xmlrpc.php HTTP/1.1" 405 436 "-" "Jetpack by WordPress.com (Jetpack 12.1; WordPress 6.4)"
102.64.60.6 - - [05/Jun/2026:21:26:21 +0200] "POST /xmlrpc.php HTTP/1.1" 405 436 "-" "Jetpack/12.0; WordPress/6.2; http://site59729530.com"
102.64.60.6 - - [05/Jun/2026:21:26:32 +0200] "POST /xmlrpc.php HTTP/1.1" 405 436 "-" "Jetpack by WordPress.com"
102.64.60.6 - - [05/Jun/2026:21:26:43 +0200] "POST /xmlrpc.php HTTP/1.1" 405 436 "-" "WordPress.com; https://wordpress.com"
192.169.178.74 - - [05/Jun/2026:21:26:45 +0200] "GET /wp-login.php HTTP/1.1" 200 7291 "-" "Mozilla/5.0 (Windows NT 10.0) AppleWebKit/537.36 (KHTML, like Gecko) Chrome/133.0.0.0 Safari/537.36"
102.64.60.6 - - [05/Jun/2026:21:26:54 +0200] "POST /xmlrpc.php HTTP/1.1" 405 436 "-" "Jetpack by WordPress.com (Jetpack 13.0; WordPress 6.3)"
50.6.207.27 - - [05/Jun/2026:21:26:57 +0200] "POST /xmlrpc.php HTTP/1.1" 200 258 "-" "Mozilla/5.0 (X11; Linux x86_64) AppleWebKit/537.36 (KHTML, like Gecko) Chrome/133.0.0.0 Safari/537.36 Edg/133.0.0.0"
102.64.60.6 - - [05/Jun/2026:21:27:04 +0200] "POST /xmlrpc.php HTTP/1.1" 405 436 "-" "Jetpack by WordPress.com (Jetpack 12.1; WordPress 6.1)"
78.142.18.172 - - [05/Jun/2026:21:27:10 +0200] "GET /wp-json/wp/v2/users/me HTTP/1.1" 401 188 "-" "Mozilla/5.0 (X11; Linux x86_64; rv:133.0) Gecko/20100101 Firefox/133.0"
102.64.60.6 - - [05/Jun/2026:21:27:15 +0200] "POST /xmlrpc.php HTTP/1.1" 405 436 "-" "Jetpack by WordPress.com (Jetpack 12.1; WordPress 6.2)"
104.155.29.73 - - [05/Jun/2026:21:27:25 +0200] "GET /wp-json/wp/v2/users/me HTTP/1.1" 401 188 "-" "Mozilla/5.0 (X11; Linux x86_64) AppleWebKit/537.36 (KHTML, like Gecko) Chrome/133.0.0.0 Safari/537.36 Edg/133.0.0.0"
102.64.60.6 - - [05/Jun/2026:21:27:26 +0200] "POST /xmlrpc.php HTTP/1.1" 405 436 "-" "WordPress.com; https://wordpress.com"
102.64.60.6 - - [05/Jun/2026:21:27:37 +0200] "POST /xmlrpc.php HTTP/1.1" 405 436 "-" "Jetpack/13.0; WordPress/6.2; http://site89862608.com"
102.64.60.6 - - [05/Jun/2026:21:27:48 +0200] "POST /xmlrpc.php HTTP/1.1" 405 436 "-" "WordPress.com; https://wordpress.com"
188.157.5.205 - - [05/Jun/2026:21:27:51 +0200] "-" 408 - "-" "-"
31.24.155.180 - - [05/Jun/2026:21:27:57 +0200] "GET /wp-login.php HTTP/1.1" 200 7409 "-" "Mozilla/5.0 (X11; Ubuntu; Linux x86_64; rv:133.0) Gecko/20100101 Firefox/133.0"
102.64.60.6 - - [05/Jun/2026:21:27:59 +0200] "POST /xmlrpc.php HTTP/1.1" 405 436 "-" "Jetpack by WordPress.com (Jetpack 13.0; WordPress 6.2)"
102.64.60.6 - - [05/Jun/2026:21:28:09 +0200] "POST /xmlrpc.php HTTP/1.1" 405 436 "-" "Jetpack by WordPress.com"
217.65.125.69 - - [05/Jun/2026:21:28:21 +0200] "-" 408 - "-" "-"
102.64.60.6 - - [05/Jun/2026:21:28:22 +0200] "POST /xmlrpc.php HTTP/1.1" 405 436 "-" "Jetpack by WordPress.com"
62.60.130.128 - - [05/Jun/2026:21:28:31 +0200] "GET //wp-includes/ID3/license.txt HTTP/1.1" 301 - "-" "Mozilla/5.0 (Windows NT 10.0; Win64; x64) AppleWebKit/537.36 (KHTML, like Gecko) Chrome/95.0.4638.69 Safari/537.36"
102.64.60.6 - - [05/Jun/2026:21:28:33 +0200] "POST /xmlrpc.php HTTP/1.1" 405 436 "-" "Jetpack by WordPress.com"
102.64.60.6 - - [05/Jun/2026:21:28:44 +0200] "POST /xmlrpc.php HTTP/1.1" 405 436 "-" "Jetpack by WordPress.com"
62.60.130.128 - - [05/Jun/2026:21:28:45 +0200] "GET //wp-includes/ID3/license.txt HTTP/1.1" 301 - "-" "Mozilla/5.0 (Windows NT 10.0; Win64; x64) AppleWebKit/537.36 (KHTML, like Gecko) Chrome/95.0.4638.69 Safari/537.36"
198.38.94.18 - - [05/Jun/2026:21:28:46 +0200] "GET /wp-login.php HTTP/1.1" 200 7486 "-" "Mozilla/5.0 (Windows NT 10.0; Win64; x64) AppleWebKit/537.36 (KHTML, like Gecko) Chrome/120.0.0.0 Safari/537.36"
188.157.5.205 - - [05/Jun/2026:21:28:55 +0200] "-" 408 - "-" "-"
102.64.60.6 - - [05/Jun/2026:21:28:55 +0200] "POST /xmlrpc.php HTTP/1.1" 405 436 "-" "Jetpack by WordPress.com"
188.157.5.205 - - [05/Jun/2026:21:28:55 +0200] "-" 408 - "-" "-"
213.171.208.232 - - [05/Jun/2026:21:28:55 +0200] "GET /wp-login.php HTTP/1.1" 200 7174 "-" "Mozilla/5.0 (Windows NT 10.0) AppleWebKit/537.36 (KHTML, like Gecko) Chrome/133.0.0.0 Safari/537.36"
102.64.60.6 - - [05/Jun/2026:21:29:06 +0200] "POST /xmlrpc.php HTTP/1.1" 405 436 "-" "Jetpack by WordPress.com (Jetpack 12.0; WordPress 6.1)"
102.64.60.6 - - [05/Jun/2026:21:29:17 +0200] "POST /xmlrpc.php HTTP/1.1" 405 436 "-" "Jetpack/13.0; WordPress/6.1; http://site89502761.com"
198.38.94.14 - - [05/Jun/2026:21:29:27 +0200] "GET /wp-login.php HTTP/1.1" 200 7388 "-" "Mozilla/5.0 (Windows NT 10.0; Win64; x64) AppleWebKit/537.36 (KHTML, like Gecko) Chrome/120.0.0.0 Safari/537.36"
102.64.60.6 - - [05/Jun/2026:21:29:28 +0200] "POST /xmlrpc.php HTTP/1.1" 405 436 "-" "Jetpack by WordPress.com (Jetpack 12.0; WordPress 6.2)"
167.71.136.93 - - [05/Jun/2026:21:29:39 +0200] "POST /xmlrpc.php HTTP/1.1" 200 258 "-" "Mozilla/5.0 (X11; Linux x86_64) AppleWebKit/537.36 (KHTML, like Gecko) Chrome/133.0.0.0 Safari/537.36 Edg/133.0.0.0"
102.64.60.6 - - [05/Jun/2026:21:29:40 +0200] "POST /xmlrpc.php HTTP/1.1" 405 436 "-" "Jetpack by WordPress.com"
160.250.186.220 - - [05/Jun/2026:21:29:43 +0200] "GET /wp-login.php HTTP/1.1" 200 7597 "-" "Mozilla/5.0 (Windows NT 10.0; Win64; x64) AppleWebKit/537.36 (KHTML, like Gecko) Chrome/133.0.0.0 Safari/537.36 Edg/133.0.0.0"
102.64.60.6 - - [05/Jun/2026:21:29:51 +0200] "POST /xmlrpc.php HTTP/1.1" 405 436 "-" "Jetpack by WordPress.com (Jetpack 12.5; WordPress 6.1)"
160.250.186.220 - - [05/Jun/2026:21:29:58 +0200] "POST /xmlrpc.php HTTP/1.1" 200 258 "-" "Mozilla/5.0 (Macintosh; Intel Mac OS X 10_15_7) AppleWebKit/537.36 (KHTML, like Gecko) Chrome/133.0.0.0 Safari/537.36"
102.64.60.6 - - [05/Jun/2026:21:30:02 +0200] "POST /xmlrpc.php HTTP/1.1" 405 436 "-" "Jetpack by WordPress.com"
102.64.60.6 - - [05/Jun/2026:21:30:13 +0200] "POST /xmlrpc.php HTTP/1.1" 405 436 "-" "WordPress.com; https://wordpress.com"
102.64.60.6 - - [05/Jun/2026:21:30:24 +0200] "POST /xmlrpc.php HTTP/1.1" 405 436 "-" "Jetpack/12.5; WordPress/6.4; http://site78219884.com"
102.64.60.6 - - [05/Jun/2026:21:30:35 +0200] "POST /xmlrpc.php HTTP/1.1" 405 436 "-" "Jetpack by WordPress.com"
151.0.81.248 - - [05/Jun/2026:21:30:41 +0200] "-" 408 - "-" "-"
102.64.60.6 - - [05/Jun/2026:21:30:46 +0200] "POST /xmlrpc.php HTTP/1.1" 405 436 "-" "WordPress.com; https://wordpress.com"
102.64.60.6 - - [05/Jun/2026:21:30:57 +0200] "POST /xmlrpc.php HTTP/1.1" 405 436 "-" "Jetpack/12.0; WordPress/6.3; http://site59516471.com"
102.64.60.6 - - [05/Jun/2026:21:31:08 +0200] "POST /xmlrpc.php HTTP/1.1" 405 436 "-" "WordPress.com; https://wordpress.com"
43.230.201.87 - - [05/Jun/2026:21:31:13 +0200] "POST /xmlrpc.php HTTP/1.1" 200 258 "-" "Mozilla/5.0 (Windows NT 10.0; Win64; x64) AppleWebKit/537.36 (KHTML, like Gecko) Chrome/133.0.0.0 Safari/537.36"
188.241.62.83 - - [05/Jun/2026:21:31:17 +0200] "GET /wp-login.php HTTP/1.1" 200 7467 "-" "Mozilla/5.0 (X11; Linux x86_64; rv:133.0) Gecko/20100101 Firefox/133.0"
102.64.60.6 - - [05/Jun/2026:21:31:18 +0200] "POST /xmlrpc.php HTTP/1.1" 405 436 "-" "Jetpack by WordPress.com (Jetpack 12.1; WordPress 6.2)"
81.183.46.6 - - [05/Jun/2026:21:31:28 +0200] "-" 408 - "-" "-"
81.183.46.6 - - [05/Jun/2026:21:31:28 +0200] "-" 408 - "-" "-"
102.64.60.6 - - [05/Jun/2026:21:31:29 +0200] "POST /xmlrpc.php HTTP/1.1" 405 436 "-" "Jetpack by WordPress.com"
102.64.60.6 - - [05/Jun/2026:21:31:40 +0200] "POST /xmlrpc.php HTTP/1.1" 405 436 "-" "Jetpack/13.0; WordPress/6.1; http://site99125423.com"
46.224.234.158 - - [05/Jun/2026:21:31:49 +0200] "GET /wp-login.php HTTP/1.1" 200 7605 "-" "Mozilla/5.0 (Windows NT 10.0; Win64; x64) AppleWebKit/537.36 (KHTML, like Gecko) Chrome/120.0.0.0 Safari/537.36"
102.64.60.6 - - [05/Jun/2026:21:31:51 +0200] "POST /xmlrpc.php HTTP/1.1" 405 436 "-" "Jetpack by WordPress.com"
102.64.60.6 - - [05/Jun/2026:21:32:02 +0200] "POST /xmlrpc.php HTTP/1.1" 405 436 "-" "Jetpack/12.0; WordPress/6.4; http://site12269473.com"
78.142.18.172 - - [05/Jun/2026:21:32:08 +0200] "POST /xmlrpc.php HTTP/1.1" 200 258 "-" "Mozilla/5.0 (Macintosh; Intel Mac OS X 11_7_10) AppleWebKit/537.36 (KHTML, like Gecko) Chrome/133.0.0.0 Safari/537.36"
102.64.60.6 - - [05/Jun/2026:21:32:13 +0200] "POST /xmlrpc.php HTTP/1.1" 405 436 "-" "Jetpack by WordPress.com"
152.53.111.131 - - [05/Jun/2026:21:32:17 +0200] "GET /wp-login.php HTTP/1.1" 200 7615 "-" "Mozilla/5.0 (X11; Ubuntu; Linux x86_64; rv:133.0) Gecko/20100101 Firefox/133.0"
102.64.60.6 - - [05/Jun/2026:21:32:24 +0200] "POST /xmlrpc.php HTTP/1.1" 405 436 "-" "Jetpack by WordPress.com (Jetpack 12.5; WordPress 6.1)"
31.24.155.180 - - [05/Jun/2026:21:32:30 +0200] "GET /wp-login.php HTTP/1.1" 200 7352 "-" "Mozilla/5.0 (Windows NT 10.0; Win64; x64; rv:133.0) Gecko/20100101 Firefox/133.0"
102.64.60.6 - - [05/Jun/2026:21:32:35 +0200] "POST /xmlrpc.php HTTP/1.1" 405 436 "-" "WordPress.com; https://wordpress.com"
102.64.60.6 - - [05/Jun/2026:21:32:46 +0200] "POST /xmlrpc.php HTTP/1.1" 405 436 "-" "Jetpack by WordPress.com (Jetpack 12.1; WordPress 6.3)"
102.64.60.6 - - [05/Jun/2026:21:32:57 +0200] "POST /xmlrpc.php HTTP/1.1" 405 436 "-" "Jetpack by WordPress.com (Jetpack 12.0; WordPress 6.1)"
46.251.14.82 - - [05/Jun/2026:21:32:58 +0200] "-" 408 - "-" "-"
46.251.14.82 - - [05/Jun/2026:21:32:58 +0200] "-" 408 - "-" "-"
46.251.14.82 - - [05/Jun/2026:21:32:58 +0200] "-" 408 - "-" "-"
102.64.60.6 - - [05/Jun/2026:21:33:10 +0200] "POST /xmlrpc.php HTTP/1.1" 405 436 "-" "Jetpack/12.1; WordPress/6.1; http://site91331256.com"
102.64.60.6 - - [05/Jun/2026:21:33:19 +0200] "POST /xmlrpc.php HTTP/1.1" 405 436 "-" "Jetpack by WordPress.com"
80.98.129.116 - - [05/Jun/2026:21:33:20 +0200] "-" 408 - "-" "-"
80.98.129.116 - - [05/Jun/2026:21:33:20 +0200] "-" 408 - "-" "-"
80.98.129.116 - - [05/Jun/2026:21:33:21 +0200] "-" 408 - "-" "-"
80.98.129.116 - - [05/Jun/2026:21:33:21 +0200] "-" 408 - "-" "-"
102.64.60.6 - - [05/Jun/2026:21:33:30 +0200] "POST /xmlrpc.php HTTP/1.1" 405 436 "-" "Jetpack by WordPress.com"
102.64.60.6 - - [05/Jun/2026:21:33:41 +0200] "POST /xmlrpc.php HTTP/1.1" 405 436 "-" "Jetpack by WordPress.com"
102.64.60.6 - - [05/Jun/2026:21:33:53 +0200] "POST /xmlrpc.php HTTP/1.1" 405 436 "-" "WordPress.com; https://wordpress.com"
102.64.60.6 - - [05/Jun/2026:21:34:04 +0200] "POST /xmlrpc.php HTTP/1.1" 405 436 "-" "WordPress.com; https://wordpress.com"
102.64.60.6 - - [05/Jun/2026:21:34:15 +0200] "POST /xmlrpc.php HTTP/1.1" 405 436 "-" "Jetpack by WordPress.com (Jetpack 13.0; WordPress 6.2)"
38.49.217.60 - - [05/Jun/2026:21:34:24 +0200] "GET /wp-login.php HTTP/1.1" 200 7519 "-" "Mozilla/5.0 (Windows NT 10.0; Win64; x64) AppleWebKit/537.36 (KHTML, like Gecko) Chrome/120.0.0.0 Safari/537.36"
102.64.60.6 - - [05/Jun/2026:21:34:27 +0200] "POST /xmlrpc.php HTTP/1.1" 405 436 "-" "Jetpack by WordPress.com"
102.64.60.6 - - [05/Jun/2026:21:34:38 +0200] "POST /xmlrpc.php HTTP/1.1" 405 436 "-" "WordPress.com; https://wordpress.com"
102.64.60.6 - - [05/Jun/2026:21:34:49 +0200] "POST /xmlrpc.php HTTP/1.1" 405 436 "-" "WordPress.com; https://wordpress.com"
102.64.60.6 - - [05/Jun/2026:21:35:01 +0200] "POST /xmlrpc.php HTTP/1.1" 405 436 "-" "Jetpack by WordPress.com"
125.212.221.88 - - [05/Jun/2026:21:35:10 +0200] "POST /xmlrpc.php HTTP/1.1" 200 258 "-" "Mozilla/5.0 (Windows NT 10.0) AppleWebKit/537.36 (KHTML, like Gecko) Chrome/133.0.0.0 Safari/537.36"
102.64.60.6 - - [05/Jun/2026:21:35:12 +0200] "POST /xmlrpc.php HTTP/1.1" 405 436 "-" "WordPress.com; https://wordpress.com"
102.64.60.6 - - [05/Jun/2026:21:35:23 +0200] "POST /xmlrpc.php HTTP/1.1" 405 436 "-" "Jetpack by WordPress.com (Jetpack 13.0; WordPress 6.1)"
102.64.60.6 - - [05/Jun/2026:21:35:34 +0200] "POST /xmlrpc.php HTTP/1.1" 405 436 "-" "WordPress.com; https://wordpress.com"
84.2.206.31 - - [05/Jun/2026:21:35:36 +0200] "-" 408 - "-" "-"
64.31.25.250 - - [05/Jun/2026:21:35:44 +0200] "GET /wp-login.php HTTP/1.1" 200 7348 "-" "Mozilla/5.0 (Windows NT 10.0; Win64; x64; rv:133.0) Gecko/20100101 Firefox/133.0"
68.178.160.25 - - [05/Jun/2026:21:35:45 +0200] "GET /wp-login.php HTTP/1.1" 200 7547 "-" "Mozilla/5.0 (X11; Linux x86_64) AppleWebKit/537.36 (KHTML, like Gecko) Chrome/133.0.0.0 Safari/537.36 Edg/133.0.0.0"
102.64.60.6 - - [05/Jun/2026:21:35:45 +0200] "POST /xmlrpc.php HTTP/1.1" 405 436 "-" "WordPress.com; https://wordpress.com"
102.64.60.6 - - [05/Jun/2026:21:35:56 +0200] "POST /xmlrpc.php HTTP/1.1" 405 436 "-" "Jetpack/12.0; WordPress/6.1; http://site98875163.com"
72.167.50.103 - - [05/Jun/2026:21:35:57 +0200] "GET /wp-login.php HTTP/1.1" 200 7337 "-" "Mozilla/5.0 (X11; Ubuntu; Linux x86_64; rv:133.0) Gecko/20100101 Firefox/133.0"
102.64.60.6 - - [05/Jun/2026:21:36:07 +0200] "POST /xmlrpc.php HTTP/1.1" 405 436 "-" "Jetpack/12.0; WordPress/6.3; http://site70864737.com"
78.142.18.172 - - [05/Jun/2026:21:36:10 +0200] "POST /xmlrpc.php HTTP/1.1" 200 258 "-" "Mozilla/5.0 (Macintosh; Intel Mac OS X 10_15_7) AppleWebKit/605.1.15 (KHTML, like Gecko) Version/18.3 Safari/605.1.15"
102.64.60.6 - - [05/Jun/2026:21:36:17 +0200] "POST /xmlrpc.php HTTP/1.1" 405 436 "-" "Jetpack/13.0; WordPress/6.2; http://site89920440.com"
102.64.60.6 - - [05/Jun/2026:21:36:28 +0200] "POST /xmlrpc.php HTTP/1.1" 405 436 "-" "Jetpack/12.0; WordPress/6.2; http://site39486807.com"
64.31.25.250 - - [05/Jun/2026:21:36:34 +0200] "GET /wp-login.php HTTP/1.1" 200 7664 "-" "Mozilla/5.0 (Windows NT 10.0; WOW64) AppleWebKit/537.36 (KHTML, like Gecko) Chrome/133.0.0.0 Safari/537.36"
102.64.60.6 - - [05/Jun/2026:21:36:41 +0200] "POST /xmlrpc.php HTTP/1.1" 405 436 "-" "Jetpack by WordPress.com"
102.64.60.6 - - [05/Jun/2026:21:36:52 +0200] "POST /xmlrpc.php HTTP/1.1" 405 436 "-" "WordPress.com; https://wordpress.com"
102.64.60.6 - - [05/Jun/2026:21:37:04 +0200] "POST /xmlrpc.php HTTP/1.1" 405 436 "-" "Jetpack by WordPress.com"
65.254.225.225 - - [05/Jun/2026:21:37:13 +0200] "POST /xmlrpc.php HTTP/1.1" 200 258 "-" "Mozilla/5.0 (Windows NT 10.0; Win64; x64; rv:133.0) Gecko/20100101 Firefox/133.0"
102.64.60.6 - - [05/Jun/2026:21:37:14 +0200] "POST /xmlrpc.php HTTP/1.1" 405 436 "-" "Jetpack by WordPress.com"
102.64.60.6 - - [05/Jun/2026:21:37:25 +0200] "POST /xmlrpc.php HTTP/1.1" 405 436 "-" "Jetpack by WordPress.com (Jetpack 13.0; WordPress 6.4)"
102.64.60.6 - - [05/Jun/2026:21:37:37 +0200] "POST /xmlrpc.php HTTP/1.1" 405 436 "-" "WordPress.com; https://wordpress.com"
102.64.60.6 - - [05/Jun/2026:21:37:47 +0200] "POST /xmlrpc.php HTTP/1.1" 405 436 "-" "Jetpack by WordPress.com (Jetpack 12.5; WordPress 6.2)"
102.64.60.6 - - [05/Jun/2026:21:37:58 +0200] "POST /xmlrpc.php HTTP/1.1" 405 436 "-" "WordPress.com; https://wordpress.com"
125.212.221.88 - - [05/Jun/2026:21:38:04 +0200] "POST /xmlrpc.php HTTP/1.1" 200 258 "-" "Mozilla/5.0 (Windows NT 10.0; Win64; x64; rv:133.0) Gecko/20100101 Firefox/133.0"
102.64.60.6 - - [05/Jun/2026:21:38:10 +0200] "POST /xmlrpc.php HTTP/1.1" 405 436 "-" "Jetpack by WordPress.com (Jetpack 12.1; WordPress 6.4)"
102.64.60.6 - - [05/Jun/2026:21:38:20 +0200] "POST /xmlrpc.php HTTP/1.1" 405 436 "-" "Jetpack by WordPress.com"
78.142.18.172 - - [05/Jun/2026:21:38:24 +0200] "GET /wp-login.php HTTP/1.1" 200 7693 "-" "Mozilla/5.0 (Windows NT 10.0; WOW64) AppleWebKit/537.36 (KHTML, like Gecko) Chrome/133.0.0.0 Safari/537.36"
103.166.184.148 - - [05/Jun/2026:21:38:27 +0200] "GET /wp-login.php HTTP/1.1" 200 7583 "-" "Mozilla/5.0 (X11; Linux x86_64) AppleWebKit/537.36 (KHTML, like Gecko) Chrome/133.0.0.0 Safari/537.36 Edg/133.0.0.0"
102.64.60.6 - - [05/Jun/2026:21:38:31 +0200] "POST /xmlrpc.php HTTP/1.1" 405 436 "-" "Jetpack by WordPress.com (Jetpack 12.0; WordPress 6.4)"
50.6.224.46 - - [05/Jun/2026:21:38:36 +0200] "POST /xmlrpc.php HTTP/1.1" 200 258 "-" "Mozilla/5.0 (X11; Linux x86_64) AppleWebKit/537.36 (KHTML, like Gecko) Chrome/133.0.0.0 Safari/537.36"
205.185.124.128 - - [05/Jun/2026:21:38:37 +0200] "GET /wp-login.php HTTP/1.1" 200 16621 "-" "Mozilla/5.0 (Linux; Android 14; SM-G998B) AppleWebKit/537.36 (KHTML, like Gecko) Chrome/121.0.0.0 Mobile Safari/537.36"
102.64.60.6 - - [05/Jun/2026:21:38:42 +0200] "POST /xmlrpc.php HTTP/1.1" 405 436 "-" "Jetpack by WordPress.com"
102.64.60.6 - - [05/Jun/2026:21:38:53 +0200] "POST /xmlrpc.php HTTP/1.1" 405 436 "-" "Jetpack by WordPress.com (Jetpack 12.0; WordPress 6.1)"
216.194.174.116 - - [05/Jun/2026:21:38:58 +0200] "POST /xmlrpc.php HTTP/1.1" 200 258 "-" "Mozilla/5.0 (Windows NT 10.0; WOW64) AppleWebKit/537.36 (KHTML, like Gecko) Chrome/133.0.0.0 Safari/537.36"
102.64.60.6 - - [05/Jun/2026:21:39:04 +0200] "POST /xmlrpc.php HTTP/1.1" 405 436 "-" "Jetpack/12.1; WordPress/6.1; http://site37047958.com"
46.224.234.158 - - [05/Jun/2026:21:39:05 +0200] "GET /wp-login.php HTTP/1.1" 200 7448 "-" "Mozilla/5.0 (Windows NT 10.0; Win64; x64) AppleWebKit/537.36 (KHTML, like Gecko) Chrome/120.0.0.0 Safari/537.36"
102.64.60.6 - - [05/Jun/2026:21:39:14 +0200] "POST /xmlrpc.php HTTP/1.1" 405 436 "-" "Jetpack by WordPress.com"
151.0.82.253 - - [05/Jun/2026:21:39:25 +0200] "-" 408 - "-" "-"
102.64.60.6 - - [05/Jun/2026:21:39:25 +0200] "POST /xmlrpc.php HTTP/1.1" 405 436 "-" "Jetpack by WordPress.com (Jetpack 12.1; WordPress 6.2)"
34.78.129.60 - - [05/Jun/2026:21:39:25 +0200] "POST /xmlrpc.php HTTP/1.1" 200 258 "-" "Mozilla/5.0 (Windows NT 10.0) AppleWebKit/537.36 (KHTML, like Gecko) Chrome/133.0.0.0 Safari/537.36"
192.169.178.74 - - [05/Jun/2026:21:39:25 +0200] "POST /xmlrpc.php HTTP/1.1" 200 258 "-" "Mozilla/5.0 (Macintosh; Intel Mac OS X 10_15_7) AppleWebKit/537.36 (KHTML, like Gecko) Chrome/133.0.0.0 Safari/537.36"
102.64.60.6 - - [05/Jun/2026:21:39:36 +0200] "POST /xmlrpc.php HTTP/1.1" 405 436 "-" "Jetpack by WordPress.com (Jetpack 12.5; WordPress 6.3)"
76.74.150.109 - - [05/Jun/2026:21:39:36 +0200] "GET /wp-login.php HTTP/1.1" 200 7638 "-" "Mozilla/5.0 (Windows NT 10.0; Win64; x64) AppleWebKit/537.36 (KHTML, like Gecko) Chrome/120.0.0.0 Safari/537.36"
104.155.29.73 - - [05/Jun/2026:21:39:45 +0200] "POST /xmlrpc.php HTTP/1.1" 200 258 "-" "Mozilla/5.0 (X11; Linux x86_64; rv:133.0) Gecko/20100101 Firefox/133.0"
102.64.60.6 - - [05/Jun/2026:21:39:47 +0200] "POST /xmlrpc.php HTTP/1.1" 405 436 "-" "Jetpack/12.5; WordPress/6.1; http://site56270324.com"
144.217.254.10 - - [05/Jun/2026:21:39:55 +0200] "GET /wp-login.php HTTP/1.1" 200 7506 "-" "Mozilla/5.0 (Windows NT 10.0; Win64; x64) AppleWebKit/537.36 (KHTML, like Gecko) Chrome/120.0.0.0 Safari/537.36"
102.64.60.6 - - [05/Jun/2026:21:39:58 +0200] "POST /xmlrpc.php HTTP/1.1" 405 436 "-" "Jetpack/12.0; WordPress/6.1; http://site17969857.com"
102.64.60.6 - - [05/Jun/2026:21:40:09 +0200] "POST /xmlrpc.php HTTP/1.1" 405 436 "-" "Jetpack/12.0; WordPress/6.4; http://site68701486.com"
192.169.178.74 - - [05/Jun/2026:21:40:12 +0200] "POST /xmlrpc.php HTTP/1.1" 200 258 "-" "Mozilla/5.0 (X11; Linux x86_64) AppleWebKit/537.36 (KHTML, like Gecko) Chrome/133.0.0.0 Safari/537.36"
102.64.60.6 - - [05/Jun/2026:21:40:19 +0200] "POST /xmlrpc.php HTTP/1.1" 405 436 "-" "Jetpack by WordPress.com"
102.64.60.6 - - [05/Jun/2026:21:40:30 +0200] "POST /xmlrpc.php HTTP/1.1" 405 436 "-" "Jetpack/13.0; WordPress/6.3; http://site61283853.com"
198.38.94.18 - - [05/Jun/2026:21:40:33 +0200] "GET /wp-login.php HTTP/1.1" 200 7217 "-" "Mozilla/5.0 (Windows NT 10.0; Win64; x64) AppleWebKit/537.36 (KHTML, like Gecko) Chrome/120.0.0.0 Safari/537.36"
102.64.60.6 - - [05/Jun/2026:21:40:41 +0200] "POST /xmlrpc.php HTTP/1.1" 405 436 "-" "Jetpack/13.0; WordPress/6.4; http://site33234787.com"
102.64.60.6 - - [05/Jun/2026:21:40:53 +0200] "POST /xmlrpc.php HTTP/1.1" 405 436 "-" "WordPress.com; https://wordpress.com"
102.64.60.6 - - [05/Jun/2026:21:41:03 +0200] "POST /xmlrpc.php HTTP/1.1" 405 436 "-" "WordPress.com; https://wordpress.com"
205.185.124.128 - - [05/Jun/2026:21:41:04 +0200] "POST /wp-login.php HTTP/1.1" 200 17393 "-" "Mozilla/5.0 (Linux; Android 14; SM-G998B) AppleWebKit/537.36 (KHTML, like Gecko) Chrome/121.0.0.0 Mobile Safari/537.36"
164.52.218.210 - - [05/Jun/2026:21:41:06 +0200] "POST /xmlrpc.php HTTP/1.1" 200 258 "-" "Mozilla/5.0 (X11; Fedora; Linux x86_64) AppleWebKit/537.36 (KHTML, like Gecko) Chrome/133.0.0.0 Safari/537.36"
102.64.60.6 - - [05/Jun/2026:21:41:13 +0200] "POST /xmlrpc.php HTTP/1.1" 405 436 "-" "Jetpack by WordPress.com"
162.241.152.21 - - [05/Jun/2026:21:41:16 +0200] "GET /wp-login.php HTTP/1.1" 200 7341 "-" "Mozilla/5.0 (Windows NT 10.0; Win64; x64) AppleWebKit/537.36 (KHTML, like Gecko) Chrome/133.0.0.0 Safari/537.36 Edg/133.0.0.0"
164.52.218.210 - - [05/Jun/2026:21:41:17 +0200] "GET /wp-json/wp/v2/users/me HTTP/1.1" 401 188 "-" "Mozilla/5.0 (X11; Fedora; Linux x86_64) AppleWebKit/537.36 (KHTML, like Gecko) Chrome/133.0.0.0 Safari/537.36"
102.64.60.6 - - [05/Jun/2026:21:41:24 +0200] "POST /xmlrpc.php HTTP/1.1" 405 436 "-" "Jetpack by WordPress.com"
102.64.60.6 - - [05/Jun/2026:21:41:36 +0200] "POST /xmlrpc.php HTTP/1.1" 405 436 "-" "WordPress.com; https://wordpress.com"
188.241.62.83 - - [05/Jun/2026:21:41:38 +0200] "GET /wp-login.php HTTP/1.1" 200 7695 "-" "Mozilla/5.0 (X11; Linux x86_64; rv:133.0) Gecko/20100101 Firefox/133.0"
167.71.214.163 - - [05/Jun/2026:21:41:44 +0200] "GET /wp-login.php HTTP/1.1" 200 7486 "-" "Mozilla/5.0 (X11; Linux i686) AppleWebKit/537.36 (KHTML, like Gecko) Chrome/133.0.0.0 Safari/537.36"
113.190.40.93 - - [05/Jun/2026:21:41:44 +0200] "POST /xmlrpc.php HTTP/1.1" 200 258 "-" "Mozilla/5.0 (Macintosh; Intel Mac OS X 14_7_4) AppleWebKit/537.36 (KHTML, like Gecko) Chrome/133.0.0.0 Safari/537.36"
43.230.201.87 - - [05/Jun/2026:21:41:47 +0200] "GET /wp-login.php HTTP/1.1" 200 7473 "-" "Mozilla/5.0 (X11; Linux x86_64) AppleWebKit/537.36 (KHTML, like Gecko) Chrome/133.0.0.0 Safari/537.36 Edg/133.0.0.0"
102.64.60.6 - - [05/Jun/2026:21:41:47 +0200] "POST /xmlrpc.php HTTP/1.1" 405 436 "-" "Jetpack by WordPress.com"
198.38.94.18 - - [05/Jun/2026:21:41:50 +0200] "GET /wp-login.php HTTP/1.1" 200 7485 "-" "Mozilla/5.0 (Windows NT 10.0; Win64; x64) AppleWebKit/537.36 (KHTML, like Gecko) Chrome/120.0.0.0 Safari/537.36"
102.64.60.6 - - [05/Jun/2026:21:41:58 +0200] "POST /xmlrpc.php HTTP/1.1" 405 436 "-" "Jetpack/12.0; WordPress/6.4; http://site21576106.com"
188.241.62.83 - - [05/Jun/2026:21:42:02 +0200] "POST /xmlrpc.php HTTP/1.1" 200 258 "-" "Mozilla/5.0 (Macintosh; Intel Mac OS X 10_15_7) AppleWebKit/537.36 (KHTML, like Gecko) Chrome/133.0.0.0 Safari/537.36 Edg/133.0.0.0"
188.241.62.83 - - [05/Jun/2026:21:42:03 +0200] "GET /wp-login.php HTTP/1.1" 200 7442 "-" "Mozilla/5.0 (Windows NT 10.0; Win64; x64) AppleWebKit/537.36 (KHTML, like Gecko) Chrome/133.0.0.0 Safari/537.36 Edg/133.0.0.0"
43.230.201.87 - - [05/Jun/2026:21:42:06 +0200] "GET /wp-json/wp/v2/users/me HTTP/1.1" 401 188 "-" "Mozilla/5.0 (X11; Linux x86_64) AppleWebKit/537.36 (KHTML, like Gecko) Chrome/133.0.0.0 Safari/537.36 Edg/133.0.0.0"
102.64.60.6 - - [05/Jun/2026:21:42:09 +0200] "POST /xmlrpc.php HTTP/1.1" 405 436 "-" "WordPress.com; https://wordpress.com"
102.64.60.6 - - [05/Jun/2026:21:42:20 +0200] "POST /xmlrpc.php HTTP/1.1" 405 436 "-" "Jetpack/13.0; WordPress/6.1; http://site29604411.com"
64.31.25.250 - - [05/Jun/2026:21:42:22 +0200] "GET /wp-login.php HTTP/1.1" 200 7692 "-" "Mozilla/5.0 (Windows NT 10.0; Win64; x64) AppleWebKit/537.36 (KHTML, like Gecko) Chrome/133.0.0.0 Safari/537.36"
209.97.168.173 - - [05/Jun/2026:21:42:28 +0200] "GET /wp-login.php HTTP/1.1" 200 7347 "-" "Mozilla/5.0 (Windows NT 10.0; Win64; x64) AppleWebKit/537.36 (KHTML, like Gecko) Chrome/120.0.0.0 Safari/537.36"
102.64.60.6 - - [05/Jun/2026:21:42:31 +0200] "POST /xmlrpc.php HTTP/1.1" 405 436 "-" "Jetpack by WordPress.com (Jetpack 12.1; WordPress 6.1)"
102.64.60.6 - - [05/Jun/2026:21:42:42 +0200] "POST /xmlrpc.php HTTP/1.1" 405 436 "-" "Jetpack by WordPress.com"
102.64.60.6 - - [05/Jun/2026:21:42:53 +0200] "POST /xmlrpc.php HTTP/1.1" 405 436 "-" "Jetpack/12.1; WordPress/6.2; http://site35846779.com"
34.171.61.170 - - [05/Jun/2026:21:43:02 +0200] "HEAD /new/ HTTP/1.1" 301 - "http://valtogomb.eu/new/" "Mozilla/5.0 (iPad; CPU OS 17_4 like Mac OS X) AppleWebKit/605.1.15 (KHTML, like Gecko) Version/17.4 Mobile/15E148 Safari/604.1"
34.171.61.170 - - [05/Jun/2026:21:43:04 +0200] "HEAD /wordpress/ HTTP/1.1" 301 - "http://valtogomb.eu/wordpress/" "Mozilla/5.0 (Linux; Android 14; OnePlus 12) AppleWebKit/537.36 (KHTML, like Gecko) Chrome/125.0.6422.102 Mobile Safari/537.36"
102.64.60.6 - - [05/Jun/2026:21:43:04 +0200] "POST /xmlrpc.php HTTP/1.1" 405 436 "-" "Jetpack by WordPress.com"
68.178.160.25 - - [05/Jun/2026:21:43:04 +0200] "POST /xmlrpc.php HTTP/1.1" 200 258 "-" "Mozilla/5.0 (X11; Linux x86_64) AppleWebKit/537.36 (KHTML, like Gecko) Chrome/133.0.0.0 Safari/537.36 Edg/133.0.0.0"
34.171.61.170 - - [05/Jun/2026:21:43:05 +0200] "HEAD /old/ HTTP/1.1" 301 - "http://valtogomb.eu/old/" "Mozilla/5.0 (Linux; Android 14; Samsung SM-A546B) AppleWebKit/537.36 (KHTML, like Gecko) Chrome/126.0.6478.14 Mobile Safari/537.36"
34.171.61.170 - - [05/Jun/2026:21:43:06 +0200] "HEAD /wp/ HTTP/1.1" 301 - "http://valtogomb.eu/wp/" "Mozilla/5.0 (Windows NT 11.0; Win64; x64) AppleWebKit/537.36 (KHTML, like Gecko) Edg/128.0.2790.25 Chrome/128.0.6540.22 Safari/537.36"
34.171.61.170 - - [05/Jun/2026:21:43:07 +0200] "HEAD /blog/ HTTP/1.1" 200 - "http://valtogomb.eu/blog/" "Mozilla/5.0 (Linux; Android 14; Xiaomi 14 Pro) AppleWebKit/537.36 (KHTML, like Gecko) Chrome/126.0.6478.33 Mobile Safari/537.36"
34.171.61.170 - - [05/Jun/2026:21:43:08 +0200] "HEAD / HTTP/1.1" 301 - "http://valtogomb.eu/" "Mozilla/5.0 (Linux; Android 12; TECNO CK6n) AppleWebKit/537.36 (KHTML, like Gecko) Chrome/125.0.6422.50 Mobile Safari/537.36"
34.171.61.170 - - [05/Jun/2026:21:43:09 +0200] "HEAD /backup/ HTTP/1.1" 301 - "http://valtogomb.eu/backup/" "Mozilla/5.0 (Windows NT 10.0; Win64; x64; rv:127.0) Gecko/20100101 Firefox/127.0"
102.64.60.6 - - [05/Jun/2026:21:43:15 +0200] "POST /xmlrpc.php HTTP/1.1" 405 436 "-" "Jetpack/12.0; WordPress/6.1; http://site59651994.com"
43.230.201.87 - - [05/Jun/2026:21:43:20 +0200] "GET /wp-json/wp/v2/users/me HTTP/1.1" 401 188 "-" "Mozilla/5.0 (Windows NT 10.0; Win64; x64; rv:133.0) Gecko/20100101 Firefox/133.0"
102.64.60.6 - - [05/Jun/2026:21:43:26 +0200] "POST /xmlrpc.php HTTP/1.1" 405 436 "-" "WordPress.com; https://wordpress.com"
198.38.94.14 - - [05/Jun/2026:21:43:35 +0200] "GET /wp-login.php HTTP/1.1" 200 7283 "-" "Mozilla/5.0 (Windows NT 10.0; Win64; x64) AppleWebKit/537.36 (KHTML, like Gecko) Chrome/120.0.0.0 Safari/537.36"
217.65.126.14 - - [05/Jun/2026:21:43:36 +0200] "-" 408 - "-" "-"
217.65.126.14 - - [05/Jun/2026:21:43:36 +0200] "-" 408 - "-" "-"
102.64.60.6 - - [05/Jun/2026:21:43:37 +0200] "POST /xmlrpc.php HTTP/1.1" 405 436 "-" "Jetpack/12.0; WordPress/6.2; http://site88982875.com"
102.64.60.6 - - [05/Jun/2026:21:43:48 +0200] "POST /xmlrpc.php HTTP/1.1" 405 436 "-" "Jetpack by WordPress.com"
102.64.60.6 - - [05/Jun/2026:21:43:59 +0200] "POST /xmlrpc.php HTTP/1.1" 405 436 "-" "Jetpack by WordPress.com"
89.133.230.190 - - [05/Jun/2026:21:44:04 +0200] "-" 408 - "-" "-"
162.240.228.207 - - [05/Jun/2026:21:44:07 +0200] "GET /wp-login.php HTTP/1.1" 200 7281 "-" "Mozilla/5.0 (Macintosh; Intel Mac OS X 10_15_7) AppleWebKit/537.36 (KHTML, like Gecko) Chrome/133.0.0.0 Safari/537.36 Edg/133.0.0.0"
102.64.60.6 - - [05/Jun/2026:21:44:10 +0200] "POST /xmlrpc.php HTTP/1.1" 405 436 "-" "WordPress.com; https://wordpress.com"
109.237.65.32 - - [05/Jun/2026:21:44:10 +0200] "GET /wp-login.php HTTP/1.1" 200 7361 "-" "Mozilla/5.0 (Windows NT 10.0; Win64; x64) AppleWebKit/537.36 (KHTML, like Gecko) Chrome/120.0.0.0 Safari/537.36"
102.64.60.6 - - [05/Jun/2026:21:44:21 +0200] "POST /xmlrpc.php HTTP/1.1" 405 436 "-" "Jetpack by WordPress.com (Jetpack 12.1; WordPress 6.2)"
213.171.208.62 - - [05/Jun/2026:21:44:25 +0200] "POST /xmlrpc.php HTTP/1.1" 200 258 "-" "Mozilla/5.0 (X11; Ubuntu; Linux x86_64; rv:133.0) Gecko/20100101 Firefox/133.0"
43.230.201.87 - - [05/Jun/2026:21:44:31 +0200] "GET /wp-login.php HTTP/1.1" 200 7424 "-" "Mozilla/5.0 (X11; Ubuntu; Linux x86_64) AppleWebKit/537.36 (KHTML, like Gecko) Chrome/133.0.0.0 Safari/537.36"
102.64.60.6 - - [05/Jun/2026:21:44:32 +0200] "POST /xmlrpc.php HTTP/1.1" 405 436 "-" "Jetpack by WordPress.com (Jetpack 13.0; WordPress 6.2)"
102.64.60.6 - - [05/Jun/2026:21:44:44 +0200] "POST /xmlrpc.php HTTP/1.1" 405 436 "-" "Jetpack by WordPress.com (Jetpack 12.5; WordPress 6.1)"
198.38.94.18 - - [05/Jun/2026:21:44:51 +0200] "GET /wp-login.php HTTP/1.1" 200 7668 "-" "Mozilla/5.0 (Windows NT 10.0; Win64; x64) AppleWebKit/537.36 (KHTML, like Gecko) Chrome/120.0.0.0 Safari/537.36"
78.142.18.172 - - [05/Jun/2026:21:44:52 +0200] "POST /xmlrpc.php HTTP/1.1" 200 258 "-" "Mozilla/5.0 (X11; Fedora; Linux x86_64) AppleWebKit/537.36 (KHTML, like Gecko) Chrome/133.0.0.0 Safari/537.36"
102.64.60.6 - - [05/Jun/2026:21:44:55 +0200] "POST /xmlrpc.php HTTP/1.1" 405 436 "-" "Jetpack by WordPress.com"
102.64.60.6 - - [05/Jun/2026:21:45:06 +0200] "POST /xmlrpc.php HTTP/1.1" 405 436 "-" "Jetpack by WordPress.com (Jetpack 12.5; WordPress 6.1)"
37.76.50.26 - - [05/Jun/2026:21:45:07 +0200] "-" 408 - "-" "-"
37.76.50.26 - - [05/Jun/2026:21:45:08 +0200] "-" 408 - "-" "-"
37.76.50.26 - - [05/Jun/2026:21:45:08 +0200] "-" 408 - "-" "-"
102.64.60.6 - - [05/Jun/2026:21:45:17 +0200] "POST /xmlrpc.php HTTP/1.1" 405 436 "-" "WordPress.com; https://wordpress.com"
87.192.224.131 - - [05/Jun/2026:21:45:23 +0200] "POST /xmlrpc.php HTTP/1.1" 200 258 "-" "Mozilla/5.0 (X11; Ubuntu; Linux x86_64) AppleWebKit/537.36 (KHTML, like Gecko) Chrome/133.0.0.0 Safari/537.36"
209.97.168.173 - - [05/Jun/2026:21:45:25 +0200] "GET /wp-login.php HTTP/1.1" 200 7795 "-" "Mozilla/5.0 (Macintosh; Intel Mac OS X 14_7_4) AppleWebKit/537.36 (KHTML, like Gecko) Chrome/133.0.0.0 Safari/537.36"
109.237.65.32 - - [05/Jun/2026:21:45:28 +0200] "GET /wp-json/wp/v2/users/me HTTP/1.1" 401 188 "-" "Mozilla/5.0 (Macintosh; Intel Mac OS X 14_7_4) AppleWebKit/537.36 (KHTML, like Gecko) Chrome/133.0.0.0 Safari/537.36"
102.64.60.6 - - [05/Jun/2026:21:45:29 +0200] "POST /xmlrpc.php HTTP/1.1" 405 436 "-" "WordPress.com; https://wordpress.com"
102.64.60.6 - - [05/Jun/2026:21:45:40 +0200] "POST /xmlrpc.php HTTP/1.1" 405 436 "-" "Jetpack by WordPress.com"
102.64.60.6 - - [05/Jun/2026:21:45:51 +0200] "POST /xmlrpc.php HTTP/1.1" 405 436 "-" "WordPress.com; https://wordpress.com"
102.64.60.6 - - [05/Jun/2026:21:46:02 +0200] "POST /xmlrpc.php HTTP/1.1" 405 436 "-" "Jetpack/12.1; WordPress/6.1; http://site92897234.com"
102.64.60.6 - - [05/Jun/2026:21:46:13 +0200] "POST /xmlrpc.php HTTP/1.1" 405 436 "-" "Jetpack by WordPress.com (Jetpack 12.5; WordPress 6.1)"
102.64.60.6 - - [05/Jun/2026:21:46:24 +0200] "POST /xmlrpc.php HTTP/1.1" 405 436 "-" "Jetpack/13.0; WordPress/6.1; http://site38138038.com"
103.42.5.132 - - [05/Jun/2026:21:46:33 +0200] "POST /xmlrpc.php HTTP/1.1" 200 258 "-" "Mozilla/5.0 (Windows NT 10.0; Win64; x64) AppleWebKit/537.36 (KHTML, like Gecko) Chrome/133.0.0.0 Safari/537.36"
102.64.60.6 - - [05/Jun/2026:21:46:35 +0200] "POST /xmlrpc.php HTTP/1.1" 405 436 "-" "Jetpack by WordPress.com"
102.64.60.6 - - [05/Jun/2026:21:46:46 +0200] "POST /xmlrpc.php HTTP/1.1" 405 436 "-" "WordPress.com; https://wordpress.com"
205.185.123.198 - - [05/Jun/2026:21:46:48 +0200] "GET /wp-login.php HTTP/1.1" 200 16969 "-" "Mozilla/5.0 (Windows NT 6.3; WOW64) AppleWebKit/537.36 (KHTML, like Gecko) Chrome/35.0.1916.153 Safari/537.36"
78.142.18.172 - - [05/Jun/2026:21:46:51 +0200] "GET /wp-login.php HTTP/1.1" 200 7308 "-" "Mozilla/5.0 (X11; Linux x86_64) AppleWebKit/537.36 (KHTML, like Gecko) Chrome/133.0.0.0 Safari/537.36"
102.64.60.6 - - [05/Jun/2026:21:46:57 +0200] "POST /xmlrpc.php HTTP/1.1" 405 436 "-" "Jetpack by WordPress.com (Jetpack 12.5; WordPress 6.2)"
103.42.5.132 - - [05/Jun/2026:21:46:57 +0200] "GET /wp-json/wp/v2/users/me HTTP/1.1" 401 188 "-" "Mozilla/5.0 (Windows NT 10.0; Win64; x64) AppleWebKit/537.36 (KHTML, like Gecko) Chrome/133.0.0.0 Safari/537.36"
188.241.62.83 - - [05/Jun/2026:21:47:00 +0200] "POST /xmlrpc.php HTTP/1.1" 200 258 "-" "Mozilla/5.0 (Macintosh; Intel Mac OS X 10_15_7) AppleWebKit/605.1.15 (KHTML, like Gecko) Version/18.3 Safari/605.1.15"
102.64.60.6 - - [05/Jun/2026:21:47:07 +0200] "POST /xmlrpc.php HTTP/1.1" 405 436 "-" "Jetpack/12.0; WordPress/6.2; http://site23457153.com"
142.93.215.41 - - [05/Jun/2026:21:47:09 +0200] "POST /xmlrpc.php HTTP/1.1" 200 258 "-" "Mozilla/5.0 (Windows NT 10.0; WOW64) AppleWebKit/537.36 (KHTML, like Gecko) Chrome/133.0.0.0 Safari/537.36"
102.64.60.6 - - [05/Jun/2026:21:47:18 +0200] "POST /xmlrpc.php HTTP/1.1" 405 436 "-" "Jetpack/13.0; WordPress/6.1; http://site78958803.com"
103.142.24.75 - - [05/Jun/2026:21:47:26 +0200] "GET /wp-login.php HTTP/1.1" 200 7421 "-" "Mozilla/5.0 (Windows NT 10.0; Win64; x64) AppleWebKit/537.36 (KHTML, like Gecko) Chrome/120.0.0.0 Safari/537.36"
102.64.60.6 - - [05/Jun/2026:21:47:29 +0200] "POST /xmlrpc.php HTTP/1.1" 405 436 "-" "WordPress.com; https://wordpress.com"
102.64.60.6 - - [05/Jun/2026:21:47:40 +0200] "POST /xmlrpc.php HTTP/1.1" 405 436 "-" "Jetpack/13.0; WordPress/6.4; http://site69723595.com"
64.31.25.250 - - [05/Jun/2026:21:47:42 +0200] "GET /wp-login.php HTTP/1.1" 200 7370 "-" "Mozilla/5.0 (X11; Linux x86_64) AppleWebKit/537.36 (KHTML, like Gecko) Chrome/133.0.0.0 Safari/537.36 Edg/133.0.0.0"
46.224.234.158 - - [05/Jun/2026:21:47:45 +0200] "GET /wp-login.php HTTP/1.1" 200 7362 "-" "Mozilla/5.0 (Windows NT 10.0; Win64; x64) AppleWebKit/537.36 (KHTML, like Gecko) Chrome/120.0.0.0 Safari/537.36"
194.163.139.224 - - [05/Jun/2026:21:47:48 +0200] "POST /xmlrpc.php HTTP/1.1" 200 258 "-" "Mozilla/5.0 (X11; Linux i686) AppleWebKit/537.36 (KHTML, like Gecko) Chrome/133.0.0.0 Safari/537.36"
102.64.60.6 - - [05/Jun/2026:21:47:51 +0200] "POST /xmlrpc.php HTTP/1.1" 405 436 "-" "Jetpack by WordPress.com (Jetpack 12.0; WordPress 6.4)"
102.64.60.6 - - [05/Jun/2026:21:48:02 +0200] "POST /xmlrpc.php HTTP/1.1" 405 436 "-" "Jetpack/12.5; WordPress/6.3; http://site15860548.com"
205.185.123.198 - - [05/Jun/2026:21:48:03 +0200] "POST /wp-login.php HTTP/1.1" 200 17203 "-" "Mozilla/5.0 (Windows NT 6.3; WOW64) AppleWebKit/537.36 (KHTML, like Gecko) Chrome/35.0.1916.153 Safari/537.36"
102.64.60.6 - - [05/Jun/2026:21:48:13 +0200] "POST /xmlrpc.php HTTP/1.1" 405 436 "-" "Jetpack by WordPress.com (Jetpack 12.1; WordPress 6.3)"
103.166.184.148 - - [05/Jun/2026:21:48:16 +0200] "POST /xmlrpc.php HTTP/1.1" 200 258 "-" "Mozilla/5.0 (Macintosh; Intel Mac OS X 10_15_7) AppleWebKit/605.1.15 (KHTML, like Gecko) Version/18.3 Safari/605.1.15"
102.64.60.6 - - [05/Jun/2026:21:48:24 +0200] "POST /xmlrpc.php HTTP/1.1" 405 436 "-" "Jetpack by WordPress.com"
68.178.160.25 - - [05/Jun/2026:21:48:27 +0200] "POST /xmlrpc.php HTTP/1.1" 200 258 "-" "Mozilla/5.0 (X11; Ubuntu; Linux x86_64) AppleWebKit/537.36 (KHTML, like Gecko) Chrome/133.0.0.0 Safari/537.36"
102.64.60.6 - - [05/Jun/2026:21:48:35 +0200] "POST /xmlrpc.php HTTP/1.1" 405 436 "-" "Jetpack/12.0; WordPress/6.1; http://site25412048.com"
103.166.184.148 - - [05/Jun/2026:21:48:41 +0200] "POST /xmlrpc.php HTTP/1.1" 200 258 "-" "Mozilla/5.0 (Windows NT 10.0; Win64; x64) AppleWebKit/537.36 (KHTML, like Gecko) Chrome/133.0.0.0 Safari/537.36"
102.64.60.6 - - [05/Jun/2026:21:48:46 +0200] "POST /xmlrpc.php HTTP/1.1" 405 436 "-" "Jetpack by WordPress.com"
102.64.60.6 - - [05/Jun/2026:21:48:57 +0200] "POST /xmlrpc.php HTTP/1.1" 405 436 "-" "Jetpack by WordPress.com (Jetpack 12.1; WordPress 6.2)"
102.64.60.6 - - [05/Jun/2026:21:49:08 +0200] "POST /xmlrpc.php HTTP/1.1" 405 436 "-" "Jetpack by WordPress.com"
102.64.60.6 - - [05/Jun/2026:21:49:19 +0200] "POST /xmlrpc.php HTTP/1.1" 405 436 "-" "Jetpack by WordPress.com (Jetpack 13.0; WordPress 6.3)"
102.64.60.6 - - [05/Jun/2026:21:49:30 +0200] "POST /xmlrpc.php HTTP/1.1" 405 436 "-" "WordPress.com; https://wordpress.com"
102.64.60.6 - - [05/Jun/2026:21:49:41 +0200] "POST /xmlrpc.php HTTP/1.1" 405 436 "-" "WordPress.com; https://wordpress.com"
188.241.62.83 - - [05/Jun/2026:21:49:42 +0200] "GET /wp-login.php HTTP/1.1" 200 7624 "-" "Mozilla/5.0 (Windows NT 10.0; Win64; x64) AppleWebKit/537.36 (KHTML, like Gecko) Chrome/120.0.0.0 Safari/537.36"
80.77.146.194 - - [05/Jun/2026:21:49:43 +0200] "GET /wp-login.php HTTP/1.1" 200 7550 "-" "Mozilla/5.0 (Macintosh; Intel Mac OS X 10_15_7) AppleWebKit/605.1.15 (KHTML, like Gecko) Version/18.3 Safari/605.1.15"
102.64.60.6 - - [05/Jun/2026:21:49:53 +0200] "POST /xmlrpc.php HTTP/1.1" 405 436 "-" "WordPress.com; https://wordpress.com"
68.178.160.25 - - [05/Jun/2026:21:49:55 +0200] "GET /wp-json/wp/v2/users/me HTTP/1.1" 401 188 "-" "Mozilla/5.0 (X11; Linux x86_64; rv:133.0) Gecko/20100101 Firefox/133.0"
102.64.60.6 - - [05/Jun/2026:21:50:03 +0200] "POST /xmlrpc.php HTTP/1.1" 405 436 "-" "Jetpack by WordPress.com (Jetpack 12.5; WordPress 6.1)"
47.128.36.103 - - [05/Jun/2026:21:50:03 +0200] "-" 408 - "-" "-"
102.64.60.6 - - [05/Jun/2026:21:50:14 +0200] "POST /xmlrpc.php HTTP/1.1" 405 436 "-" "Jetpack by WordPress.com (Jetpack 12.1; WordPress 6.2)"
102.64.60.6 - - [05/Jun/2026:21:50:25 +0200] "POST /xmlrpc.php HTTP/1.1" 405 436 "-" "WordPress.com; https://wordpress.com"
102.64.60.6 - - [05/Jun/2026:21:50:36 +0200] "POST /xmlrpc.php HTTP/1.1" 405 436 "-" "Jetpack by WordPress.com"
47.128.22.7 - - [05/Jun/2026:21:50:41 +0200] "-" 408 - "-" "-"
102.64.60.6 - - [05/Jun/2026:21:50:48 +0200] "POST /xmlrpc.php HTTP/1.1" 405 436 "-" "Jetpack by WordPress.com (Jetpack 12.1; WordPress 6.3)"
102.64.60.6 - - [05/Jun/2026:21:50:59 +0200] "POST /xmlrpc.php HTTP/1.1" 405 436 "-" "Jetpack by WordPress.com (Jetpack 12.5; WordPress 6.1)"
72.167.50.103 - - [05/Jun/2026:21:51:08 +0200] "GET /wp-login.php HTTP/1.1" 200 7438 "-" "Mozilla/5.0 (Macintosh; Intel Mac OS X 14_7_4) AppleWebKit/537.36 (KHTML, like Gecko) Chrome/133.0.0.0 Safari/537.36"
47.128.36.155 - - [05/Jun/2026:21:51:10 +0200] "-" 408 - "-" "-"
102.64.60.6 - - [05/Jun/2026:21:51:11 +0200] "POST /xmlrpc.php HTTP/1.1" 405 436 "-" "Jetpack by WordPress.com (Jetpack 12.1; WordPress 6.2)"
102.64.60.6 - - [05/Jun/2026:21:51:22 +0200] "POST /xmlrpc.php HTTP/1.1" 405 436 "-" "Jetpack by WordPress.com (Jetpack 12.5; WordPress 6.2)"
102.64.60.6 - - [05/Jun/2026:21:51:33 +0200] "POST /xmlrpc.php HTTP/1.1" 405 436 "-" "WordPress.com; https://wordpress.com"
188.241.62.83 - - [05/Jun/2026:21:51:41 +0200] "GET /wp-login.php HTTP/1.1" 200 7364 "-" "Mozilla/5.0 (Macintosh; Intel Mac OS X 10_15_7) AppleWebKit/537.36 (KHTML, like Gecko) Chrome/133.0.0.0 Safari/537.36"
102.64.60.6 - - [05/Jun/2026:21:51:45 +0200] "POST /xmlrpc.php HTTP/1.1" 405 436 "-" "Jetpack by WordPress.com (Jetpack 12.1; WordPress 6.2)"
102.64.60.6 - - [05/Jun/2026:21:51:56 +0200] "POST /xmlrpc.php HTTP/1.1" 405 436 "-" "Jetpack/12.1; WordPress/6.2; http://site63618549.com"
77.110.154.234 - - [05/Jun/2026:21:52:00 +0200] "-" 408 - "-" "-"
77.110.154.234 - - [05/Jun/2026:21:52:00 +0200] "-" 408 - "-" "-"
163.223.13.54 - - [05/Jun/2026:21:52:05 +0200] "GET /wp-login.php HTTP/1.1" 200 7531 "-" "Mozilla/5.0 (X11; Linux x86_64) AppleWebKit/537.36 (KHTML, like Gecko) Chrome/133.0.0.0 Safari/537.36 Edg/133.0.0.0"
102.64.60.6 - - [05/Jun/2026:21:52:07 +0200] "POST /xmlrpc.php HTTP/1.1" 405 436 "-" "Jetpack by WordPress.com (Jetpack 13.0; WordPress 6.4)"
102.64.60.6 - - [05/Jun/2026:21:52:18 +0200] "POST /xmlrpc.php HTTP/1.1" 405 436 "-" "Jetpack by WordPress.com"
162.240.228.207 - - [05/Jun/2026:21:52:24 +0200] "GET /wp-login.php HTTP/1.1" 200 7585 "-" "Mozilla/5.0 (X11; Linux x86_64) AppleWebKit/537.36 (KHTML, like Gecko) Chrome/133.0.0.0 Safari/537.36"
208.109.240.82 - - [05/Jun/2026:21:52:38 +0200] "GET /wp-login.php HTTP/1.1" 200 7275 "-" "Mozilla/5.0 (Windows NT 10.0; Win64; x64) AppleWebKit/537.36 (KHTML, like Gecko) Chrome/120.0.0.0 Safari/537.36"
216.194.174.116 - - [05/Jun/2026:21:53:00 +0200] "POST /xmlrpc.php HTTP/1.1" 200 258 "-" "Mozilla/5.0 (Windows NT 10.0) AppleWebKit/537.36 (KHTML, like Gecko) Chrome/133.0.0.0 Safari/537.36"
52.71.170.250 - - [05/Jun/2026:21:53:47 +0200] "GET /suzuki-swift-valtogomb-csereje/ HTTP/1.1" 200 68134 "-" "Mozilla/5.0 (Macintosh; Intel Mac OS X 10_10_1) AppleWebKit/600.2.5 (KHTML, like Gecko) Version/8.0.2 Safari/600.2.5 (Lanai)"
31.24.155.180 - - [05/Jun/2026:21:54:10 +0200] "GET /wp-login.php HTTP/1.1" 200 7137 "-" "Mozilla/5.0 (X11; CrOS x86_64 14541.0.0) AppleWebKit/537.36 (KHTML, like Gecko) Chrome/133.0.0.0 Safari/537.36"
66.23.195.155 - - [05/Jun/2026:21:54:12 +0200] "GET /wp-login.php HTTP/1.1" 200 7830 "-" "Mozilla/5.0 (Windows NT 10.0; Win64; x64) AppleWebKit/537.36 (KHTML, like Gecko) Chrome/120.0.0.0 Safari/537.36"
84.225.182.38 - - [05/Jun/2026:21:54:45 +0200] "-" 408 - "-" "-"
84.225.182.38 - - [05/Jun/2026:21:54:45 +0200] "-" 408 - "-" "-"
188.241.62.83 - - [05/Jun/2026:21:55:20 +0200] "GET /wp-login.php HTTP/1.1" 200 7552 "-" "Mozilla/5.0 (Windows NT 10.0; Win64; x64) AppleWebKit/537.36 (KHTML, like Gecko) Chrome/120.0.0.0 Safari/537.36"
157.173.125.157 - - [05/Jun/2026:21:55:50 +0200] "GET /wp-login.php HTTP/1.1" 200 7607 "-" "Mozilla/5.0 (Windows NT 10.0; Win64; x64) AppleWebKit/537.36 (KHTML, like Gecko) Chrome/120.0.0.0 Safari/537.36"
64.31.25.250 - - [05/Jun/2026:21:56:08 +0200] "POST /xmlrpc.php HTTP/1.1" 200 258 "-" "Mozilla/5.0 (X11; Linux i686) AppleWebKit/537.36 (KHTML, like Gecko) Chrome/133.0.0.0 Safari/537.36"
142.93.215.41 - - [05/Jun/2026:21:56:37 +0200] "GET /wp-login.php HTTP/1.1" 200 7768 "-" "Mozilla/5.0 (X11; Ubuntu; Linux x86_64; rv:133.0) Gecko/20100101 Firefox/133.0"
86.98.52.2 - - [05/Jun/2026:21:57:00 +0200] "POST /xmlrpc.php HTTP/1.1" 405 436 "-" "Jetpack by WordPress.com (Jetpack 12.5; WordPress 6.3)"
80.152.156.228 - - [05/Jun/2026:21:57:04 +0200] "GET /wp-login.php HTTP/1.1" 200 7561 "-" "Mozilla/5.0 (Windows NT 10.0; Win64; x64) AppleWebKit/537.36 (KHTML, like Gecko) Chrome/120.0.0.0 Safari/537.36"
50.6.169.131 - - [05/Jun/2026:21:57:04 +0200] "GET /wp-login.php HTTP/1.1" 200 7541 "-" "Mozilla/5.0 (Windows NT 10.0; Win64; x64; rv:133.0) Gecko/20100101 Firefox/133.0"
68.183.22.192 - - [05/Jun/2026:21:57:09 +0200] "GET /wp-login.php HTTP/1.1" 200 7218 "-" "Mozilla/5.0 (Macintosh; Intel Mac OS X 10_15_7) AppleWebKit/537.36 (KHTML, like Gecko) Chrome/133.0.0.0 Safari/537.36"
86.98.52.2 - - [05/Jun/2026:21:57:12 +0200] "POST /xmlrpc.php HTTP/1.1" 405 436 "-" "Jetpack by WordPress.com (Jetpack 12.0; WordPress 6.4)"
86.98.52.2 - - [05/Jun/2026:21:57:25 +0200] "POST /xmlrpc.php HTTP/1.1" 405 436 "-" "Jetpack by WordPress.com"
86.98.52.2 - - [05/Jun/2026:21:57:37 +0200] "POST /xmlrpc.php HTTP/1.1" 405 436 "-" "Jetpack/12.1; WordPress/6.4; http://site20784188.com"
86.98.52.2 - - [05/Jun/2026:21:57:50 +0200] "POST /xmlrpc.php HTTP/1.1" 405 436 "-" "Jetpack by WordPress.com (Jetpack 12.0; WordPress 6.1)"
86.98.52.2 - - [05/Jun/2026:21:58:02 +0200] "POST /xmlrpc.php HTTP/1.1" 405 436 "-" "WordPress.com; https://wordpress.com"
86.98.52.2 - - [05/Jun/2026:21:58:15 +0200] "POST /xmlrpc.php HTTP/1.1" 405 436 "-" "Jetpack by WordPress.com"
86.98.52.2 - - [05/Jun/2026:21:58:27 +0200] "POST /xmlrpc.php HTTP/1.1" 405 436 "-" "Jetpack by WordPress.com (Jetpack 12.1; WordPress 6.3)"
50.6.169.131 - - [05/Jun/2026:21:58:37 +0200] "GET /wp-login.php HTTP/1.1" 200 7534 "-" "Mozilla/5.0 (Windows NT 10.0; Win64; x64; rv:133.0) Gecko/20100101 Firefox/133.0"
86.98.52.2 - - [05/Jun/2026:21:58:40 +0200] "POST /xmlrpc.php HTTP/1.1" 405 436 "-" "Jetpack by WordPress.com (Jetpack 12.1; WordPress 6.1)"
86.98.52.2 - - [05/Jun/2026:21:58:54 +0200] "POST /xmlrpc.php HTTP/1.1" 405 436 "-" "Jetpack/12.0; WordPress/6.3; http://site50282470.com"
86.98.52.2 - - [05/Jun/2026:21:59:07 +0200] "POST /xmlrpc.php HTTP/1.1" 405 436 "-" "Jetpack by WordPress.com (Jetpack 12.5; WordPress 6.2)"
86.98.52.2 - - [05/Jun/2026:21:59:20 +0200] "POST /xmlrpc.php HTTP/1.1" 405 436 "-" "Jetpack/12.1; WordPress/6.3; http://site83280879.com"
78.142.18.172 - - [05/Jun/2026:21:59:24 +0200] "POST /xmlrpc.php HTTP/1.1" 200 258 "-" "Mozilla/5.0 (Windows NT 10.0; WOW64) AppleWebKit/537.36 (KHTML, like Gecko) Chrome/133.0.0.0 Safari/537.36"
