158.94.210.233 - - [05/Jun/2026:12:40:50 +0200] "GET /.env.backup HTTP/1.1" 301 - "-" "Mozilla/5.0 (Macintosh;                 Intel Mac OS X 10_10_1) AppleWebKit/537.36 (KHTML,                 like Gecko) Chrome/39.0.2171.95 Safari/537.36"
122.180.21.11 - - [05/Jun/2026:12:40:58 +0200] "POST /xmlrpc.php HTTP/1.1" 405 436 "-" "Jetpack by WordPress.com"
122.180.21.11 - - [05/Jun/2026:12:41:08 +0200] "POST /xmlrpc.php HTTP/1.1" 405 436 "-" "Jetpack by WordPress.com (Jetpack 12.0; WordPress 6.1)"
31.24.155.180 - - [05/Jun/2026:12:41:12 +0200] "GET /wp-login.php HTTP/1.1" 200 7391 "-" "Mozilla/5.0 (Macintosh; Intel Mac OS X 11_7_10) AppleWebKit/537.36 (KHTML, like Gecko) Chrome/133.0.0.0 Safari/537.36"
122.180.21.11 - - [05/Jun/2026:12:41:19 +0200] "POST /xmlrpc.php HTTP/1.1" 405 436 "-" "WordPress.com; https://wordpress.com"
115.99.105.154 - - [05/Jun/2026:12:41:21 +0200] "POST /xmlrpc.php HTTP/1.1" 405 436 "-" "Mozilla/5.0 (Macintosh; Intel Mac OS X 10_15_7; x86) AppleWebKit/537.36 (KHTML, like Gecko) Edge/84.0.0.0 Safari/537.36"
46.224.234.158 - - [05/Jun/2026:12:41:27 +0200] "POST /xmlrpc.php HTTP/1.1" 200 258 "-" "Mozilla/5.0 (Windows NT 10.0; Win64; x64) AppleWebKit/537.36 (KHTML, like Gecko) Chrome/133.0.0.0 Safari/537.36"
122.180.21.11 - - [05/Jun/2026:12:41:30 +0200] "POST /xmlrpc.php HTTP/1.1" 405 436 "-" "Jetpack by WordPress.com"
122.180.21.11 - - [05/Jun/2026:12:41:40 +0200] "POST /xmlrpc.php HTTP/1.1" 405 436 "-" "Jetpack by WordPress.com"
122.180.21.11 - - [05/Jun/2026:12:41:51 +0200] "POST /xmlrpc.php HTTP/1.1" 405 436 "-" "Jetpack by WordPress.com"
122.180.21.11 - - [05/Jun/2026:12:42:02 +0200] "POST /xmlrpc.php HTTP/1.1" 405 436 "-" "Jetpack/12.5; WordPress/6.3; http://site54130798.com"
122.180.21.11 - - [05/Jun/2026:12:42:12 +0200] "POST /xmlrpc.php HTTP/1.1" 405 436 "-" "Jetpack by WordPress.com (Jetpack 12.5; WordPress 6.3)"
122.180.21.11 - - [05/Jun/2026:12:42:23 +0200] "POST /xmlrpc.php HTTP/1.1" 405 436 "-" "Jetpack by WordPress.com"
122.180.21.11 - - [05/Jun/2026:12:42:34 +0200] "POST /xmlrpc.php HTTP/1.1" 405 436 "-" "Jetpack by WordPress.com"
122.180.21.11 - - [05/Jun/2026:12:42:44 +0200] "POST /xmlrpc.php HTTP/1.1" 405 436 "-" "Jetpack/13.0; WordPress/6.2; http://site66964936.com"
31.24.155.180 - - [05/Jun/2026:12:42:55 +0200] "POST /xmlrpc.php HTTP/1.1" 200 258 "-" "Mozilla/5.0 (Windows NT 10.0; Win64; x64) AppleWebKit/537.36 (KHTML, like Gecko) Chrome/133.0.0.0 Safari/537.36 Edg/133.0.0.0"
122.180.21.11 - - [05/Jun/2026:12:42:55 +0200] "POST /xmlrpc.php HTTP/1.1" 405 436 "-" "Jetpack by WordPress.com (Jetpack 12.1; WordPress 6.2)"
209.235.136.136 - - [05/Jun/2026:12:43:02 +0200] "POST /xmlrpc.php HTTP/1.1" 200 258 "-" "Mozilla/5.0 (Macintosh; Intel Mac OS X 14_7_4) AppleWebKit/537.36 (KHTML, like Gecko) Chrome/133.0.0.0 Safari/537.36"
122.180.21.11 - - [05/Jun/2026:12:43:06 +0200] "POST /xmlrpc.php HTTP/1.1" 405 436 "-" "WordPress.com; https://wordpress.com"
122.180.21.11 - - [05/Jun/2026:12:43:17 +0200] "POST /xmlrpc.php HTTP/1.1" 405 436 "-" "WordPress.com; https://wordpress.com"
122.180.21.11 - - [05/Jun/2026:12:43:27 +0200] "POST /xmlrpc.php HTTP/1.1" 405 436 "-" "Jetpack by WordPress.com (Jetpack 12.0; WordPress 6.1)"
122.180.21.11 - - [05/Jun/2026:12:43:38 +0200] "POST /xmlrpc.php HTTP/1.1" 405 436 "-" "Jetpack by WordPress.com"
138.246.253.24 - - [05/Jun/2026:12:43:42 +0200] "GET /robots.txt HTTP/1.1" 200 320 "-" "Mozilla/5.0 (Windows NT 10.0; Win64; x64) AppleWebKit/537.36 (KHTML, like Gecko) Chrome/103.0.5060.134 Safari/537.36"
178.105.87.245 - - [05/Jun/2026:12:43:47 +0200] "POST /xmlrpc.php HTTP/1.1" 200 258 "-" "Mozilla/5.0 (X11; Linux x86_64; rv:133.0) Gecko/20100101 Firefox/133.0"
122.180.21.11 - - [05/Jun/2026:12:43:48 +0200] "POST /xmlrpc.php HTTP/1.1" 405 436 "-" "Jetpack by WordPress.com (Jetpack 12.0; WordPress 6.1)"
78.142.18.172 - - [05/Jun/2026:12:43:55 +0200] "GET /wp-login.php HTTP/1.1" 200 7635 "-" "Mozilla/5.0 (Macintosh; Intel Mac OS X 10_15_7) AppleWebKit/537.36 (KHTML, like Gecko) Chrome/133.0.0.0 Safari/537.36"
37.76.13.139 - - [05/Jun/2026:12:43:56 +0200] "-" 408 - "-" "-"
122.180.21.11 - - [05/Jun/2026:12:43:59 +0200] "POST /xmlrpc.php HTTP/1.1" 405 436 "-" "WordPress.com; https://wordpress.com"
72.167.50.103 - - [05/Jun/2026:12:44:01 +0200] "GET /wp-login.php HTTP/1.1" 200 7347 "-" "Mozilla/5.0 (X11; Linux x86_64; rv:133.0) Gecko/20100101 Firefox/133.0"
122.180.21.11 - - [05/Jun/2026:12:44:10 +0200] "POST /xmlrpc.php HTTP/1.1" 405 436 "-" "Jetpack by WordPress.com"
132.148.72.88 - - [05/Jun/2026:12:44:11 +0200] "GET /wp-login.php HTTP/1.1" 200 7482 "-" "Mozilla/5.0 (Macintosh; Intel Mac OS X 11_7_10) AppleWebKit/537.36 (KHTML, like Gecko) Chrome/133.0.0.0 Safari/537.36"
213.171.208.62 - - [05/Jun/2026:12:44:15 +0200] "POST /xmlrpc.php HTTP/1.1" 200 258 "-" "Mozilla/5.0 (Macintosh; Intel Mac OS X 10_15_7) AppleWebKit/605.1.15 (KHTML, like Gecko) Version/18.3 Safari/605.1.15"
122.180.21.11 - - [05/Jun/2026:12:44:20 +0200] "POST /xmlrpc.php HTTP/1.1" 405 436 "-" "WordPress.com; https://wordpress.com"
122.180.21.11 - - [05/Jun/2026:12:44:31 +0200] "POST /xmlrpc.php HTTP/1.1" 405 436 "-" "Jetpack/12.1; WordPress/6.2; http://site39205828.com"
40.77.167.93 - - [05/Jun/2026:12:44:31 +0200] "GET /robots.txt HTTP/1.1" 200 175 "-" "Mozilla/5.0 AppleWebKit/537.36 (KHTML, like Gecko; compatible; bingbot/2.0; +http://www.bing.com/bingbot.htm) Chrome/116.0.1938.76 Safari/537.36"
40.77.167.93 - - [05/Jun/2026:12:44:31 +0200] "GET /robots.txt HTTP/1.1" 200 175 "-" "Mozilla/5.0 AppleWebKit/537.36 (KHTML, like Gecko; compatible; bingbot/2.0; +http://www.bing.com/bingbot.htm) Chrome/116.0.1938.76 Safari/537.36"
52.167.144.238 - - [05/Jun/2026:12:44:39 +0200] "GET /wp-content/uploads/2024/06/3045-768x768.jpg HTTP/1.1" 301 - "-" "Mozilla/5.0 AppleWebKit/537.36 (KHTML, like Gecko; compatible; bingbot/2.0; +http://www.bing.com/bingbot.htm) Chrome/116.0.1938.76 Safari/537.36"
122.180.21.11 - - [05/Jun/2026:12:44:42 +0200] "POST /xmlrpc.php HTTP/1.1" 405 436 "-" "WordPress.com; https://wordpress.com"
104.155.29.73 - - [05/Jun/2026:12:44:49 +0200] "GET /wp-login.php HTTP/1.1" 200 7503 "-" "Mozilla/5.0 (X11; Ubuntu; Linux x86_64; rv:133.0) Gecko/20100101 Firefox/133.0"
122.180.21.11 - - [05/Jun/2026:12:44:52 +0200] "POST /xmlrpc.php HTTP/1.1" 405 436 "-" "WordPress.com; https://wordpress.com"
198.235.24.206 - - [05/Jun/2026:12:44:53 +0200] "GET / HTTP/1.1" 301 - "-" "Hello from Palo Alto Networks, find out more about our scans in https://docs-cortex.paloaltonetworks.com/r/1/Cortex-Xpanse/Scanning-activity"
213.171.208.62 - - [05/Jun/2026:12:45:01 +0200] "GET /wp-login.php HTTP/1.1" 200 7273 "-" "Mozilla/5.0 (X11; Linux i686) AppleWebKit/537.36 (KHTML, like Gecko) Chrome/133.0.0.0 Safari/537.36"
122.180.21.11 - - [05/Jun/2026:12:45:03 +0200] "POST /xmlrpc.php HTTP/1.1" 405 436 "-" "Jetpack by WordPress.com"
122.180.21.11 - - [05/Jun/2026:12:45:15 +0200] "POST /xmlrpc.php HTTP/1.1" 405 436 "-" "Jetpack by WordPress.com (Jetpack 12.1; WordPress 6.4)"
122.180.21.11 - - [05/Jun/2026:12:45:24 +0200] "POST /xmlrpc.php HTTP/1.1" 405 436 "-" "Jetpack by WordPress.com"
146.196.64.107 - - [05/Jun/2026:12:45:27 +0200] "POST /xmlrpc.php HTTP/1.1" 200 258 "-" "Mozilla/5.0 (X11; Linux x86_64) AppleWebKit/537.36 (KHTML, like Gecko) Chrome/133.0.0.0 Safari/537.36 Edg/133.0.0.0"
46.224.234.158 - - [05/Jun/2026:12:45:28 +0200] "POST /xmlrpc.php HTTP/1.1" 200 258 "-" "Mozilla/5.0 (X11; Linux x86_64; rv:133.0) Gecko/20100101 Firefox/133.0"
122.180.21.11 - - [05/Jun/2026:12:45:35 +0200] "POST /xmlrpc.php HTTP/1.1" 405 436 "-" "Jetpack by WordPress.com"
122.180.21.11 - - [05/Jun/2026:12:45:46 +0200] "POST /xmlrpc.php HTTP/1.1" 405 436 "-" "Jetpack by WordPress.com"
46.224.234.158 - - [05/Jun/2026:12:45:52 +0200] "POST /xmlrpc.php HTTP/1.1" 200 258 "-" "Mozilla/5.0 (X11; Linux i686) AppleWebKit/537.36 (KHTML, like Gecko) Chrome/133.0.0.0 Safari/537.36"
43.230.201.87 - - [05/Jun/2026:12:45:55 +0200] "POST /xmlrpc.php HTTP/1.1" 200 258 "-" "Mozilla/5.0 (Macintosh; Intel Mac OS X 10_15_7) AppleWebKit/537.36 (KHTML, like Gecko) Chrome/133.0.0.0 Safari/537.36 Edg/133.0.0.0"
122.180.21.11 - - [05/Jun/2026:12:45:56 +0200] "POST /xmlrpc.php HTTP/1.1" 405 436 "-" "Jetpack by WordPress.com"
122.180.21.11 - - [05/Jun/2026:12:46:07 +0200] "POST /xmlrpc.php HTTP/1.1" 405 436 "-" "Jetpack by WordPress.com"
82.223.24.195 - - [05/Jun/2026:12:46:07 +0200] "POST /xmlrpc.php HTTP/1.1" 200 258 "-" "Mozilla/5.0 (X11; Ubuntu; Linux x86_64; rv:133.0) Gecko/20100101 Firefox/133.0"
122.180.21.11 - - [05/Jun/2026:12:46:18 +0200] "POST /xmlrpc.php HTTP/1.1" 405 436 "-" "WordPress.com; https://wordpress.com"
122.180.21.11 - - [05/Jun/2026:12:46:29 +0200] "POST /xmlrpc.php HTTP/1.1" 405 436 "-" "Jetpack by WordPress.com"
66.116.233.244 - - [05/Jun/2026:12:46:33 +0200] "GET /wp-login.php HTTP/1.1" 200 7555 "-" "Mozilla/5.0 (X11; Linux x86_64; rv:133.0) Gecko/20100101 Firefox/133.0"
122.180.21.11 - - [05/Jun/2026:12:46:40 +0200] "POST /xmlrpc.php HTTP/1.1" 405 436 "-" "Jetpack by WordPress.com (Jetpack 12.1; WordPress 6.1)"
122.180.21.11 - - [05/Jun/2026:12:46:50 +0200] "POST /xmlrpc.php HTTP/1.1" 405 436 "-" "Jetpack by WordPress.com"
115.99.105.154 - - [05/Jun/2026:12:46:51 +0200] "GET /wp-json/wp/v2/users HTTP/1.1" 200 5016 "-" "Mozilla/4.0 (compatible; Win32; WinHttp.WinHttpRequest.5)"
162.240.12.204 - - [05/Jun/2026:12:46:57 +0200] "GET /wp-login.php HTTP/1.1" 200 7503 "-" "Mozilla/5.0 (X11; Linux i686) AppleWebKit/537.36 (KHTML, like Gecko) Chrome/133.0.0.0 Safari/537.36"
122.180.21.11 - - [05/Jun/2026:12:47:01 +0200] "POST /xmlrpc.php HTTP/1.1" 405 436 "-" "Jetpack by WordPress.com"
51.38.192.10 - - [05/Jun/2026:12:47:08 +0200] "POST /xmlrpc.php HTTP/1.1" 200 258 "-" "Mozilla/5.0 (Macintosh; Intel Mac OS X 10_15_7) AppleWebKit/537.36 (KHTML, like Gecko) Chrome/133.0.0.0 Safari/537.36"
50.6.192.190 - - [05/Jun/2026:12:47:11 +0200] "POST /xmlrpc.php HTTP/1.1" 200 258 "-" "Mozilla/5.0 (Windows NT 10.0; Win64; x64; rv:133.0) Gecko/20100101 Firefox/133.0"
122.180.21.11 - - [05/Jun/2026:12:47:11 +0200] "POST /xmlrpc.php HTTP/1.1" 405 436 "-" "Jetpack by WordPress.com"
68.178.160.25 - - [05/Jun/2026:12:47:20 +0200] "GET /wp-login.php HTTP/1.1" 200 7534 "-" "Mozilla/5.0 (Windows NT 10.0; Win64; x64; rv:133.0) Gecko/20100101 Firefox/133.0"
122.180.21.11 - - [05/Jun/2026:12:47:22 +0200] "POST /xmlrpc.php HTTP/1.1" 405 436 "-" "Jetpack by WordPress.com"
115.99.105.154 - - [05/Jun/2026:12:47:26 +0200] "POST /xmlrpc.php HTTP/1.1" 405 436 "-" "Mozilla/5.0 (Windows NT 10.0; x64) AppleWebKit/537.36 (KHTML, like Gecko) Chrome/106.0.0.0 Safari/537.36"
122.180.21.11 - - [05/Jun/2026:12:47:33 +0200] "POST /xmlrpc.php HTTP/1.1" 405 436 "-" "Jetpack by WordPress.com (Jetpack 13.0; WordPress 6.2)"
64.31.25.250 - - [05/Jun/2026:12:47:39 +0200] "POST /xmlrpc.php HTTP/1.1" 200 258 "-" "Mozilla/5.0 (X11; Ubuntu; Linux x86_64; rv:133.0) Gecko/20100101 Firefox/133.0"
122.180.21.11 - - [05/Jun/2026:12:47:43 +0200] "POST /xmlrpc.php HTTP/1.1" 405 436 "-" "Jetpack by WordPress.com (Jetpack 13.0; WordPress 6.4)"
122.180.21.11 - - [05/Jun/2026:12:47:54 +0200] "POST /xmlrpc.php HTTP/1.1" 405 436 "-" "Jetpack by WordPress.com (Jetpack 12.5; WordPress 6.1)"
162.240.171.12 - - [05/Jun/2026:12:48:02 +0200] "POST /xmlrpc.php HTTP/1.1" 200 258 "-" "Mozilla/5.0 (X11; CrOS x86_64 14541.0.0) AppleWebKit/537.36 (KHTML, like Gecko) Chrome/133.0.0.0 Safari/537.36"
115.99.105.154 - - [05/Jun/2026:12:48:02 +0200] "POST /xmlrpc.php HTTP/1.1" 405 436 "-" "Mozilla/5.0 (Linux; Android 10; x64) AppleWebKit/537.36 (KHTML, like Gecko) Safari/14.0.0.0 Safari/537.36"
50.6.231.19 - - [05/Jun/2026:12:48:03 +0200] "GET /wp-json/wp/v2/users/me HTTP/1.1" 401 188 "-" "Mozilla/5.0 (Macintosh; Intel Mac OS X 11_7_10) AppleWebKit/537.36 (KHTML, like Gecko) Chrome/133.0.0.0 Safari/537.36"
122.180.21.11 - - [05/Jun/2026:12:48:05 +0200] "POST /xmlrpc.php HTTP/1.1" 405 436 "-" "Jetpack/12.5; WordPress/6.1; http://site26507481.com"
122.180.21.11 - - [05/Jun/2026:12:48:15 +0200] "POST /xmlrpc.php HTTP/1.1" 405 436 "-" "WordPress.com; https://wordpress.com"
122.180.21.11 - - [05/Jun/2026:12:48:26 +0200] "POST /xmlrpc.php HTTP/1.1" 405 436 "-" "Jetpack/12.1; WordPress/6.3; http://site52052350.com"
176.77.137.253 - - [05/Jun/2026:12:48:30 +0200] "-" 408 - "-" "-"
176.77.137.253 - - [05/Jun/2026:12:48:30 +0200] "-" 408 - "-" "-"
115.99.105.154 - - [05/Jun/2026:12:48:34 +0200] "POST /xmlrpc.php HTTP/1.1" 405 436 "-" "Mozilla/5.0 (X11; Ubuntu; Linux x86_64; x86) AppleWebKit/537.36 (KHTML, like Gecko) Safari/11.0.0.0 Safari/537.36"
122.180.21.11 - - [05/Jun/2026:12:48:37 +0200] "POST /xmlrpc.php HTTP/1.1" 405 436 "-" "WordPress.com; https://wordpress.com"
122.180.21.11 - - [05/Jun/2026:12:48:47 +0200] "POST /xmlrpc.php HTTP/1.1" 405 436 "-" "Jetpack by WordPress.com (Jetpack 12.0; WordPress 6.1)"
122.180.21.11 - - [05/Jun/2026:12:48:58 +0200] "POST /xmlrpc.php HTTP/1.1" 405 436 "-" "Jetpack by WordPress.com (Jetpack 12.0; WordPress 6.3)"
162.240.12.204 - - [05/Jun/2026:12:48:59 +0200] "GET /wp-login.php HTTP/1.1" 200 7430 "-" "Mozilla/5.0 (X11; CrOS x86_64 14541.0.0) AppleWebKit/537.36 (KHTML, like Gecko) Chrome/133.0.0.0 Safari/537.36"
115.99.105.154 - - [05/Jun/2026:12:49:07 +0200] "POST /xmlrpc.php HTTP/1.1" 405 436 "-" "Mozilla/5.0 (Macintosh; Intel Mac OS X 10_15_7; arm64) AppleWebKit/537.36 (KHTML, like Gecko) Firefox/88.0.0.0 Safari/537.36"
152.53.111.131 - - [05/Jun/2026:12:49:08 +0200] "GET /wp-login.php HTTP/1.1" 200 7481 "-" "Mozilla/5.0 (X11; Ubuntu; Linux x86_64; rv:133.0) Gecko/20100101 Firefox/133.0"
122.180.21.11 - - [05/Jun/2026:12:49:09 +0200] "POST /xmlrpc.php HTTP/1.1" 405 436 "-" "Jetpack by WordPress.com (Jetpack 12.5; WordPress 6.4)"
122.180.21.11 - - [05/Jun/2026:12:49:19 +0200] "POST /xmlrpc.php HTTP/1.1" 405 436 "-" "Jetpack by WordPress.com (Jetpack 12.1; WordPress 6.2)"
122.180.21.11 - - [05/Jun/2026:12:49:30 +0200] "POST /xmlrpc.php HTTP/1.1" 405 436 "-" "WordPress.com; https://wordpress.com"
115.99.105.154 - - [05/Jun/2026:12:49:39 +0200] "POST /xmlrpc.php HTTP/1.1" 405 436 "-" "Mozilla/5.0 (Windows NT 10.0; arm64) AppleWebKit/537.36 (KHTML, like Gecko) Opera/69.0.0.0 Safari/537.36"
122.180.21.11 - - [05/Jun/2026:12:49:41 +0200] "POST /xmlrpc.php HTTP/1.1" 405 436 "-" "Jetpack/12.5; WordPress/6.3; http://site25613661.com"
129.121.96.121 - - [05/Jun/2026:12:49:46 +0200] "GET /wp-json/wp/v2/users/me HTTP/1.1" 401 188 "-" "Mozilla/5.0 (Windows NT 10.0; WOW64) AppleWebKit/537.36 (KHTML, like Gecko) Chrome/133.0.0.0 Safari/537.36"
31.24.155.180 - - [05/Jun/2026:12:49:48 +0200] "GET /wp-login.php HTTP/1.1" 200 7350 "-" "Mozilla/5.0 (X11; CrOS x86_64 14541.0.0) AppleWebKit/537.36 (KHTML, like Gecko) Chrome/133.0.0.0 Safari/537.36"
122.180.21.11 - - [05/Jun/2026:12:49:52 +0200] "POST /xmlrpc.php HTTP/1.1" 405 436 "-" "Jetpack/13.0; WordPress/6.3; http://site97235184.com"
122.180.21.11 - - [05/Jun/2026:12:50:02 +0200] "POST /xmlrpc.php HTTP/1.1" 405 436 "-" "Jetpack/12.1; WordPress/6.1; http://site49289555.com"
115.99.105.154 - - [05/Jun/2026:12:50:09 +0200] "POST /xmlrpc.php HTTP/1.1" 405 436 "-" "Mozilla/5.0 (Linux; Android 10; x86) AppleWebKit/537.36 (KHTML, like Gecko) Safari/13.0.0.0 Safari/537.36"
122.180.21.11 - - [05/Jun/2026:12:50:13 +0200] "POST /xmlrpc.php HTTP/1.1" 405 436 "-" "Jetpack by WordPress.com (Jetpack 13.0; WordPress 6.4)"
82.223.24.195 - - [05/Jun/2026:12:50:23 +0200] "POST /xmlrpc.php HTTP/1.1" 200 258 "-" "Mozilla/5.0 (Macintosh; Intel Mac OS X 14_7_4) AppleWebKit/537.36 (KHTML, like Gecko) Chrome/133.0.0.0 Safari/537.36"
122.180.21.11 - - [05/Jun/2026:12:50:24 +0200] "POST /xmlrpc.php HTTP/1.1" 405 436 "-" "Jetpack by WordPress.com (Jetpack 12.5; WordPress 6.3)"
185.214.172.31 - - [05/Jun/2026:12:50:25 +0200] "-" 408 - "-" "-"
46.224.234.158 - - [05/Jun/2026:12:50:34 +0200] "GET /wp-login.php HTTP/1.1" 200 7440 "-" "Mozilla/5.0 (X11; Linux x86_64; rv:133.0) Gecko/20100101 Firefox/133.0"
122.180.21.11 - - [05/Jun/2026:12:50:34 +0200] "POST /xmlrpc.php HTTP/1.1" 405 436 "-" "Jetpack/12.0; WordPress/6.2; http://site62990316.com"
115.99.105.154 - - [05/Jun/2026:12:50:41 +0200] "POST /xmlrpc.php HTTP/1.1" 405 436 "-" "Mozilla/5.0 (Windows NT 6.3; x64) AppleWebKit/537.36 (KHTML, like Gecko) Firefox/95.0.0.0 Safari/537.36"
122.180.21.11 - - [05/Jun/2026:12:50:45 +0200] "POST /xmlrpc.php HTTP/1.1" 405 436 "-" "Jetpack by WordPress.com (Jetpack 12.5; WordPress 6.2)"
188.241.62.83 - - [05/Jun/2026:12:50:56 +0200] "GET /wp-login.php HTTP/1.1" 200 7307 "-" "Mozilla/5.0 (X11; Linux x86_64) AppleWebKit/537.36 (KHTML, like Gecko) Chrome/133.0.0.0 Safari/537.36 Edg/133.0.0.0"
122.180.21.11 - - [05/Jun/2026:12:50:56 +0200] "POST /xmlrpc.php HTTP/1.1" 405 436 "-" "Jetpack/12.0; WordPress/6.4; http://site73076519.com"
122.180.21.11 - - [05/Jun/2026:12:51:07 +0200] "POST /xmlrpc.php HTTP/1.1" 405 436 "-" "Jetpack by WordPress.com (Jetpack 12.1; WordPress 6.2)"
115.99.105.154 - - [05/Jun/2026:12:51:11 +0200] "POST /xmlrpc.php HTTP/1.1" 405 436 "-" "Mozilla/5.0 (Linux; Android 10; arm64) AppleWebKit/537.36 (KHTML, like Gecko) Safari/11.0.0.0 Safari/537.36"
122.180.21.11 - - [05/Jun/2026:12:51:17 +0200] "POST /xmlrpc.php HTTP/1.1" 405 436 "-" "Jetpack by WordPress.com"
122.180.21.11 - - [05/Jun/2026:12:51:28 +0200] "POST /xmlrpc.php HTTP/1.1" 405 436 "-" "WordPress.com; https://wordpress.com"
122.180.21.11 - - [05/Jun/2026:12:51:38 +0200] "POST /xmlrpc.php HTTP/1.1" 405 436 "-" "Jetpack by WordPress.com (Jetpack 13.0; WordPress 6.1)"
115.99.105.154 - - [05/Jun/2026:12:51:43 +0200] "POST /xmlrpc.php HTTP/1.1" 405 436 "-" "Mozilla/5.0 (Windows NT 10.0; x64) AppleWebKit/537.36 (KHTML, like Gecko) Opera/74.0.0.0 Safari/537.36"
122.180.21.11 - - [05/Jun/2026:12:51:49 +0200] "POST /xmlrpc.php HTTP/1.1" 405 436 "-" "Jetpack/12.1; WordPress/6.1; http://site39942207.com"
132.148.72.88 - - [05/Jun/2026:12:51:56 +0200] "POST /xmlrpc.php HTTP/1.1" 200 258 "-" "Mozilla/5.0 (Macintosh; Intel Mac OS X 14_7_4) AppleWebKit/537.36 (KHTML, like Gecko) Chrome/133.0.0.0 Safari/537.36"
122.180.21.11 - - [05/Jun/2026:12:52:00 +0200] "POST /xmlrpc.php HTTP/1.1" 405 436 "-" "Jetpack by WordPress.com"
122.180.21.11 - - [05/Jun/2026:12:52:11 +0200] "POST /xmlrpc.php HTTP/1.1" 405 436 "-" "Jetpack by WordPress.com"
115.99.105.154 - - [05/Jun/2026:12:52:13 +0200] "POST /xmlrpc.php HTTP/1.1" 405 436 "-" "Mozilla/5.0 (Macintosh; Intel Mac OS X 10_15_7; x86) AppleWebKit/537.36 (KHTML, like Gecko) Edge/85.0.0.0 Safari/537.36"
122.180.21.11 - - [05/Jun/2026:12:52:21 +0200] "POST /xmlrpc.php HTTP/1.1" 405 436 "-" "Jetpack by WordPress.com"
122.180.21.11 - - [05/Jun/2026:12:52:32 +0200] "POST /xmlrpc.php HTTP/1.1" 405 436 "-" "WordPress.com; https://wordpress.com"
137.97.175.92 - - [05/Jun/2026:12:52:38 +0200] "POST /xmlrpc.php HTTP/1.1" 405 436 "-" "Jetpack/13.0; WordPress/6.1; http://site59163980.com"
115.99.105.154 - - [05/Jun/2026:12:52:41 +0200] "POST /xmlrpc.php HTTP/1.1" 405 436 "-" "Mozilla/5.0 (Macintosh; Intel Mac OS X 10_15_7; x64) AppleWebKit/537.36 (KHTML, like Gecko) Chrome/107.0.0.0 Safari/537.36"
122.180.21.11 - - [05/Jun/2026:12:52:43 +0200] "POST /xmlrpc.php HTTP/1.1" 405 436 "-" "Jetpack by WordPress.com"
137.97.175.92 - - [05/Jun/2026:12:52:48 +0200] "POST /xmlrpc.php HTTP/1.1" 405 436 "-" "Jetpack by WordPress.com"
122.180.21.11 - - [05/Jun/2026:12:52:53 +0200] "POST /xmlrpc.php HTTP/1.1" 405 436 "-" "WordPress.com; https://wordpress.com"
137.97.175.92 - - [05/Jun/2026:12:52:59 +0200] "POST /xmlrpc.php HTTP/1.1" 405 436 "-" "WordPress.com; https://wordpress.com"
122.180.21.11 - - [05/Jun/2026:12:53:04 +0200] "POST /xmlrpc.php HTTP/1.1" 405 436 "-" "WordPress.com; https://wordpress.com"
137.97.175.92 - - [05/Jun/2026:12:53:09 +0200] "POST /xmlrpc.php HTTP/1.1" 405 436 "-" "WordPress.com; https://wordpress.com"
115.99.105.154 - - [05/Jun/2026:12:53:09 +0200] "POST /xmlrpc.php HTTP/1.1" 405 436 "-" "Mozilla/5.0 (Linux; Android 10; x64) AppleWebKit/537.36 (KHTML, like Gecko) Chrome/101.0.0.0 Safari/537.36"
122.180.21.11 - - [05/Jun/2026:12:53:15 +0200] "POST /xmlrpc.php HTTP/1.1" 405 436 "-" "WordPress.com; https://wordpress.com"
137.97.175.92 - - [05/Jun/2026:12:53:20 +0200] "POST /xmlrpc.php HTTP/1.1" 405 436 "-" "WordPress.com; https://wordpress.com"
122.180.21.11 - - [05/Jun/2026:12:53:25 +0200] "POST /xmlrpc.php HTTP/1.1" 405 436 "-" "Jetpack by WordPress.com"
137.97.175.92 - - [05/Jun/2026:12:53:30 +0200] "POST /xmlrpc.php HTTP/1.1" 405 436 "-" "Jetpack/13.0; WordPress/6.4; http://site68319703.com"
163.43.18.248 - - [05/Jun/2026:12:53:30 +0200] "POST /xmlrpc.php HTTP/1.1" 200 258 "-" "Mozilla/5.0 (Windows NT 10.0; Win64; x64) AppleWebKit/537.36 (KHTML, like Gecko) Chrome/120.0.0.0 Safari/537.36"
160.250.186.220 - - [05/Jun/2026:12:53:33 +0200] "GET /wp-login.php HTTP/1.1" 200 7442 "-" "Mozilla/5.0 (X11; Linux x86_64) AppleWebKit/537.36 (KHTML, like Gecko) Chrome/133.0.0.0 Safari/537.36"
115.99.105.154 - - [05/Jun/2026:12:53:35 +0200] "POST /xmlrpc.php HTTP/1.1" 405 436 "-" "Mozilla/5.0 (Linux; Android 10; arm64) AppleWebKit/537.36 (KHTML, like Gecko) Firefox/87.0.0.0 Safari/537.36"
122.180.21.11 - - [05/Jun/2026:12:53:36 +0200] "POST /xmlrpc.php HTTP/1.1" 405 436 "-" "Jetpack/12.0; WordPress/6.1; http://site54285383.com"
84.225.152.169 - - [05/Jun/2026:12:53:39 +0200] "-" 408 - "-" "-"
137.97.175.92 - - [05/Jun/2026:12:53:41 +0200] "POST /xmlrpc.php HTTP/1.1" 405 436 "-" "WordPress.com; https://wordpress.com"
122.180.21.11 - - [05/Jun/2026:12:53:47 +0200] "POST /xmlrpc.php HTTP/1.1" 405 436 "-" "Jetpack by WordPress.com"
137.97.175.92 - - [05/Jun/2026:12:53:51 +0200] "POST /xmlrpc.php HTTP/1.1" 405 436 "-" "WordPress.com; https://wordpress.com"
115.99.105.154 - - [05/Jun/2026:12:53:56 +0200] "POST /xmlrpc.php HTTP/1.1" 405 436 "-" "Mozilla/5.0 (X11; Ubuntu; Linux x86_64; x86) AppleWebKit/537.36 (KHTML, like Gecko) Opera/66.0.0.0 Safari/537.36"
137.97.175.92 - - [05/Jun/2026:12:54:02 +0200] "POST /xmlrpc.php HTTP/1.1" 405 436 "-" "Jetpack/12.0; WordPress/6.1; http://site91859561.com"
137.97.175.92 - - [05/Jun/2026:12:54:13 +0200] "POST /xmlrpc.php HTTP/1.1" 405 436 "-" "WordPress.com; https://wordpress.com"
115.99.105.154 - - [05/Jun/2026:12:54:20 +0200] "POST /xmlrpc.php HTTP/1.1" 405 436 "-" "Mozilla/5.0 (Macintosh; Intel Mac OS X 10_15_7; arm64) AppleWebKit/537.36 (KHTML, like Gecko) Edge/82.0.0.0 Safari/537.36"
137.97.175.92 - - [05/Jun/2026:12:54:23 +0200] "POST /xmlrpc.php HTTP/1.1" 405 436 "-" "Jetpack by WordPress.com"
168.138.197.172 - - [05/Jun/2026:12:54:25 +0200] "GET /wp-login.php HTTP/1.1" 200 7495 "-" "Mozilla/5.0 (X11; Linux x86_64; rv:133.0) Gecko/20100101 Firefox/133.0"
137.97.175.92 - - [05/Jun/2026:12:54:34 +0200] "POST /xmlrpc.php HTTP/1.1" 405 436 "-" "Jetpack by WordPress.com (Jetpack 12.0; WordPress 6.3)"
137.97.175.92 - - [05/Jun/2026:12:54:45 +0200] "POST /xmlrpc.php HTTP/1.1" 405 436 "-" "WordPress.com; https://wordpress.com"
115.99.105.154 - - [05/Jun/2026:12:54:45 +0200] "POST /xmlrpc.php HTTP/1.1" 405 436 "-" "Mozilla/5.0 (Windows NT 10.0; arm64) AppleWebKit/537.36 (KHTML, like Gecko) Chrome/95.0.0.0 Safari/537.36"
137.97.175.92 - - [05/Jun/2026:12:54:55 +0200] "POST /xmlrpc.php HTTP/1.1" 405 436 "-" "Jetpack/13.0; WordPress/6.2; http://site54093073.com"
137.97.175.92 - - [05/Jun/2026:12:55:06 +0200] "POST /xmlrpc.php HTTP/1.1" 405 436 "-" "WordPress.com; https://wordpress.com"
115.99.105.154 - - [05/Jun/2026:12:55:11 +0200] "POST /xmlrpc.php HTTP/1.1" 405 436 "-" "Mozilla/5.0 (X11; Ubuntu; Linux x86_64; x64) AppleWebKit/537.36 (KHTML, like Gecko) Safari/10.0.0.0 Safari/537.36"
137.97.175.92 - - [05/Jun/2026:12:55:17 +0200] "POST /xmlrpc.php HTTP/1.1" 405 436 "-" "Jetpack by WordPress.com (Jetpack 12.5; WordPress 6.3)"
5.110.126.159 - - [05/Jun/2026:12:55:18 +0200] "POST /xmlrpc.php HTTP/1.1" 405 436 "-" "Jetpack by WordPress.com (Jetpack 12.5; WordPress 6.3)"
85.67.142.95 - - [05/Jun/2026:12:55:24 +0200] "-" 408 - "-" "-"
137.97.175.92 - - [05/Jun/2026:12:55:27 +0200] "POST /xmlrpc.php HTTP/1.1" 405 436 "-" "Jetpack/12.5; WordPress/6.4; http://site25380003.com"
64.31.25.250 - - [05/Jun/2026:12:55:28 +0200] "GET /wp-login.php HTTP/1.1" 200 7374 "-" "Mozilla/5.0 (Windows NT 10.0; WOW64) AppleWebKit/537.36 (KHTML, like Gecko) Chrome/133.0.0.0 Safari/537.36"
5.110.126.159 - - [05/Jun/2026:12:55:29 +0200] "POST /xmlrpc.php HTTP/1.1" 405 436 "-" "WordPress.com; https://wordpress.com"
115.99.105.154 - - [05/Jun/2026:12:55:37 +0200] "POST /xmlrpc.php HTTP/1.1" 405 436 "-" "Mozilla/5.0 (X11; Ubuntu; Linux x86_64; x86) AppleWebKit/537.36 (KHTML, like Gecko) Chrome/108.0.0.0 Safari/537.36"
137.97.175.92 - - [05/Jun/2026:12:55:38 +0200] "POST /xmlrpc.php HTTP/1.1" 405 436 "-" "WordPress.com; https://wordpress.com"
5.110.126.159 - - [05/Jun/2026:12:55:39 +0200] "POST /xmlrpc.php HTTP/1.1" 405 436 "-" "WordPress.com; https://wordpress.com"
137.97.175.92 - - [05/Jun/2026:12:55:49 +0200] "POST /xmlrpc.php HTTP/1.1" 405 436 "-" "Jetpack by WordPress.com"
5.110.126.159 - - [05/Jun/2026:12:55:50 +0200] "POST /xmlrpc.php HTTP/1.1" 405 436 "-" "Jetpack by WordPress.com"
137.97.175.92 - - [05/Jun/2026:12:55:59 +0200] "POST /xmlrpc.php HTTP/1.1" 405 436 "-" "WordPress.com; https://wordpress.com"
5.110.126.159 - - [05/Jun/2026:12:56:00 +0200] "POST /xmlrpc.php HTTP/1.1" 405 436 "-" "WordPress.com; https://wordpress.com"
115.99.105.154 - - [05/Jun/2026:12:56:00 +0200] "POST /xmlrpc.php HTTP/1.1" 405 436 "-" "Mozilla/5.0 (Linux; Android 10; arm64) AppleWebKit/537.36 (KHTML, like Gecko) Opera/64.0.0.0 Safari/537.36"
104.43.48.106 - - [05/Jun/2026:12:56:02 +0200] "GET /wp-login.php HTTP/1.1" 200 7631 "-" "Mozilla/5.0 (Macintosh; Intel Mac OS X 10_15_7) AppleWebKit/537.36 (KHTML, like Gecko) Chrome/133.0.0.0 Safari/537.36 Edg/133.0.0.0"
188.241.62.83 - - [05/Jun/2026:12:56:05 +0200] "POST /xmlrpc.php HTTP/1.1" 200 258 "-" "Mozilla/5.0 (Windows NT 10.0; Win64; x64; rv:133.0) Gecko/20100101 Firefox/133.0"
137.97.175.92 - - [05/Jun/2026:12:56:10 +0200] "POST /xmlrpc.php HTTP/1.1" 405 436 "-" "Jetpack/13.0; WordPress/6.1; http://site88207131.com"
5.110.126.159 - - [05/Jun/2026:12:56:11 +0200] "POST /xmlrpc.php HTTP/1.1" 405 436 "-" "WordPress.com; https://wordpress.com"
115.99.105.154 - - [05/Jun/2026:12:56:20 +0200] "POST /xmlrpc.php HTTP/1.1" 405 436 "-" "Mozilla/5.0 (Windows NT 10.0; arm64) AppleWebKit/537.36 (KHTML, like Gecko) Opera/70.0.0.0 Safari/537.36"
137.97.175.92 - - [05/Jun/2026:12:56:20 +0200] "POST /xmlrpc.php HTTP/1.1" 405 436 "-" "WordPress.com; https://wordpress.com"
5.110.126.159 - - [05/Jun/2026:12:56:21 +0200] "POST /xmlrpc.php HTTP/1.1" 405 436 "-" "WordPress.com; https://wordpress.com"
103.142.24.75 - - [05/Jun/2026:12:56:27 +0200] "POST /xmlrpc.php HTTP/1.1" 200 258 "-" "Mozilla/5.0 (Windows NT 10.0; Win64; x64) AppleWebKit/537.36 (KHTML, like Gecko) Chrome/120.0.0.0 Safari/537.36"
137.97.175.92 - - [05/Jun/2026:12:56:31 +0200] "POST /xmlrpc.php HTTP/1.1" 405 436 "-" "Jetpack/12.0; WordPress/6.3; http://site72057973.com"
5.110.126.159 - - [05/Jun/2026:12:56:32 +0200] "POST /xmlrpc.php HTTP/1.1" 405 436 "-" "Jetpack by WordPress.com (Jetpack 12.1; WordPress 6.3)"
64.31.25.250 - - [05/Jun/2026:12:56:33 +0200] "GET /wp-login.php HTTP/1.1" 200 7543 "-" "Mozilla/5.0 (X11; Ubuntu; Linux x86_64; rv:133.0) Gecko/20100101 Firefox/133.0"
115.99.105.154 - - [05/Jun/2026:12:56:41 +0200] "POST /xmlrpc.php HTTP/1.1" 405 436 "-" "Mozilla/5.0 (Linux; Android 10; arm64) AppleWebKit/537.36 (KHTML, like Gecko) Opera/63.0.0.0 Safari/537.36"
137.97.175.92 - - [05/Jun/2026:12:56:41 +0200] "POST /xmlrpc.php HTTP/1.1" 405 436 "-" "Jetpack by WordPress.com"
5.110.126.159 - - [05/Jun/2026:12:56:42 +0200] "POST /xmlrpc.php HTTP/1.1" 405 436 "-" "WordPress.com; https://wordpress.com"
137.97.175.92 - - [05/Jun/2026:12:56:52 +0200] "POST /xmlrpc.php HTTP/1.1" 405 436 "-" "Jetpack/13.0; WordPress/6.2; http://site77509649.com"
5.110.126.159 - - [05/Jun/2026:12:56:53 +0200] "POST /xmlrpc.php HTTP/1.1" 405 436 "-" "Jetpack/12.5; WordPress/6.3; http://site16274739.com"
115.99.105.154 - - [05/Jun/2026:12:56:58 +0200] "POST /xmlrpc.php HTTP/1.1" 405 436 "-" "Mozilla/5.0 (Linux; Android 10; x64) AppleWebKit/537.36 (KHTML, like Gecko) Edge/83.0.0.0 Safari/537.36"
137.97.175.92 - - [05/Jun/2026:12:57:03 +0200] "POST /xmlrpc.php HTTP/1.1" 405 436 "-" "Jetpack by WordPress.com"
5.110.126.159 - - [05/Jun/2026:12:57:03 +0200] "POST /xmlrpc.php HTTP/1.1" 405 436 "-" "WordPress.com; https://wordpress.com"
137.97.175.92 - - [05/Jun/2026:12:57:13 +0200] "POST /xmlrpc.php HTTP/1.1" 405 436 "-" "Jetpack/12.0; WordPress/6.3; http://site74617372.com"
5.110.126.159 - - [05/Jun/2026:12:57:14 +0200] "POST /xmlrpc.php HTTP/1.1" 405 436 "-" "WordPress.com; https://wordpress.com"
115.99.105.154 - - [05/Jun/2026:12:57:14 +0200] "POST /xmlrpc.php HTTP/1.1" 405 436 "-" "Mozilla/5.0 (Windows NT 10.0; x86) AppleWebKit/537.36 (KHTML, like Gecko) Safari/11.0.0.0 Safari/537.36"
137.97.175.92 - - [05/Jun/2026:12:57:24 +0200] "POST /xmlrpc.php HTTP/1.1" 405 436 "-" "Jetpack by WordPress.com"
5.110.126.159 - - [05/Jun/2026:12:57:24 +0200] "POST /xmlrpc.php HTTP/1.1" 405 436 "-" "WordPress.com; https://wordpress.com"
115.99.105.154 - - [05/Jun/2026:12:57:29 +0200] "POST /xmlrpc.php HTTP/1.1" 405 436 "-" "Mozilla/5.0 (Linux; Android 10; x64) AppleWebKit/537.36 (KHTML, like Gecko) Edge/87.0.0.0 Safari/537.36"
137.97.175.92 - - [05/Jun/2026:12:57:35 +0200] "POST /xmlrpc.php HTTP/1.1" 405 436 "-" "WordPress.com; https://wordpress.com"
5.110.126.159 - - [05/Jun/2026:12:57:35 +0200] "POST /xmlrpc.php HTTP/1.1" 405 436 "-" "Jetpack/12.0; WordPress/6.3; http://site42180036.com"
115.99.105.154 - - [05/Jun/2026:12:57:42 +0200] "POST /xmlrpc.php HTTP/1.1" 405 436 "-" "Mozilla/5.0 (Macintosh; Intel Mac OS X 10_15_7; x64) AppleWebKit/537.36 (KHTML, like Gecko) Opera/69.0.0.0 Safari/537.36"
103.42.5.132 - - [05/Jun/2026:12:57:43 +0200] "POST /xmlrpc.php HTTP/1.1" 200 258 "-" "Mozilla/5.0 (X11; CrOS x86_64 14541.0.0) AppleWebKit/537.36 (KHTML, like Gecko) Chrome/133.0.0.0 Safari/537.36"
137.97.175.92 - - [05/Jun/2026:12:57:45 +0200] "POST /xmlrpc.php HTTP/1.1" 405 436 "-" "WordPress.com; https://wordpress.com"
5.110.126.159 - - [05/Jun/2026:12:57:46 +0200] "POST /xmlrpc.php HTTP/1.1" 405 436 "-" "WordPress.com; https://wordpress.com"
137.97.175.92 - - [05/Jun/2026:12:57:56 +0200] "POST /xmlrpc.php HTTP/1.1" 405 436 "-" "Jetpack by WordPress.com"
5.110.126.159 - - [05/Jun/2026:12:57:56 +0200] "POST /xmlrpc.php HTTP/1.1" 405 436 "-" "WordPress.com; https://wordpress.com"
115.99.105.154 - - [05/Jun/2026:12:57:57 +0200] "POST /xmlrpc.php HTTP/1.1" 405 436 "-" "Mozilla/5.0 (Linux; Android 10; x64) AppleWebKit/537.36 (KHTML, like Gecko) Edge/84.0.0.0 Safari/537.36"
137.97.175.92 - - [05/Jun/2026:12:58:07 +0200] "POST /xmlrpc.php HTTP/1.1" 405 436 "-" "Jetpack by WordPress.com (Jetpack 13.0; WordPress 6.1)"
5.110.126.159 - - [05/Jun/2026:12:58:07 +0200] "POST /xmlrpc.php HTTP/1.1" 405 436 "-" "Jetpack by WordPress.com"
115.99.105.154 - - [05/Jun/2026:12:58:13 +0200] "POST /xmlrpc.php HTTP/1.1" 405 436 "-" "Mozilla/5.0 (Windows NT 6.2; x86) AppleWebKit/537.36 (KHTML, like Gecko) Chrome/109.0.0.0 Safari/537.36"
5.110.126.159 - - [05/Jun/2026:12:58:17 +0200] "POST /xmlrpc.php HTTP/1.1" 405 436 "-" "Jetpack/12.0; WordPress/6.3; http://site68696512.com"
137.97.175.92 - - [05/Jun/2026:12:58:17 +0200] "POST /xmlrpc.php HTTP/1.1" 405 436 "-" "Jetpack by WordPress.com (Jetpack 12.5; WordPress 6.4)"
162.240.12.204 - - [05/Jun/2026:12:58:18 +0200] "POST /xmlrpc.php HTTP/1.1" 200 258 "-" "Mozilla/5.0 (X11; CrOS x86_64 14541.0.0) AppleWebKit/537.36 (KHTML, like Gecko) Chrome/133.0.0.0 Safari/537.36"
190.92.141.186 - - [05/Jun/2026:12:58:27 +0200] "POST /xmlrpc.php HTTP/1.1" 200 258 "-" "Mozilla/5.0 (Windows NT 10.0; Win64; x64) AppleWebKit/537.36 (KHTML, like Gecko) Chrome/133.0.0.0 Safari/537.36"
5.110.126.159 - - [05/Jun/2026:12:58:28 +0200] "POST /xmlrpc.php HTTP/1.1" 405 436 "-" "Jetpack/12.0; WordPress/6.3; http://site20546707.com"
137.97.175.92 - - [05/Jun/2026:12:58:28 +0200] "POST /xmlrpc.php HTTP/1.1" 405 436 "-" "Jetpack by WordPress.com (Jetpack 12.0; WordPress 6.4)"
115.99.105.154 - - [05/Jun/2026:12:58:30 +0200] "POST /xmlrpc.php HTTP/1.1" 405 436 "-" "Mozilla/5.0 (Windows NT 6.2; x64) AppleWebKit/537.36 (KHTML, like Gecko) Firefox/85.0.0.0 Safari/537.36"
47.128.35.70 - - [05/Jun/2026:12:58:35 +0200] "-" 408 - "-" "-"
5.110.126.159 - - [05/Jun/2026:12:58:38 +0200] "POST /xmlrpc.php HTTP/1.1" 405 436 "-" "Jetpack/12.1; WordPress/6.2; http://site43564395.com"
137.97.175.92 - - [05/Jun/2026:12:58:38 +0200] "POST /xmlrpc.php HTTP/1.1" 405 436 "-" "Jetpack by WordPress.com (Jetpack 13.0; WordPress 6.4)"
115.99.105.154 - - [05/Jun/2026:12:58:44 +0200] "POST /xmlrpc.php HTTP/1.1" 405 436 "-" "Mozilla/5.0 (X11; Ubuntu; Linux x86_64; x86) AppleWebKit/537.36 (KHTML, like Gecko) Safari/15.0.0.0 Safari/537.36"
5.110.126.159 - - [05/Jun/2026:12:58:49 +0200] "POST /xmlrpc.php HTTP/1.1" 405 436 "-" "WordPress.com; https://wordpress.com"
137.97.175.92 - - [05/Jun/2026:12:58:49 +0200] "POST /xmlrpc.php HTTP/1.1" 405 436 "-" "WordPress.com; https://wordpress.com"
68.178.160.25 - - [05/Jun/2026:12:58:51 +0200] "GET /wp-login.php HTTP/1.1" 200 7588 "-" "Mozilla/5.0 (Windows NT 10.0) AppleWebKit/537.36 (KHTML, like Gecko) Chrome/133.0.0.0 Safari/537.36"
115.99.105.154 - - [05/Jun/2026:12:58:58 +0200] "POST /xmlrpc.php HTTP/1.1" 405 436 "-" "Mozilla/5.0 (Macintosh; Intel Mac OS X 10_15_7; x64) AppleWebKit/537.36 (KHTML, like Gecko) Opera/72.0.0.0 Safari/537.36"
5.110.126.159 - - [05/Jun/2026:12:58:59 +0200] "POST /xmlrpc.php HTTP/1.1" 405 436 "-" "Jetpack/12.0; WordPress/6.2; http://site85958802.com"
137.97.175.92 - - [05/Jun/2026:12:59:00 +0200] "POST /xmlrpc.php HTTP/1.1" 405 436 "-" "Jetpack by WordPress.com"
5.110.126.159 - - [05/Jun/2026:12:59:10 +0200] "POST /xmlrpc.php HTTP/1.1" 405 436 "-" "Jetpack by WordPress.com"
137.97.175.92 - - [05/Jun/2026:12:59:10 +0200] "POST /xmlrpc.php HTTP/1.1" 405 436 "-" "Jetpack by WordPress.com (Jetpack 12.5; WordPress 6.3)"
115.99.105.154 - - [05/Jun/2026:12:59:13 +0200] "POST /xmlrpc.php HTTP/1.1" 405 436 "-" "Mozilla/5.0 (Windows NT 10.0; x64) AppleWebKit/537.36 (KHTML, like Gecko) Safari/15.0.0.0 Safari/537.36"
5.110.126.159 - - [05/Jun/2026:12:59:20 +0200] "POST /xmlrpc.php HTTP/1.1" 405 436 "-" "Jetpack by WordPress.com"
137.97.175.92 - - [05/Jun/2026:12:59:21 +0200] "POST /xmlrpc.php HTTP/1.1" 405 436 "-" "Jetpack by WordPress.com"
68.178.160.25 - - [05/Jun/2026:12:59:23 +0200] "GET /wp-login.php HTTP/1.1" 200 7545 "-" "Mozilla/5.0 (X11; Linux x86_64; rv:133.0) Gecko/20100101 Firefox/133.0"
115.99.105.154 - - [05/Jun/2026:12:59:28 +0200] "POST /xmlrpc.php HTTP/1.1" 405 436 "-" "Mozilla/5.0 (Windows NT 6.2; arm64) AppleWebKit/537.36 (KHTML, like Gecko) Opera/63.0.0.0 Safari/537.36"
5.110.126.159 - - [05/Jun/2026:12:59:31 +0200] "POST /xmlrpc.php HTTP/1.1" 405 436 "-" "Jetpack/13.0; WordPress/6.4; http://site59443421.com"
137.97.175.92 - - [05/Jun/2026:12:59:32 +0200] "POST /xmlrpc.php HTTP/1.1" 405 436 "-" "Jetpack by WordPress.com"
5.110.126.159 - - [05/Jun/2026:12:59:41 +0200] "POST /xmlrpc.php HTTP/1.1" 405 436 "-" "Jetpack/12.0; WordPress/6.1; http://site63929246.com"
137.97.175.92 - - [05/Jun/2026:12:59:42 +0200] "POST /xmlrpc.php HTTP/1.1" 405 436 "-" "Jetpack by WordPress.com"
115.99.105.154 - - [05/Jun/2026:12:59:42 +0200] "POST /xmlrpc.php HTTP/1.1" 405 436 "-" "Mozilla/5.0 (Macintosh; Intel Mac OS X 10_15_7; arm64) AppleWebKit/537.36 (KHTML, like Gecko) Edge/96.0.0.0 Safari/537.36"
41.111.171.131 - - [05/Jun/2026:12:59:49 +0200] "GET /wp-login.php HTTP/1.1" 200 7555 "-" "Mozilla/5.0 (Windows NT 10.0; WOW64) AppleWebKit/537.36 (KHTML, like Gecko) Chrome/133.0.0.0 Safari/537.36"
5.110.126.159 - - [05/Jun/2026:12:59:52 +0200] "POST /xmlrpc.php HTTP/1.1" 405 436 "-" "Jetpack/12.5; WordPress/6.4; http://site89374936.com"
137.97.175.92 - - [05/Jun/2026:12:59:53 +0200] "POST /xmlrpc.php HTTP/1.1" 405 436 "-" "Jetpack/12.1; WordPress/6.4; http://site23033411.com"
115.99.105.154 - - [05/Jun/2026:12:59:55 +0200] "POST /xmlrpc.php HTTP/1.1" 405 436 "-" "Mozilla/5.0 (Linux; Android 10; x64) AppleWebKit/537.36 (KHTML, like Gecko) Chrome/112.0.0.0 Safari/537.36"
5.110.126.159 - - [05/Jun/2026:13:00:02 +0200] "POST /xmlrpc.php HTTP/1.1" 405 436 "-" "Jetpack by WordPress.com"
34.53.252.202 - - [05/Jun/2026:13:00:02 +0200] "GET / HTTP/1.1" 301 - "-" "python-requests/2.32.5"
137.97.175.92 - - [05/Jun/2026:13:00:04 +0200] "POST /xmlrpc.php HTTP/1.1" 405 436 "-" "Jetpack by WordPress.com"
69.49.112.71 - - [05/Jun/2026:13:00:07 +0200] "GET /wp-login.php HTTP/1.1" 200 7596 "-" "Mozilla/5.0 (X11; Linux i686) AppleWebKit/537.36 (KHTML, like Gecko) Chrome/133.0.0.0 Safari/537.36"
115.99.105.154 - - [05/Jun/2026:13:00:09 +0200] "POST /xmlrpc.php HTTP/1.1" 405 436 "-" "Mozilla/5.0 (Linux; Android 10; x64) AppleWebKit/537.36 (KHTML, like Gecko) Firefox/98.0.0.0 Safari/537.36"
5.110.126.159 - - [05/Jun/2026:13:00:13 +0200] "POST /xmlrpc.php HTTP/1.1" 405 436 "-" "WordPress.com; https://wordpress.com"
137.97.175.92 - - [05/Jun/2026:13:00:14 +0200] "POST /xmlrpc.php HTTP/1.1" 405 436 "-" "Jetpack by WordPress.com"
5.110.126.159 - - [05/Jun/2026:13:00:23 +0200] "POST /xmlrpc.php HTTP/1.1" 405 436 "-" "Jetpack by WordPress.com"
115.99.105.154 - - [05/Jun/2026:13:00:23 +0200] "POST /xmlrpc.php HTTP/1.1" 405 436 "-" "Mozilla/5.0 (X11; Ubuntu; Linux x86_64; x64) AppleWebKit/537.36 (KHTML, like Gecko) Firefox/77.0.0.0 Safari/537.36"
137.97.175.92 - - [05/Jun/2026:13:00:25 +0200] "POST /xmlrpc.php HTTP/1.1" 405 436 "-" "Jetpack by WordPress.com (Jetpack 12.5; WordPress 6.4)"
191.101.50.240 - - [05/Jun/2026:13:00:27 +0200] "GET /wp-login.php HTTP/1.1" 200 7265 "-" "Mozilla/5.0 (X11; Linux x86_64) AppleWebKit/537.36 (KHTML, like Gecko) Chrome/133.0.0.0 Safari/537.36 Edg/133.0.0.0"
5.110.126.159 - - [05/Jun/2026:13:00:34 +0200] "POST /xmlrpc.php HTTP/1.1" 405 436 "-" "WordPress.com; https://wordpress.com"
137.97.175.92 - - [05/Jun/2026:13:00:36 +0200] "POST /xmlrpc.php HTTP/1.1" 405 436 "-" "WordPress.com; https://wordpress.com"
115.99.105.154 - - [05/Jun/2026:13:00:36 +0200] "POST /xmlrpc.php HTTP/1.1" 405 436 "-" "Mozilla/5.0 (Windows NT 6.3; x64) AppleWebKit/537.36 (KHTML, like Gecko) Safari/13.0.0.0 Safari/537.36"
194.163.139.224 - - [05/Jun/2026:13:00:37 +0200] "GET /wp-login.php HTTP/1.1" 200 7446 "-" "Mozilla/5.0 (X11; Linux i686) AppleWebKit/537.36 (KHTML, like Gecko) Chrome/133.0.0.0 Safari/537.36"
173.236.215.92 - - [05/Jun/2026:13:00:40 +0200] "POST /xmlrpc.php HTTP/1.1" 200 258 "-" "Mozilla/5.0 (X11; Linux x86_64) AppleWebKit/537.36 (KHTML, like Gecko) Chrome/133.0.0.0 Safari/537.36 Edg/133.0.0.0"
5.110.126.159 - - [05/Jun/2026:13:00:44 +0200] "POST /xmlrpc.php HTTP/1.1" 405 436 "-" "Jetpack by WordPress.com (Jetpack 12.1; WordPress 6.2)"
137.97.175.92 - - [05/Jun/2026:13:00:46 +0200] "POST /xmlrpc.php HTTP/1.1" 405 436 "-" "WordPress.com; https://wordpress.com"
115.99.105.154 - - [05/Jun/2026:13:00:49 +0200] "POST /xmlrpc.php HTTP/1.1" 405 436 "-" "Mozilla/5.0 (Macintosh; Intel Mac OS X 10_15_7; arm64) AppleWebKit/537.36 (KHTML, like Gecko) Chrome/87.0.0.0 Safari/537.36"
82.223.24.195 - - [05/Jun/2026:13:00:52 +0200] "GET /wp-login.php HTTP/1.1" 200 7639 "-" "Mozilla/5.0 (Windows NT 10.0) AppleWebKit/537.36 (KHTML, like Gecko) Chrome/133.0.0.0 Safari/537.36"
165.232.137.226 - - [05/Jun/2026:13:00:53 +0200] "POST /xmlrpc.php HTTP/1.1" 200 258 "-" "Mozilla/5.0 (X11; Linux i686) AppleWebKit/537.36 (KHTML, like Gecko) Chrome/133.0.0.0 Safari/537.36"
5.110.126.159 - - [05/Jun/2026:13:00:55 +0200] "POST /xmlrpc.php HTTP/1.1" 405 436 "-" "Jetpack by WordPress.com"
137.97.175.92 - - [05/Jun/2026:13:00:57 +0200] "POST /xmlrpc.php HTTP/1.1" 405 436 "-" "Jetpack by WordPress.com"
115.99.105.154 - - [05/Jun/2026:13:01:04 +0200] "POST /xmlrpc.php HTTP/1.1" 405 436 "-" "Mozilla/5.0 (X11; Ubuntu; Linux x86_64; x64) AppleWebKit/537.36 (KHTML, like Gecko) Chrome/102.0.0.0 Safari/537.36"
5.110.126.159 - - [05/Jun/2026:13:01:05 +0200] "POST /xmlrpc.php HTTP/1.1" 405 436 "-" "Jetpack/12.5; WordPress/6.4; http://site22683604.com"
137.97.175.92 - - [05/Jun/2026:13:01:08 +0200] "POST /xmlrpc.php HTTP/1.1" 405 436 "-" "Jetpack by WordPress.com (Jetpack 12.1; WordPress 6.2)"
5.110.126.159 - - [05/Jun/2026:13:01:16 +0200] "POST /xmlrpc.php HTTP/1.1" 405 436 "-" "Jetpack by WordPress.com (Jetpack 12.5; WordPress 6.4)"
137.97.175.92 - - [05/Jun/2026:13:01:18 +0200] "POST /xmlrpc.php HTTP/1.1" 405 436 "-" "Jetpack by WordPress.com"
115.99.105.154 - - [05/Jun/2026:13:01:21 +0200] "POST /xmlrpc.php HTTP/1.1" 405 436 "-" "Mozilla/5.0 (Linux; Android 10; x64) AppleWebKit/537.36 (KHTML, like Gecko) Opera/65.0.0.0 Safari/537.36"
5.110.126.159 - - [05/Jun/2026:13:01:26 +0200] "POST /xmlrpc.php HTTP/1.1" 405 436 "-" "Jetpack by WordPress.com"
137.97.175.92 - - [05/Jun/2026:13:01:30 +0200] "POST /xmlrpc.php HTTP/1.1" 405 436 "-" "Jetpack by WordPress.com"
115.99.105.154 - - [05/Jun/2026:13:01:36 +0200] "POST /xmlrpc.php HTTP/1.1" 405 436 "-" "Mozilla/5.0 (Windows NT 6.2; arm64) AppleWebKit/537.36 (KHTML, like Gecko) Safari/12.0.0.0 Safari/537.36"
5.110.126.159 - - [05/Jun/2026:13:01:37 +0200] "POST /xmlrpc.php HTTP/1.1" 405 436 "-" "WordPress.com; https://wordpress.com"
137.97.175.92 - - [05/Jun/2026:13:01:40 +0200] "POST /xmlrpc.php HTTP/1.1" 405 436 "-" "Jetpack by WordPress.com (Jetpack 12.5; WordPress 6.4)"
5.110.126.159 - - [05/Jun/2026:13:01:48 +0200] "POST /xmlrpc.php HTTP/1.1" 405 436 "-" "WordPress.com; https://wordpress.com"
137.97.175.92 - - [05/Jun/2026:13:01:50 +0200] "POST /xmlrpc.php HTTP/1.1" 405 436 "-" "Jetpack/12.5; WordPress/6.3; http://site25033289.com"
115.99.105.154 - - [05/Jun/2026:13:01:51 +0200] "POST /xmlrpc.php HTTP/1.1" 405 436 "-" "Mozilla/5.0 (Windows NT 6.3; x86) AppleWebKit/537.36 (KHTML, like Gecko) Opera/67.0.0.0 Safari/537.36"
5.110.126.159 - - [05/Jun/2026:13:02:00 +0200] "POST /xmlrpc.php HTTP/1.1" 405 436 "-" "WordPress.com; https://wordpress.com"
137.97.175.92 - - [05/Jun/2026:13:02:01 +0200] "POST /xmlrpc.php HTTP/1.1" 405 436 "-" "Jetpack by WordPress.com"
115.99.105.154 - - [05/Jun/2026:13:02:02 +0200] "POST /xmlrpc.php HTTP/1.1" 405 436 "-" "Mozilla/5.0 (Linux; Android 10; x86) AppleWebKit/537.36 (KHTML, like Gecko) Firefox/98.0.0.0 Safari/537.36"
5.110.126.159 - - [05/Jun/2026:13:02:10 +0200] "POST /xmlrpc.php HTTP/1.1" 405 436 "-" "Jetpack/12.1; WordPress/6.2; http://site63029612.com"
162.240.12.204 - - [05/Jun/2026:13:02:12 +0200] "GET /wp-login.php HTTP/1.1" 200 7289 "-" "Mozilla/5.0 (Macintosh; Intel Mac OS X 14_7_4) AppleWebKit/537.36 (KHTML, like Gecko) Chrome/133.0.0.0 Safari/537.36"
137.97.175.92 - - [05/Jun/2026:13:02:12 +0200] "POST /xmlrpc.php HTTP/1.1" 405 436 "-" "Jetpack/12.0; WordPress/6.1; http://site72024816.com"
115.99.105.154 - - [05/Jun/2026:13:02:18 +0200] "POST /xmlrpc.php HTTP/1.1" 405 436 "-" "Mozilla/5.0 (Windows NT 10.0; x64) AppleWebKit/537.36 (KHTML, like Gecko) Edge/96.0.0.0 Safari/537.36"
5.110.126.159 - - [05/Jun/2026:13:02:20 +0200] "POST /xmlrpc.php HTTP/1.1" 405 436 "-" "Jetpack/12.5; WordPress/6.1; http://site29189815.com"
137.97.175.92 - - [05/Jun/2026:13:02:22 +0200] "POST /xmlrpc.php HTTP/1.1" 405 436 "-" "Jetpack/13.0; WordPress/6.2; http://site18961976.com"
160.250.186.220 - - [05/Jun/2026:13:02:29 +0200] "POST /xmlrpc.php HTTP/1.1" 200 258 "-" "Mozilla/5.0 (Macintosh; Intel Mac OS X 10_15_7) AppleWebKit/605.1.15 (KHTML, like Gecko) Version/18.3 Safari/605.1.15"
5.110.126.159 - - [05/Jun/2026:13:02:29 +0200] "POST /xmlrpc.php HTTP/1.1" 405 436 "-" "WordPress.com; https://wordpress.com"
115.99.105.154 - - [05/Jun/2026:13:02:32 +0200] "POST /xmlrpc.php HTTP/1.1" 405 436 "-" "Mozilla/5.0 (Windows NT 10.0; arm64) AppleWebKit/537.36 (KHTML, like Gecko) Edge/82.0.0.0 Safari/537.36"
137.97.175.92 - - [05/Jun/2026:13:02:33 +0200] "POST /xmlrpc.php HTTP/1.1" 405 436 "-" "WordPress.com; https://wordpress.com"
5.110.126.159 - - [05/Jun/2026:13:02:40 +0200] "POST /xmlrpc.php HTTP/1.1" 405 436 "-" "WordPress.com; https://wordpress.com"
163.43.18.248 - - [05/Jun/2026:13:02:42 +0200] "GET /wp-login.php HTTP/1.1" 200 7099 "-" "Mozilla/5.0 (Windows NT 10.0; Win64; x64) AppleWebKit/537.36 (KHTML, like Gecko) Chrome/120.0.0.0 Safari/537.36"
115.99.105.154 - - [05/Jun/2026:13:02:43 +0200] "POST /xmlrpc.php HTTP/1.1" 405 436 "-" "Mozilla/5.0 (Windows NT 6.2; x86) AppleWebKit/537.36 (KHTML, like Gecko) Edge/92.0.0.0 Safari/537.36"
137.97.175.92 - - [05/Jun/2026:13:02:44 +0200] "POST /xmlrpc.php HTTP/1.1" 405 436 "-" "Jetpack/12.5; WordPress/6.4; http://site45974328.com"
5.110.126.159 - - [05/Jun/2026:13:02:50 +0200] "POST /xmlrpc.php HTTP/1.1" 405 436 "-" "Jetpack by WordPress.com"
137.97.175.92 - - [05/Jun/2026:13:02:54 +0200] "POST /xmlrpc.php HTTP/1.1" 405 436 "-" "Jetpack/12.0; WordPress/6.1; http://site88446774.com"
115.99.105.154 - - [05/Jun/2026:13:02:56 +0200] "POST /xmlrpc.php HTTP/1.1" 405 436 "-" "Mozilla/5.0 (Linux; Android 10; arm64) AppleWebKit/537.36 (KHTML, like Gecko) Edge/80.0.0.0 Safari/537.36"
5.110.126.159 - - [05/Jun/2026:13:03:01 +0200] "POST /xmlrpc.php HTTP/1.1" 405 436 "-" "Jetpack/12.5; WordPress/6.1; http://site76927884.com"
137.97.175.92 - - [05/Jun/2026:13:03:05 +0200] "POST /xmlrpc.php HTTP/1.1" 405 436 "-" "Jetpack by WordPress.com"
115.99.105.154 - - [05/Jun/2026:13:03:11 +0200] "POST /xmlrpc.php HTTP/1.1" 405 436 "-" "Mozilla/5.0 (Windows NT 6.2; arm64) AppleWebKit/537.36 (KHTML, like Gecko) Edge/86.0.0.0 Safari/537.36"
5.110.126.159 - - [05/Jun/2026:13:03:11 +0200] "POST /xmlrpc.php HTTP/1.1" 405 436 "-" "Jetpack by WordPress.com"
137.97.175.92 - - [05/Jun/2026:13:03:15 +0200] "POST /xmlrpc.php HTTP/1.1" 405 436 "-" "WordPress.com; https://wordpress.com"
5.110.126.159 - - [05/Jun/2026:13:03:22 +0200] "POST /xmlrpc.php HTTP/1.1" 405 436 "-" "Jetpack by WordPress.com"
115.99.105.154 - - [05/Jun/2026:13:03:24 +0200] "POST /xmlrpc.php HTTP/1.1" 405 436 "-" "Mozilla/5.0 (Windows NT 6.2; arm64) AppleWebKit/537.36 (KHTML, like Gecko) Edge/81.0.0.0 Safari/537.36"
137.97.175.92 - - [05/Jun/2026:13:03:26 +0200] "POST /xmlrpc.php HTTP/1.1" 405 436 "-" "Jetpack/12.0; WordPress/6.4; http://site79841563.com"
51.38.192.10 - - [05/Jun/2026:13:03:30 +0200] "GET /wp-login.php HTTP/1.1" 200 7403 "-" "Mozilla/5.0 (Macintosh; Intel Mac OS X 10_15_7) AppleWebKit/537.36 (KHTML, like Gecko) Chrome/133.0.0.0 Safari/537.36 Edg/133.0.0.0"
50.6.169.131 - - [05/Jun/2026:13:03:32 +0200] "GET /wp-login.php HTTP/1.1" 200 7439 "-" "Mozilla/5.0 (X11; Linux x86_64) AppleWebKit/537.36 (KHTML, like Gecko) Chrome/133.0.0.0 Safari/537.36"
5.110.126.159 - - [05/Jun/2026:13:03:32 +0200] "POST /xmlrpc.php HTTP/1.1" 405 436 "-" "Jetpack/12.1; WordPress/6.1; http://site80345020.com"
115.99.105.154 - - [05/Jun/2026:13:03:36 +0200] "POST /xmlrpc.php HTTP/1.1" 405 436 "-" "Mozilla/5.0 (Linux; Android 10; x86) AppleWebKit/537.36 (KHTML, like Gecko) Safari/10.0.0.0 Safari/537.36"
137.97.175.92 - - [05/Jun/2026:13:03:37 +0200] "POST /xmlrpc.php HTTP/1.1" 405 436 "-" "Jetpack/12.1; WordPress/6.2; http://site58235824.com"
161.153.86.245 - - [05/Jun/2026:13:03:41 +0200] "POST /xmlrpc.php HTTP/1.1" 200 258 "-" "Mozilla/5.0 (X11; Linux x86_64; rv:133.0) Gecko/20100101 Firefox/133.0"
5.110.126.159 - - [05/Jun/2026:13:03:43 +0200] "POST /xmlrpc.php HTTP/1.1" 405 436 "-" "WordPress.com; https://wordpress.com"
137.97.175.92 - - [05/Jun/2026:13:03:48 +0200] "POST /xmlrpc.php HTTP/1.1" 405 436 "-" "Jetpack by WordPress.com"
115.99.105.154 - - [05/Jun/2026:13:03:48 +0200] "POST /xmlrpc.php HTTP/1.1" 405 436 "-" "Mozilla/5.0 (Windows NT 6.2; x86) AppleWebKit/537.36 (KHTML, like Gecko) Edge/96.0.0.0 Safari/537.36"
46.224.234.158 - - [05/Jun/2026:13:03:51 +0200] "POST /xmlrpc.php HTTP/1.1" 200 258 "-" "Mozilla/5.0 (X11; Fedora; Linux x86_64) AppleWebKit/537.36 (KHTML, like Gecko) Chrome/133.0.0.0 Safari/537.36"
5.110.126.159 - - [05/Jun/2026:13:03:53 +0200] "POST /xmlrpc.php HTTP/1.1" 405 436 "-" "Jetpack/13.0; WordPress/6.4; http://site37200162.com"
137.97.175.92 - - [05/Jun/2026:13:03:58 +0200] "POST /xmlrpc.php HTTP/1.1" 405 436 "-" "Jetpack/12.1; WordPress/6.2; http://site94196939.com"
5.110.126.159 - - [05/Jun/2026:13:04:04 +0200] "POST /xmlrpc.php HTTP/1.1" 405 436 "-" "Jetpack/13.0; WordPress/6.3; http://site56530944.com"
115.99.105.154 - - [05/Jun/2026:13:04:05 +0200] "POST /xmlrpc.php HTTP/1.1" 405 436 "-" "Mozilla/5.0 (Windows NT 6.3; x64) AppleWebKit/537.36 (KHTML, like Gecko) Edge/89.0.0.0 Safari/537.36"
137.97.175.92 - - [05/Jun/2026:13:04:09 +0200] "POST /xmlrpc.php HTTP/1.1" 405 436 "-" "Jetpack by WordPress.com"
5.110.126.159 - - [05/Jun/2026:13:04:14 +0200] "POST /xmlrpc.php HTTP/1.1" 405 436 "-" "Jetpack by WordPress.com (Jetpack 12.0; WordPress 6.4)"
137.97.175.92 - - [05/Jun/2026:13:04:19 +0200] "POST /xmlrpc.php HTTP/1.1" 405 436 "-" "WordPress.com; https://wordpress.com"
115.99.105.154 - - [05/Jun/2026:13:04:19 +0200] "POST /xmlrpc.php HTTP/1.1" 405 436 "-" "Mozilla/5.0 (Windows NT 6.3; arm64) AppleWebKit/537.36 (KHTML, like Gecko) Safari/13.0.0.0 Safari/537.36"
5.110.126.159 - - [05/Jun/2026:13:04:25 +0200] "POST /xmlrpc.php HTTP/1.1" 405 436 "-" "Jetpack/12.0; WordPress/6.1; http://site92790973.com"
137.97.175.92 - - [05/Jun/2026:13:04:30 +0200] "POST /xmlrpc.php HTTP/1.1" 405 436 "-" "WordPress.com; https://wordpress.com"
115.99.105.154 - - [05/Jun/2026:13:04:34 +0200] "POST /xmlrpc.php HTTP/1.1" 405 436 "-" "Mozilla/5.0 (Windows NT 6.2; x86) AppleWebKit/537.36 (KHTML, like Gecko) Edge/100.0.0.0 Safari/537.36"
5.110.126.159 - - [05/Jun/2026:13:04:35 +0200] "POST /xmlrpc.php HTTP/1.1" 405 436 "-" "Jetpack by WordPress.com (Jetpack 13.0; WordPress 6.1)"
68.178.160.25 - - [05/Jun/2026:13:04:36 +0200] "GET /wp-login.php HTTP/1.1" 200 7357 "-" "Mozilla/5.0 (Macintosh; Intel Mac OS X 10_15_7) AppleWebKit/537.36 (KHTML, like Gecko) Chrome/133.0.0.0 Safari/537.36 Edg/133.0.0.0"
