File: /home/royaltuning/access-logs/backoffice.royaltuning.hu-ssl_log
185.208.225.194 - - [05/Jun/2026:06:00:01 +0200] "GET /fetch-orders HTTP/1.1" 500 709983 "-" "curl/7.61.1"
194.26.192.149 - - [05/Jun/2026:06:24:49 +0200] "GET /wp-content/themes/seotheme/db.php?u HTTP/1.1" 200 573223 "www.google.com" "Mozlila/5.0 (Linux; Android 7.0; SM-G892A Bulid/NRD90M; wv) AppleWebKit/537.36 (KHTML, like Gecko) Version/4.0 Chrome/60.0.3112.107 Moblie Safari/537.36"
194.26.192.149 - - [05/Jun/2026:06:24:49 +0200] "POST /wp-plain.php HTTP/1.1" 200 573223 "www.google.com" "Mozilla/5.0 (Linux; Android 7.0; SM-G892A Bulid/NRD90M; wv) AppleWebKit/537.36 (KHTML, like Gecko) Version/4.0 Chrome/60.0.3112.107 Moblie Safari/537.36"
194.26.192.149 - - [05/Jun/2026:06:24:49 +0200] "GET /jatakhet.php?Fox=d3wL7 HTTP/1.1" 200 573223 "www.google.com" "Mozilla/5.0 (Linux; Android 7.0; SM-G892A Bulid/NRD90M; wv) AppleWebKit/537.36 (KHTML, like Gecko) Version/4.0 Chrome/60.0.3112.107 Moblie Safari/537.36"
176.65.139.237 - - [05/Jun/2026:06:25:45 +0200] "GET / HTTP/1.1" 200 7880 "-" "Mozilla/5.0 (Windows NT 10.0; Win64; x64) AppleWebKit/537.36 (KHTML, like Gecko) Chrome/147.0.0.0 Safari/537.36"
185.208.225.194 - - [05/Jun/2026:07:00:02 +0200] "GET /fetch-orders HTTP/1.1" 500 709810 "-" "curl/7.61.1"
185.208.225.194 - - [05/Jun/2026:08:00:01 +0200] "GET /fetch-orders HTTP/1.1" 500 709726 "-" "curl/7.61.1"
84.225.74.209 - - [05/Jun/2026:08:28:26 +0200] "GET /admin/fetch-filter HTTP/1.1" 200 3473 "https://backoffice.royaltuning.hu/admin/duplicate" "Mozilla/5.0 (Windows NT 10.0; Win64; x64) AppleWebKit/537.36 (KHTML, like Gecko) Chrome/148.0.0.0 Safari/537.36"
84.225.74.209 - - [05/Jun/2026:08:28:27 +0200] "POST /admin/fetch HTTP/1.1" 200 1502741 "https://backoffice.royaltuning.hu/admin/fetch-filter" "Mozilla/5.0 (Windows NT 10.0; Win64; x64) AppleWebKit/537.36 (KHTML, like Gecko) Chrome/148.0.0.0 Safari/537.36"
84.225.74.209 - - [05/Jun/2026:08:29:54 +0200] "GET /admin/validate HTTP/1.1" 200 7092 "https://backoffice.royaltuning.hu/admin/fetch-filter" "Mozilla/5.0 (Windows NT 10.0; Win64; x64) AppleWebKit/537.36 (KHTML, like Gecko) Chrome/148.0.0.0 Safari/537.36"
84.225.74.209 - - [05/Jun/2026:08:29:53 +0200] "GET /admin/duplicate HTTP/1.1" 200 8560 "https://backoffice.royaltuning.hu/admin/fetch-filter" "Mozilla/5.0 (Windows NT 10.0; Win64; x64) AppleWebKit/537.36 (KHTML, like Gecko) Chrome/148.0.0.0 Safari/537.36"
84.225.74.209 - - [05/Jun/2026:08:29:56 +0200] "GET /admin/blacklist HTTP/1.1" 200 6264 "https://backoffice.royaltuning.hu/admin/fetch-filter" "Mozilla/5.0 (Windows NT 10.0; Win64; x64) AppleWebKit/537.36 (KHTML, like Gecko) Chrome/148.0.0.0 Safari/537.36"
84.225.74.209 - - [05/Jun/2026:08:29:56 +0200] "GET /admin/codlist HTTP/1.1" 200 6406 "https://backoffice.royaltuning.hu/admin/fetch-filter" "Mozilla/5.0 (Windows NT 10.0; Win64; x64) AppleWebKit/537.36 (KHTML, like Gecko) Chrome/148.0.0.0 Safari/537.36"
84.225.74.209 - - [05/Jun/2026:08:31:10 +0200] "POST /livewire/message/backend.validation-orders-table HTTP/1.1" 200 7264 "https://backoffice.royaltuning.hu/admin/validate" "Mozilla/5.0 (Windows NT 10.0; Win64; x64) AppleWebKit/537.36 (KHTML, like Gecko) Chrome/148.0.0.0 Safari/537.36"
84.225.74.209 - - [05/Jun/2026:08:31:31 +0200] "POST /livewire/message/backend.validation-orders-table HTTP/1.1" 200 7508 "https://backoffice.royaltuning.hu/admin/validate" "Mozilla/5.0 (Windows NT 10.0; Win64; x64) AppleWebKit/537.36 (KHTML, like Gecko) Chrome/148.0.0.0 Safari/537.36"
84.225.74.209 - - [05/Jun/2026:08:31:37 +0200] "POST /livewire/message/backend.validation-orders-table HTTP/1.1" 200 7497 "https://backoffice.royaltuning.hu/admin/validate?page=2" "Mozilla/5.0 (Windows NT 10.0; Win64; x64) AppleWebKit/537.36 (KHTML, like Gecko) Chrome/148.0.0.0 Safari/537.36"
84.225.74.209 - - [05/Jun/2026:08:33:19 +0200] "GET /admin/codlist HTTP/1.1" 200 8934 "https://backoffice.royaltuning.hu/admin/fetch-filter" "Mozilla/5.0 (Windows NT 10.0; Win64; x64) AppleWebKit/537.36 (KHTML, like Gecko) Chrome/148.0.0.0 Safari/537.36"
84.225.74.209 - - [05/Jun/2026:08:33:13 +0200] "GET /admin/duplicate HTTP/1.1" 200 20867 "https://backoffice.royaltuning.hu/admin/fetch-filter" "Mozilla/5.0 (Windows NT 10.0; Win64; x64) AppleWebKit/537.36 (KHTML, like Gecko) Chrome/148.0.0.0 Safari/537.36"
84.225.74.209 - - [05/Jun/2026:08:34:00 +0200] "POST /livewire/message/backend.cod-orders-table HTTP/1.1" 200 5630 "https://backoffice.royaltuning.hu/admin/codlist" "Mozilla/5.0 (Windows NT 10.0; Win64; x64) AppleWebKit/537.36 (KHTML, like Gecko) Chrome/148.0.0.0 Safari/537.36"
185.208.225.194 - - [05/Jun/2026:09:00:01 +0200] "GET /fetch-orders HTTP/1.1" 500 709858 "-" "curl/7.61.1"
185.208.225.194 - - [05/Jun/2026:10:00:01 +0200] "GET /fetch-orders HTTP/1.1" 500 709595 "-" "curl/7.61.1"
84.225.74.209 - - [05/Jun/2026:10:09:26 +0200] "GET /admin/validate HTTP/1.1" 200 10860 "https://backoffice.royaltuning.hu/admin/codlist?page=2" "Mozilla/5.0 (Windows NT 10.0; Win64; x64) AppleWebKit/537.36 (KHTML, like Gecko) Chrome/148.0.0.0 Safari/537.36"
84.225.74.209 - - [05/Jun/2026:10:09:28 +0200] "GET /admin/blacklist HTTP/1.1" 200 7290 "https://backoffice.royaltuning.hu/admin/codlist?page=2" "Mozilla/5.0 (Windows NT 10.0; Win64; x64) AppleWebKit/537.36 (KHTML, like Gecko) Chrome/148.0.0.0 Safari/537.36"
84.225.74.209 - - [05/Jun/2026:10:09:28 +0200] "GET /admin/codlist HTTP/1.1" 200 8926 "https://backoffice.royaltuning.hu/admin/codlist?page=2" "Mozilla/5.0 (Windows NT 10.0; Win64; x64) AppleWebKit/537.36 (KHTML, like Gecko) Chrome/148.0.0.0 Safari/537.36"
84.225.74.209 - - [05/Jun/2026:10:09:25 +0200] "GET /admin/duplicate HTTP/1.1" 200 19841 "https://backoffice.royaltuning.hu/admin/codlist?page=2" "Mozilla/5.0 (Windows NT 10.0; Win64; x64) AppleWebKit/537.36 (KHTML, like Gecko) Chrome/148.0.0.0 Safari/537.36"
147.92.179.116 - - [05/Jun/2026:10:36:19 +0200] "GET / HTTP/1.1" 200 66203 "-" "facebookexternalhit/1.1;line-poker/1.0"
185.208.225.194 - - [05/Jun/2026:11:00:01 +0200] "GET /fetch-orders HTTP/1.1" 500 709418 "-" "curl/7.61.1"
37.76.11.77 - - [05/Jun/2026:11:44:50 +0200] "GET /admin/codlist HTTP/1.1" 200 66203 "https://backoffice.royaltuning.hu/admin/blacklist" "Mozilla/5.0 (Linux; Android 10; K) AppleWebKit/537.36 (KHTML, like Gecko) Chrome/148.0.0.0 Mobile Safari/537.36"
37.76.11.77 - - [05/Jun/2026:11:44:50 +0200] "GET /admin/codlist HTTP/1.1" 200 66203 "https://backoffice.royaltuning.hu/admin/codlist" "Mozilla/5.0 (Linux; Android 10; K) AppleWebKit/537.36 (KHTML, like Gecko) Chrome/148.0.0.0 Mobile Safari/537.36"
37.76.11.77 - - [05/Jun/2026:11:44:50 +0200] "GET /content/dam/vijaysaleswebsite/images/mobile/reviews%20bg%20-%20mobile.png HTTP/1.1" 200 66203 "https://backoffice.royaltuning.hu/admin/codlist" "Mozilla/5.0 (Linux; Android 10; K) AppleWebKit/537.36 (KHTML, like Gecko) Chrome/148.0.0.0 Mobile Safari/537.36"
37.76.11.77 - - [05/Jun/2026:11:44:51 +0200] "GET /content/dam/vijaysaleswebsite/images/desktop/reviews%20bg%20-%20desktop.png HTTP/1.1" 200 66203 "https://backoffice.royaltuning.hu/admin/codlist" "Mozilla/5.0 (Linux; Android 10; K) AppleWebKit/537.36 (KHTML, like Gecko) Chrome/148.0.0.0 Mobile Safari/537.36"
37.76.11.77 - - [05/Jun/2026:11:44:51 +0200] "GET /cdn-cgi/scripts/7d0fa10a/cloudflare-static/rocket-loader.min.js HTTP/1.1" 200 66203 "https://backoffice.royaltuning.hu/admin/codlist" "Mozilla/5.0 (Linux; Android 10; K) AppleWebKit/537.36 (KHTML, like Gecko) Chrome/148.0.0.0 Mobile Safari/537.36"
37.76.11.77 - - [05/Jun/2026:11:44:53 +0200] "POST /cdn-cgi/rum? HTTP/1.1" 200 66203 "https://backoffice.royaltuning.hu/admin/codlist" "Mozilla/5.0 (Linux; Android 10; K) AppleWebKit/537.36 (KHTML, like Gecko) Chrome/148.0.0.0 Mobile Safari/537.36"
37.76.11.77 - - [05/Jun/2026:11:44:55 +0200] "GET /admin/codlist HTTP/1.1" 200 6479 "https://backoffice.royaltuning.hu/admin/blacklist" "Mozilla/5.0 (X11; Linux x86_64) AppleWebKit/537.36 (KHTML, like Gecko) Chrome/148.0.0.0 Safari/537.36"
37.76.11.77 - - [05/Jun/2026:11:44:58 +0200] "POST /cdn-cgi/rum? HTTP/1.1" 200 66203 "https://backoffice.royaltuning.hu/admin/codlist" "Mozilla/5.0 (Linux; Android 10; K) AppleWebKit/537.36 (KHTML, like Gecko) Chrome/148.0.0.0 Mobile Safari/537.36"
37.76.11.77 - - [05/Jun/2026:11:45:03 +0200] "GET /admin/log-viewer/logs HTTP/1.1" 200 4502 "https://backoffice.royaltuning.hu/admin/codlist" "Mozilla/5.0 (X11; Linux x86_64) AppleWebKit/537.36 (KHTML, like Gecko) Chrome/148.0.0.0 Safari/537.36"
37.76.11.77 - - [05/Jun/2026:11:45:04 +0200] "GET /admin/log-viewer HTTP/1.1" 200 2857 "https://backoffice.royaltuning.hu/admin/log-viewer/logs" "Mozilla/5.0 (X11; Linux x86_64) AppleWebKit/537.36 (KHTML, like Gecko) Chrome/148.0.0.0 Safari/537.36"
66.249.81.9 - - [05/Jun/2026:11:45:06 +0200] "GET /admin/log-viewer HTTP/1.1" 200 66203 "-" "Mozilla/5.0 (Linux; Android 10; K) AppleWebKit/537.36 (KHTML, like Gecko) Chrome/138.0.0.0 Mobile Safari/537.36 (compatible; Google-Read-Aloud; +https://support.google.com/webmasters/answer/1061943)"
66.249.81.9 - - [05/Jun/2026:11:45:08 +0200] "GET /admin/log-viewer/logs HTTP/1.1" 200 66203 "-" "Mozilla/5.0 (Linux; Android 10; K) AppleWebKit/537.36 (KHTML, like Gecko) Chrome/138.0.0.0 Mobile Safari/537.36 (compatible; Google-Read-Aloud; +https://support.google.com/webmasters/answer/1061943)"
37.76.11.77 - - [05/Jun/2026:11:45:08 +0200] "GET /admin/codlist HTTP/1.1" 200 6473 "https://backoffice.royaltuning.hu/admin/blacklist" "Mozilla/5.0 (X11; Linux x86_64) AppleWebKit/537.36 (KHTML, like Gecko) Chrome/148.0.0.0 Safari/537.36"
37.76.11.77 - - [05/Jun/2026:11:45:11 +0200] "GET /admin/fetch-filter HTTP/1.1" 200 3472 "https://backoffice.royaltuning.hu/admin/codlist" "Mozilla/5.0 (X11; Linux x86_64) AppleWebKit/537.36 (KHTML, like Gecko) Chrome/148.0.0.0 Safari/537.36"
66.249.81.9 - - [05/Jun/2026:11:45:13 +0200] "GET /admin/fetch-filter HTTP/1.1" 200 66203 "-" "Mozilla/5.0 (Linux; Android 10; K) AppleWebKit/537.36 (KHTML, like Gecko) Chrome/138.0.0.0 Mobile Safari/537.36 (compatible; Google-Read-Aloud; +https://support.google.com/webmasters/answer/1061943)"
37.76.11.77 - - [05/Jun/2026:11:45:13 +0200] "POST /admin/fetch HTTP/1.1" 200 1536284 "https://backoffice.royaltuning.hu/admin/fetch-filter" "Mozilla/5.0 (X11; Linux x86_64) AppleWebKit/537.36 (KHTML, like Gecko) Chrome/148.0.0.0 Safari/537.36"
37.76.11.77 - - [05/Jun/2026:11:46:58 +0200] "GET /admin/duplicate HTTP/1.1" 200 8511 "https://backoffice.royaltuning.hu/admin/fetch-filter" "Mozilla/5.0 (X11; Linux x86_64) AppleWebKit/537.36 (KHTML, like Gecko) Chrome/148.0.0.0 Safari/537.36"
66.249.81.7 - - [05/Jun/2026:11:47:01 +0200] "GET /admin/duplicate HTTP/1.1" 200 66203 "-" "Mozilla/5.0 (Linux; Android 10; K) AppleWebKit/537.36 (KHTML, like Gecko) Chrome/138.0.0.0 Mobile Safari/537.36 (compatible; Google-Read-Aloud; +https://support.google.com/webmasters/answer/1061943)"
37.76.11.77 - - [05/Jun/2026:11:47:15 +0200] "GET /admin/validate HTTP/1.1" 200 7088 "https://backoffice.royaltuning.hu/admin/duplicate" "Mozilla/5.0 (X11; Linux x86_64) AppleWebKit/537.36 (KHTML, like Gecko) Chrome/148.0.0.0 Safari/537.36"
66.249.81.7 - - [05/Jun/2026:11:47:18 +0200] "GET /admin/validate HTTP/1.1" 200 66203 "-" "Mozilla/5.0 (Linux; Android 10; K) AppleWebKit/537.36 (KHTML, like Gecko) Chrome/138.0.0.0 Mobile Safari/537.36 (compatible; Google-Read-Aloud; +https://support.google.com/webmasters/answer/1061943)"
37.76.11.77 - - [05/Jun/2026:11:47:21 +0200] "POST /livewire/message/backend.validation-orders-table HTTP/1.1" 200 7356 "https://backoffice.royaltuning.hu/admin/validate" "Mozilla/5.0 (X11; Linux x86_64) AppleWebKit/537.36 (KHTML, like Gecko) Chrome/148.0.0.0 Safari/537.36"
37.76.11.77 - - [05/Jun/2026:11:47:31 +0200] "GET /admin/blacklist HTTP/1.1" 200 7283 "https://backoffice.royaltuning.hu/admin/validate" "Mozilla/5.0 (X11; Linux x86_64) AppleWebKit/537.36 (KHTML, like Gecko) Chrome/148.0.0.0 Safari/537.36"
66.249.81.7 - - [05/Jun/2026:11:47:33 +0200] "GET /admin/blacklist HTTP/1.1" 200 66203 "-" "Mozilla/5.0 (Linux; Android 10; K) AppleWebKit/537.36 (KHTML, like Gecko) Chrome/138.0.0.0 Mobile Safari/537.36 (compatible; Google-Read-Aloud; +https://support.google.com/webmasters/answer/1061943)"
37.76.11.77 - - [05/Jun/2026:11:47:38 +0200] "GET /admin/codlist HTTP/1.1" 200 8956 "https://backoffice.royaltuning.hu/admin/blacklist" "Mozilla/5.0 (X11; Linux x86_64) AppleWebKit/537.36 (KHTML, like Gecko) Chrome/148.0.0.0 Safari/537.36"
185.208.225.194 - - [05/Jun/2026:12:00:01 +0200] "GET /fetch-orders HTTP/1.1" 500 709993 "-" "curl/7.61.1"
37.76.11.77 - - [05/Jun/2026:12:33:29 +0200] "GET /admin/codlist HTTP/1.1" 200 66203 "https://backoffice.royaltuning.hu/admin/blacklist" "Mozilla/5.0 (Linux; Android 10; K) AppleWebKit/537.36 (KHTML, like Gecko) Chrome/148.0.0.0 Mobile Safari/537.36"
37.76.11.77 - - [05/Jun/2026:12:33:30 +0200] "GET /admin/codlist HTTP/1.1" 200 66203 "https://backoffice.royaltuning.hu/admin/codlist" "Mozilla/5.0 (Linux; Android 10; K) AppleWebKit/537.36 (KHTML, like Gecko) Chrome/148.0.0.0 Mobile Safari/537.36"
37.76.11.77 - - [05/Jun/2026:12:33:30 +0200] "GET /cdn-cgi/scripts/7d0fa10a/cloudflare-static/rocket-loader.min.js HTTP/1.1" 200 66203 "https://backoffice.royaltuning.hu/admin/codlist" "Mozilla/5.0 (Linux; Android 10; K) AppleWebKit/537.36 (KHTML, like Gecko) Chrome/148.0.0.0 Mobile Safari/537.36"
37.76.11.77 - - [05/Jun/2026:12:33:30 +0200] "GET /content/dam/vijaysaleswebsite/images/mobile/reviews%20bg%20-%20mobile.png HTTP/1.1" 200 66203 "https://backoffice.royaltuning.hu/admin/codlist" "Mozilla/5.0 (Linux; Android 10; K) AppleWebKit/537.36 (KHTML, like Gecko) Chrome/148.0.0.0 Mobile Safari/537.36"
37.76.11.77 - - [05/Jun/2026:12:33:30 +0200] "GET /content/dam/vijaysaleswebsite/images/desktop/reviews%20bg%20-%20desktop.png HTTP/1.1" 200 66203 "https://backoffice.royaltuning.hu/admin/codlist" "Mozilla/5.0 (Linux; Android 10; K) AppleWebKit/537.36 (KHTML, like Gecko) Chrome/148.0.0.0 Mobile Safari/537.36"
37.76.11.77 - - [05/Jun/2026:12:33:32 +0200] "POST /cdn-cgi/rum? HTTP/1.1" 200 66203 "https://backoffice.royaltuning.hu/admin/codlist" "Mozilla/5.0 (Linux; Android 10; K) AppleWebKit/537.36 (KHTML, like Gecko) Chrome/148.0.0.0 Mobile Safari/537.36"
37.76.11.77 - - [05/Jun/2026:12:33:35 +0200] "GET /admin/codlist HTTP/1.1" 200 9006 "https://backoffice.royaltuning.hu/admin/blacklist" "Mozilla/5.0 (X11; Linux x86_64) AppleWebKit/537.36 (KHTML, like Gecko) Chrome/148.0.0.0 Safari/537.36"
37.76.11.77 - - [05/Jun/2026:12:33:36 +0200] "POST /cdn-cgi/rum? HTTP/1.1" 200 66203 "https://backoffice.royaltuning.hu/admin/codlist" "Mozilla/5.0 (Linux; Android 10; K) AppleWebKit/537.36 (KHTML, like Gecko) Chrome/148.0.0.0 Mobile Safari/537.36"
37.76.11.77 - - [05/Jun/2026:12:33:42 +0200] "GET /admin/blacklisted_lists HTTP/1.1" 200 10168 "https://backoffice.royaltuning.hu/admin/codlist" "Mozilla/5.0 (X11; Linux x86_64) AppleWebKit/537.36 (KHTML, like Gecko) Chrome/148.0.0.0 Safari/537.36"
37.76.11.77 - - [05/Jun/2026:12:33:46 +0200] "GET /admin/fetch-filter HTTP/1.1" 200 3472 "https://backoffice.royaltuning.hu/admin/blacklisted_lists" "Mozilla/5.0 (X11; Linux x86_64) AppleWebKit/537.36 (KHTML, like Gecko) Chrome/148.0.0.0 Safari/537.36"
37.76.11.77 - - [05/Jun/2026:12:33:50 +0200] "POST /admin/fetch HTTP/1.1" 200 1544973 "https://backoffice.royaltuning.hu/admin/fetch-filter" "Mozilla/5.0 (X11; Linux x86_64) AppleWebKit/537.36 (KHTML, like Gecko) Chrome/148.0.0.0 Safari/537.36"
185.208.225.194 - - [05/Jun/2026:13:00:01 +0200] "GET /fetch-orders HTTP/1.1" 500 709945 "-" "curl/7.61.1"
84.225.74.209 - - [05/Jun/2026:13:02:15 +0200] "GET /admin/duplicate HTTP/1.1" 200 8794 "https://backoffice.royaltuning.hu/admin/codlist?page=2" "Mozilla/5.0 (Windows NT 10.0; Win64; x64) AppleWebKit/537.36 (KHTML, like Gecko) Chrome/148.0.0.0 Safari/537.36"
84.225.74.209 - - [05/Jun/2026:13:02:22 +0200] "GET /admin/validate HTTP/1.1" 200 7125 "https://backoffice.royaltuning.hu/admin/duplicate" "Mozilla/5.0 (Windows NT 10.0; Win64; x64) AppleWebKit/537.36 (KHTML, like Gecko) Chrome/148.0.0.0 Safari/537.36"
84.225.74.209 - - [05/Jun/2026:13:02:21 +0200] "GET /admin/duplicate HTTP/1.1" 200 8798 "https://backoffice.royaltuning.hu/admin/duplicate" "Mozilla/5.0 (Windows NT 10.0; Win64; x64) AppleWebKit/537.36 (KHTML, like Gecko) Chrome/148.0.0.0 Safari/537.36"
84.225.74.209 - - [05/Jun/2026:13:02:23 +0200] "GET /admin/blacklist HTTP/1.1" 200 6267 "https://backoffice.royaltuning.hu/admin/duplicate" "Mozilla/5.0 (Windows NT 10.0; Win64; x64) AppleWebKit/537.36 (KHTML, like Gecko) Chrome/148.0.0.0 Safari/537.36"
84.225.74.209 - - [05/Jun/2026:13:02:24 +0200] "GET /admin/codlist HTTP/1.1" 200 6517 "https://backoffice.royaltuning.hu/admin/duplicate" "Mozilla/5.0 (Windows NT 10.0; Win64; x64) AppleWebKit/537.36 (KHTML, like Gecko) Chrome/148.0.0.0 Safari/537.36"
84.225.74.209 - - [05/Jun/2026:13:02:29 +0200] "POST /livewire/message/backend.validation-orders-table HTTP/1.1" 200 5137 "https://backoffice.royaltuning.hu/admin/validate" "Mozilla/5.0 (Windows NT 10.0; Win64; x64) AppleWebKit/537.36 (KHTML, like Gecko) Chrome/148.0.0.0 Safari/537.36"
84.225.74.209 - - [05/Jun/2026:13:03:11 +0200] "GET /admin/codlist HTTP/1.1" 200 7512 "https://backoffice.royaltuning.hu/admin/duplicate" "Mozilla/5.0 (Windows NT 10.0; Win64; x64) AppleWebKit/537.36 (KHTML, like Gecko) Chrome/148.0.0.0 Safari/537.36"
185.208.225.194 - - [05/Jun/2026:14:00:01 +0200] "GET /fetch-orders HTTP/1.1" 500 710008 "-" "curl/7.61.1"
185.208.225.194 - - [05/Jun/2026:15:00:01 +0200] "GET /fetch-orders HTTP/1.1" 500 709836 "-" "curl/7.61.1"
185.208.225.194 - - [05/Jun/2026:16:00:01 +0200] "GET /fetch-orders HTTP/1.1" 500 709751 "-" "curl/7.61.1"
185.208.225.194 - - [05/Jun/2026:17:00:01 +0200] "GET /fetch-orders HTTP/1.1" 500 709997 "-" "curl/7.61.1"
185.208.225.194 - - [05/Jun/2026:18:00:01 +0200] "GET /fetch-orders HTTP/1.1" 500 709900 "-" "curl/7.61.1"
185.208.225.194 - - [05/Jun/2026:19:00:01 +0200] "GET /fetch-orders HTTP/1.1" 500 709818 "-" "curl/7.61.1"
185.208.225.194 - - [05/Jun/2026:20:00:01 +0200] "GET /fetch-orders HTTP/1.1" 500 709960 "-" "curl/7.61.1"
185.208.225.194 - - [05/Jun/2026:21:00:01 +0200] "GET /fetch-orders HTTP/1.1" 500 709946 "-" "curl/7.61.1"
185.208.225.194 - - [05/Jun/2026:22:00:01 +0200] "GET /fetch-orders HTTP/1.1" 500 709823 "-" "curl/7.61.1"
185.208.225.194 - - [05/Jun/2026:23:00:01 +0200] "GET /fetch-orders HTTP/1.1" 500 710000 "-" "curl/7.61.1"